{"id":89949,"date":"2022-07-15T13:38:52","date_gmt":"2022-07-15T18:38:52","guid":{"rendered":"https:\/\/defabrica.com.mx\/defabrica\/?post_type=product&#038;p=89949"},"modified":"2023-01-18T14:40:53","modified_gmt":"2023-01-18T20:40:53","slug":"logitech-mx-master-3s-raton-laser-inalambrico-con-desplazamiento-ultrarrapido-negro","status":"publish","type":"product","link":"https:\/\/defabrica.com.mx\/defabrica\/producto\/logitech-mx-master-3s-raton-laser-inalambrico-con-desplazamiento-ultrarrapido-negro\/","title":{"rendered":"Logitech &#8211; MX Master 3S Rat\u00f3n l\u00e1ser inal\u00e1mbrico con desplazamiento ultrarr\u00e1pido &#8211; Negro"},"content":{"rendered":"<div class=\"embedded-component-container lv product-description\">\n<div>\n<div id=\"shop-product-description-268337\" class=\"_none\" data-version=\"1.3.46\">\n<div class=\"shop-product-description\">\n<section class=\"align-heading-left\" data-reactroot=\"\">\n<div class=\"long-description-container body-copy \">\n<div class=\"html-fragment\">Presentamos Logitech MX Master 3S: un mouse ic\u00f3nico remasterizado.\u00a0Dise\u00f1ado para dise\u00f1adores y dise\u00f1ado para codificadores, ahora con Quiet Clicks y seguimiento de cualquier superficie de 8K DPI para una mayor sensaci\u00f3n y rendimiento que nunca.\u00a0Su silueta ergon\u00f3mica est\u00e1 dise\u00f1ada para apoyar la palma y los dedos y le permite trabajar c\u00f3modamente durante horas en m\u00faltiples computadoras y sistemas operativos en un flujo de trabajo fluido.\u00a0Con MX Master 3S, realmente puedes dominar lo que haces.<\/div>\n<\/div>\n<\/section>\n<\/div>\n<\/div>\n<\/div>\n<\/div>\n<div class=\"embedded-component-container lv product-features\">\n<h3><\/h3>\n<h3 class=\"heading-5 v-fw-regular feature-heading\"><strong>Caracter\u00edsticas<\/strong><\/h3>\n<ul>\n<li><strong>Seguimiento de cualquier superficie: ahora 8K DPI<\/strong><br \/>\nUse el mouse de computadora inal\u00e1mbrico MX Master 3S para trabajar en cualquier superficie, incluso vidrio, con el sensor actualizado de 8000 DPI con sensibilidad personalizable.\u00b9<\/li>\n<li><strong>Introducci\u00f3n a los clics silenciosos<\/strong><br \/>\nEl mouse Bluetooth MX Master 3S presenta Quiet Clicks, que ofrece la misma sensaci\u00f3n satisfactoria pero con un 90 % menos de ruido de clic en comparaci\u00f3n con la edici\u00f3n MX Master 3.<\/li>\n<li><strong>Desplazamiento de velocidad magn\u00e9tica<\/strong><br \/>\nUn mouse para computadora con velocidad, precisi\u00f3n y casi silencio notables: el desplazamiento MagSpeed \u200b\u200bes un 90 % m\u00e1s r\u00e1pido, un 87 % m\u00e1s preciso en comparaci\u00f3n con un mouse Logitech normal y ultra silencioso.<\/li>\n<li><strong>Dise\u00f1o ergonomico<\/strong><br \/>\nTrabaje c\u00f3modamente con un mouse de precisi\u00f3n que presenta una silueta dise\u00f1ada para una postura de mu\u00f1eca m\u00e1s natural y controles para el pulgar colocados de manera \u00f3ptima.<\/li>\n<li><strong>Software de personalizaci\u00f3n actualizado<\/strong><br \/>\nPersonalice los botones y optimice su flujo de trabajo con perfiles espec\u00edficos de la aplicaci\u00f3n en Logi Options+ mejorado.\u00b2<\/li>\n<li><strong>Control de flujo entre computadoras<\/strong><br \/>\nTrabaje sin problemas en varias computadoras o port\u00e1tiles y transfiera texto, im\u00e1genes y archivos, entre Windows y macOS\u00b2<\/li>\n<li><strong>Multi-dispositivo y multi-OS<\/strong><br \/>\nConecte el mouse c\u00f3modo con hasta 3 dispositivos a trav\u00e9s de Bluetooth o el receptor USB Logi Bolt incluido en Windows, macOS, Chrome OS o Linux.<\/li>\n<\/ul>\n<\/div>\n","protected":false},"excerpt":{"rendered":"<p>Presentamos Logitech MX Master 3S: un mouse ic\u00f3nico remasterizado.\u00a0Dise\u00f1ado para dise\u00f1adores y dise\u00f1ado para codificadores, ahora con Quiet Clicks y seguimiento de cualquier superficie de 8K DPI para una mayor<\/p>\n","protected":false},"featured_media":89951,"comment_status":"open","ping_status":"closed","template":"","meta":{"_acf_changed":false,"_joinchat":[]},"product_brand":[],"product_cat":[277,280,434],"product_tag":[],"class_list":{"0":"post-89949","1":"product","2":"type-product","3":"status-publish","4":"has-post-thumbnail","6":"product_cat-zona-gamer","7":"product_cat-pc-gaming","8":"product_cat-mouse-y-teclado-gamer","10":"first","11":"instock","12":"sale","13":"shipping-taxable","14":"purchasable","15":"product-type-simple"},"acf":[],"_links":{"self":[{"href":"https:\/\/defabrica.com.mx\/defabrica\/wp-json\/wp\/v2\/product\/89949","targetHints":{"allow":["GET"]}}],"collection":[{"href":"https:\/\/defabrica.com.mx\/defabrica\/wp-json\/wp\/v2\/product"}],"about":[{"href":"https:\/\/defabrica.com.mx\/defabrica\/wp-json\/wp\/v2\/types\/product"}],"replies":[{"embeddable":true,"href":"https:\/\/defabrica.com.mx\/defabrica\/wp-json\/wp\/v2\/comments?post=89949"}],"wp:featuredmedia":[{"embeddable":true,"href":"https:\/\/defabrica.com.mx\/defabrica\/wp-json\/wp\/v2\/media\/89951"}],"wp:attachment":[{"href":"https:\/\/defabrica.com.mx\/defabrica\/wp-json\/wp\/v2\/media?parent=89949"}],"wp:term":[{"taxonomy":"product_brand","embeddable":true,"href":"https:\/\/defabrica.com.mx\/defabrica\/wp-json\/wp\/v2\/product_brand?post=89949"},{"taxonomy":"product_cat","embeddable":true,"href":"https:\/\/defabrica.com.mx\/defabrica\/wp-json\/wp\/v2\/product_cat?post=89949"},{"taxonomy":"product_tag","embeddable":true,"href":"https:\/\/defabrica.com.mx\/defabrica\/wp-json\/wp\/v2\/product_tag?post=89949"}],"curies":[{"name":"wp","href":"https:\/\/api.w.org\/{rel}","templated":true}]}}