{"id":89943,"date":"2022-07-15T13:33:15","date_gmt":"2022-07-15T18:33:15","guid":{"rendered":"https:\/\/defabrica.com.mx\/defabrica\/?post_type=product&#038;p=89943"},"modified":"2023-01-18T14:39:03","modified_gmt":"2023-01-18T20:39:03","slug":"logitech-raton-optico-inalambrico-ligero-para-juegos-g-pro-con-iluminacion-rgb-negro","status":"publish","type":"product","link":"https:\/\/defabrica.com.mx\/defabrica\/producto\/logitech-raton-optico-inalambrico-ligero-para-juegos-g-pro-con-iluminacion-rgb-negro\/","title":{"rendered":"Logitech &#8211; Rat\u00f3n \u00f3ptico inal\u00e1mbrico ligero para juegos G PRO con iluminaci\u00f3n RGB &#8211; Negro"},"content":{"rendered":"<div class=\"embedded-component-container lv product-description\">\n<div>\n<div id=\"shop-product-description-22935161\" class=\"_none\" data-version=\"1.3.46\">\n<div class=\"shop-product-description\">\n<section class=\"align-heading-left\" data-reactroot=\"\">\n<div class=\"long-description-container body-copy \">\n<div class=\"html-fragment\">Dise\u00f1ado durante dos a\u00f1os con aportes directos de muchos jugadores profesionales de deportes electr\u00f3nicos, el mouse inal\u00e1mbrico para juegos PRO est\u00e1 construido seg\u00fan los est\u00e1ndares exigentes de algunos de los mejores profesionales de deportes electr\u00f3nicos del mundo.\u00a0El mouse inal\u00e1mbrico para juegos PRO est\u00e1 dise\u00f1ado para un rendimiento extremo e incluye las \u00faltimas y m\u00e1s avanzadas tecnolog\u00edas disponibles.\u00a0Con la tecnolog\u00eda LIGHTSPEED, PRO Wireless supera las limitaciones de latencia, conectividad y potencia para proporcionar una conexi\u00f3n s\u00f3lida y s\u00faper r\u00e1pida con una tasa de informe de 1 ms.\u00a0El mouse para juegos inal\u00e1mbrico PRO tambi\u00e9n est\u00e1 equipado con la \u00faltima versi\u00f3n del sensor HERO, nuestro sensor \u00f3ptico de pr\u00f3xima generaci\u00f3n que es el sensor para juegos m\u00e1s eficiente y de mayor rendimiento.<\/div>\n<\/div>\n<\/section>\n<\/div>\n<\/div>\n<\/div>\n<\/div>\n<div class=\"embedded-component-container lv product-features\">\n<h3><\/h3>\n<h3 class=\"heading-5 v-fw-regular feature-heading\"><strong>Caracter\u00edsticas<\/strong><\/h3>\n<ul>\n<li><strong>Hecho con y para jugadores profesionales<\/strong><br \/>\nDise\u00f1ado con aportes directos de muchos jugadores profesionales de deportes electr\u00f3nicos, el mouse para juegos PRO Wireless est\u00e1 construido seg\u00fan los est\u00e1ndares m\u00e1s exigentes de algunos de los mejores profesionales de deportes electr\u00f3nicos del mundo.<\/li>\n<li><strong>Tecnolog\u00eda inal\u00e1mbrica LIGHTSPEED<\/strong><br \/>\nCon un rendimiento inal\u00e1mbrico de nivel profesional, LIGHTSPEED supera las limitaciones de latencia, conectividad y potencia para proporcionar una conexi\u00f3n s\u00f3lida y superr\u00e1pida con una tasa de informe de 1 ms.<\/li>\n<li><strong>Sensor HERO 25K<\/strong><br \/>\nSupera el rendimiento del sensor de la generaci\u00f3n anterior, superando los 400 IPS y brindando un seguimiento de 25,600 DPI con precisi\u00f3n de p\u00edxel, todo mientras brinda 10 veces m\u00e1s eficiencia energ\u00e9tica.<\/li>\n<li><strong>Ingenier\u00eda ultraligera<\/strong><br \/>\nEl innovador dise\u00f1o de endoesqueleto con una capa exterior ultradelgada, tan delgada como 1 mm, le brinda una fuerza y \u200b\u200bun soporte estructural incre\u00edbles, pero en un cuerpo s\u00faper liviano de 80 g.<\/li>\n<li><strong>Dise\u00f1o ambidiestro de ingenier\u00eda profesional<\/strong><br \/>\nLos botones laterales izquierdo y derecho extra\u00edbles hacen que PRO Wireless sea realmente ambidiestro y permite que los profesionales decidan cu\u00e1ntos botones laterales quieren, de cero a cuatro.<\/li>\n<li><strong>RGB LIGHTSYNC personalizable<\/strong><br \/>\nElija entre aprox. 16,8 millones de colores brillantes con tecnolog\u00eda LIGHTSYNC en Logitech G HUB.<\/li>\n<li><strong>4-8 botones programables y memoria integrada<\/strong><br \/>\nTodos los botones se pueden personalizar a trav\u00e9s de Logitech G HUB. Con una memoria integrada, puede usar G HUB para guardar sus preferencias directamente en el mouse para un uso r\u00e1pido y f\u00e1cil en los sistemas de torneos.<\/li>\n<li><strong>Bater\u00eda de larga duraci\u00f3n<\/strong><br \/>\nTe da hasta 60 horas de juego continuo con una sola carga.<\/li>\n<\/ul>\n<\/div>\n","protected":false},"excerpt":{"rendered":"<p>Dise\u00f1ado durante dos a\u00f1os con aportes directos de muchos jugadores profesionales de deportes electr\u00f3nicos, el mouse inal\u00e1mbrico para juegos PRO est\u00e1 construido seg\u00fan los est\u00e1ndares exigentes de algunos de los<\/p>\n","protected":false},"featured_media":89944,"comment_status":"open","ping_status":"closed","template":"","meta":{"_acf_changed":false,"_joinchat":[]},"product_brand":[],"product_cat":[277,280,434],"product_tag":[],"class_list":{"0":"post-89943","1":"product","2":"type-product","3":"status-publish","4":"has-post-thumbnail","6":"product_cat-zona-gamer","7":"product_cat-pc-gaming","8":"product_cat-mouse-y-teclado-gamer","10":"first","11":"instock","12":"sale","13":"shipping-taxable","14":"purchasable","15":"product-type-simple"},"acf":[],"_links":{"self":[{"href":"https:\/\/defabrica.com.mx\/defabrica\/wp-json\/wp\/v2\/product\/89943","targetHints":{"allow":["GET"]}}],"collection":[{"href":"https:\/\/defabrica.com.mx\/defabrica\/wp-json\/wp\/v2\/product"}],"about":[{"href":"https:\/\/defabrica.com.mx\/defabrica\/wp-json\/wp\/v2\/types\/product"}],"replies":[{"embeddable":true,"href":"https:\/\/defabrica.com.mx\/defabrica\/wp-json\/wp\/v2\/comments?post=89943"}],"wp:featuredmedia":[{"embeddable":true,"href":"https:\/\/defabrica.com.mx\/defabrica\/wp-json\/wp\/v2\/media\/89944"}],"wp:attachment":[{"href":"https:\/\/defabrica.com.mx\/defabrica\/wp-json\/wp\/v2\/media?parent=89943"}],"wp:term":[{"taxonomy":"product_brand","embeddable":true,"href":"https:\/\/defabrica.com.mx\/defabrica\/wp-json\/wp\/v2\/product_brand?post=89943"},{"taxonomy":"product_cat","embeddable":true,"href":"https:\/\/defabrica.com.mx\/defabrica\/wp-json\/wp\/v2\/product_cat?post=89943"},{"taxonomy":"product_tag","embeddable":true,"href":"https:\/\/defabrica.com.mx\/defabrica\/wp-json\/wp\/v2\/product_tag?post=89943"}],"curies":[{"name":"wp","href":"https:\/\/api.w.org\/{rel}","templated":true}]}}