{"id":89823,"date":"2022-07-15T12:17:36","date_gmt":"2022-07-15T17:17:36","guid":{"rendered":"https:\/\/defabrica.com.mx\/defabrica\/?post_type=product&#038;p=89823"},"modified":"2023-01-18T14:14:09","modified_gmt":"2023-01-18T20:14:09","slug":"logitech-g915-lightspeed-teclado-para-juegos-con-interruptor-lineal-gl-mecanico-inalambrico-de-tamano-completo-con-retroiluminacion-rgb-negro","status":"publish","type":"product","link":"https:\/\/defabrica.com.mx\/defabrica\/producto\/logitech-g915-lightspeed-teclado-para-juegos-con-interruptor-lineal-gl-mecanico-inalambrico-de-tamano-completo-con-retroiluminacion-rgb-negro\/","title":{"rendered":"Logitech &#8211; G915 LIGHTSPEED Teclado para juegos con interruptor lineal GL mec\u00e1nico inal\u00e1mbrico de tama\u00f1o completo con retroiluminaci\u00f3n RGB &#8211; Negro"},"content":{"rendered":"<p>G915 es una nueva clase de teclado mec\u00e1nico inal\u00e1mbrico para juegos con 3 selecciones de interruptores GL de bajo perfil y tecnolog\u00eda inal\u00e1mbrica LIGHTSPEED de 1 ms de grado profesional.\u00a0Capaz de ofrecer 30 horas de juego continuo con una carga completa.\u00a0La tecnolog\u00eda LIGHTSYNC RGB, totalmente personalizable por tecla, tambi\u00e9n reacciona a la acci\u00f3n del juego, el audio y el color de la pantalla a tu elecci\u00f3n.\u00a0Con un dise\u00f1o elegante, incre\u00edblemente delgado pero duradero y resistente, G915 lleva a los jugadores a una dimensi\u00f3n superior del juego.\u00a0Las teclas G programables le permiten crear y ejecutar acciones complejas de manera simple e intuitiva, y la rueda de volumen y las teclas multimedia le brindan un control r\u00e1pido y f\u00e1cil sobre el video, el audio y la transmisi\u00f3n.<\/p>\n<h3><\/h3>\n<h3 class=\"heading-5 v-fw-regular feature-heading\"><strong>Caracter\u00edsticas<\/strong><\/h3>\n<ul>\n<li><strong>Tecnolog\u00eda LIGHTSYNC<\/strong><br \/>\nProporciona iluminaci\u00f3n RGB de pr\u00f3xima generaci\u00f3n que sincroniza la iluminaci\u00f3n con cualquier contenido. Personaliza cada tecla o crea animaciones personalizadas a partir de aproximadamente 16,8 millones de colores con el software Logitech G HUB.<\/li>\n<li><strong>Hasta 30 horas de tiempo de juego con una sola carga<\/strong><br \/>\nAvisos de bater\u00eda baja al 15 % en el LED de bater\u00eda del teclado y mediante notificaci\u00f3n emergente en el software Logitech G HUB. Se recarga r\u00e1pidamente en 3 horas.<\/li>\n<li><strong>Velocidad de luz inal\u00e1mbrica<\/strong><br \/>\nCon\u00e9ctese a m\u00faltiples dispositivos con LIGHTSPEED inal\u00e1mbrico a trav\u00e9s de un receptor USB o Bluetooth. G915 LIGHTSPEED ofrece 30 horas de uso por carga.<\/li>\n<li><strong>Con\u00e9ctese a m\u00faltiples dispositivos usando LIGHTSPEED o Bluetooth<\/strong><br \/>\nAlterne entre la tecnolog\u00eda inal\u00e1mbrica LIGHTSPEED de alto rendimiento a trav\u00e9s del receptor USB y Bluetooth, de forma r\u00e1pida y sencilla.<\/li>\n<li><strong>Interruptores mec\u00e1nicos de bajo perfil<\/strong><br \/>\nOfrece la velocidad, precisi\u00f3n y rendimiento de un interruptor mec\u00e1nico a la mitad de la altura. El interruptor lineal GL presenta una pulsaci\u00f3n de tecla completamente suave a trav\u00e9s del punto de actuaci\u00f3n.<\/li>\n<li><strong>Cinco teclas G dedicadas<\/strong><br \/>\nSe puede programar con macros y comandos personalizados por juego o perfil de aplicaci\u00f3n. Usa Logitech G HUB para configurar y administrar f\u00e1cilmente perfiles, comandos y m\u00e1s.<\/li>\n<li><strong>Controles de medios dedicados<\/strong><br \/>\nCon una rueda de volumen sin bordes dise\u00f1ada con precisi\u00f3n, proporciona un control conveniente y f\u00e1cil para reproducir, pausar, omitir o silenciar r\u00e1pidamente sus medios.<\/li>\n<li><strong>Aleaci\u00f3n de aluminio de calidad aeron\u00e1utica<\/strong><br \/>\nBellamente dise\u00f1ado, el G915 utiliza una aleaci\u00f3n de aluminio de grado aeron\u00e1utico para ofrecer un dise\u00f1o incre\u00edblemente delgado pero r\u00edgido y duradero.<\/li>\n<li><strong>Compatible con la mayor\u00eda de las computadoras Windows y Mac<\/strong><br \/>\nFunciona en una amplia gama de computadoras.<\/li>\n<\/ul>\n","protected":false},"excerpt":{"rendered":"<p>G915 es una nueva clase de teclado mec\u00e1nico inal\u00e1mbrico para juegos con 3 selecciones de interruptores GL de bajo perfil y tecnolog\u00eda inal\u00e1mbrica LIGHTSPEED de 1 ms de grado profesional.\u00a0Capaz<\/p>\n","protected":false},"featured_media":89824,"comment_status":"open","ping_status":"closed","template":"","meta":{"_acf_changed":false,"_joinchat":[]},"product_brand":[],"product_cat":[277,280,434],"product_tag":[],"class_list":{"0":"post-89823","1":"product","2":"type-product","3":"status-publish","4":"has-post-thumbnail","6":"product_cat-zona-gamer","7":"product_cat-pc-gaming","8":"product_cat-mouse-y-teclado-gamer","10":"first","11":"instock","12":"sale","13":"shipping-taxable","14":"purchasable","15":"product-type-simple"},"acf":[],"_links":{"self":[{"href":"https:\/\/defabrica.com.mx\/defabrica\/wp-json\/wp\/v2\/product\/89823","targetHints":{"allow":["GET"]}}],"collection":[{"href":"https:\/\/defabrica.com.mx\/defabrica\/wp-json\/wp\/v2\/product"}],"about":[{"href":"https:\/\/defabrica.com.mx\/defabrica\/wp-json\/wp\/v2\/types\/product"}],"replies":[{"embeddable":true,"href":"https:\/\/defabrica.com.mx\/defabrica\/wp-json\/wp\/v2\/comments?post=89823"}],"wp:featuredmedia":[{"embeddable":true,"href":"https:\/\/defabrica.com.mx\/defabrica\/wp-json\/wp\/v2\/media\/89824"}],"wp:attachment":[{"href":"https:\/\/defabrica.com.mx\/defabrica\/wp-json\/wp\/v2\/media?parent=89823"}],"wp:term":[{"taxonomy":"product_brand","embeddable":true,"href":"https:\/\/defabrica.com.mx\/defabrica\/wp-json\/wp\/v2\/product_brand?post=89823"},{"taxonomy":"product_cat","embeddable":true,"href":"https:\/\/defabrica.com.mx\/defabrica\/wp-json\/wp\/v2\/product_cat?post=89823"},{"taxonomy":"product_tag","embeddable":true,"href":"https:\/\/defabrica.com.mx\/defabrica\/wp-json\/wp\/v2\/product_tag?post=89823"}],"curies":[{"name":"wp","href":"https:\/\/api.w.org\/{rel}","templated":true}]}}