{"id":89608,"date":"2022-07-15T07:18:16","date_gmt":"2022-07-15T12:18:16","guid":{"rendered":"https:\/\/defabrica.com.mx\/defabrica\/?post_type=product&#038;p=89608"},"modified":"2023-01-18T13:58:01","modified_gmt":"2023-01-18T19:58:01","slug":"edicion-estandar-de-the-last-of-us-parte-ii-playstation-4-playstation-5","status":"publish","type":"product","link":"https:\/\/defabrica.com.mx\/defabrica\/producto\/edicion-estandar-de-the-last-of-us-parte-ii-playstation-4-playstation-5\/","title":{"rendered":"Edici\u00f3n est\u00e1ndar de The Last of Us Parte II &#8211; PlayStation 4, PlayStation 5"},"content":{"rendered":"<div class=\"embedded-component-container lv product-description\">\n<div>\n<div id=\"shop-product-description-61165723\" class=\"_none\" data-version=\"1.3.46\">\n<div class=\"shop-product-description\">\n<section class=\"align-heading-left\" data-reactroot=\"\">\n<div class=\"long-description-container body-copy \">\n<div class=\"html-fragment\">Cinco a\u00f1os despu\u00e9s de su peligroso viaje por los Estados Unidos posteriores a la pandemia, Ellie y Joel se establecieron en Jackson, Wyoming.\u00a0Vivir entre una pr\u00f3spera comunidad de sobrevivientes les ha permitido paz y estabilidad, a pesar de la constante amenaza de los infectados y otros sobrevivientes m\u00e1s desesperados.\u00a0Cuando un evento violento interrumpe esa paz, Ellie se embarca en un viaje implacable para hacer justicia y encontrar un cierre.\u00a0Mientras caza a los responsables uno por uno, se enfrenta a las devastadoras repercusiones f\u00edsicas y emocionales de sus acciones.<\/div>\n<\/div>\n<\/section>\n<\/div>\n<\/div>\n<\/div>\n<\/div>\n<div class=\"embedded-component-container lv product-features\">\n<div class=\"embedded-component-container lv product-description\">\n<div>\n<div id=\"shop-product-description-61165723\" class=\"_none\" data-version=\"1.3.46\">\n<div class=\"shop-product-description\">\n<section class=\"align-heading-left\" data-reactroot=\"\">\n<div class=\"long-description-container body-copy \"><\/div>\n<\/section>\n<\/div>\n<\/div>\n<\/div>\n<\/div>\n<div class=\"embedded-component-container lv product-features\">\n<h3><\/h3>\n<h3 class=\"heading-5 v-fw-regular feature-heading\"><strong>Caracter\u00edsticas<\/strong><\/h3>\n<ul>\n<li><strong>Una historia compleja y emotiva<\/strong><br \/>\nExperimente los crecientes conflictos morales creados por la implacable b\u00fasqueda de venganza de Ellie. El ciclo de violencia que deja a su paso desafiar\u00e1 tus nociones de lo correcto contra lo incorrecto, el bien contra el mal y el h\u00e9roe contra el villano.<\/li>\n<li><strong>Un mundo hermoso pero peligroso<\/strong><br \/>\nEmprende el viaje de Ellie, llev\u00e1ndola desde las tranquilas monta\u00f1as y los bosques de Jackson hasta las exuberantes ruinas cubiertas de maleza del gran Seattle. Encuentra nuevos grupos de supervivientes, entornos desconocidos y traicioneros y evoluciones aterradoras de los infectados.<\/li>\n<li><strong>Tra\u00eddos a la vida por la \u00faltima versi\u00f3n del motor de Naughty Dog, los personajes mortales y el mundo son m\u00e1s realistas y meticulosamente detallados que nunca.<\/strong><\/li>\n<li><strong>Jugabilidad tensa y desesperada de acci\u00f3n y supervivencia<\/strong><br \/>\nLos nuevos sistemas de juego evolucionados cumplen con las apuestas de vida o muerte del viaje de Ellie a trav\u00e9s del mundo hostil. Siente su lucha desesperada por la supervivencia a trav\u00e9s de funciones mejoradas como el combate cuerpo a cuerpo intenso, el movimiento fluido y el sigilo din\u00e1mico.<\/li>\n<li><strong>Una amplia variedad de armas, art\u00edculos de artesan\u00eda, habilidades y mejoras te permiten personalizar las capacidades de Ellie seg\u00fan tu estilo de juego.<\/strong><\/li>\n<\/ul>\n<\/div>\n<\/div>\n","protected":false},"excerpt":{"rendered":"<p>Cinco a\u00f1os despu\u00e9s de su peligroso viaje por los Estados Unidos posteriores a la pandemia, Ellie y Joel se establecieron en Jackson, Wyoming.\u00a0Vivir entre una pr\u00f3spera comunidad de sobrevivientes les<\/p>\n","protected":false},"featured_media":89609,"comment_status":"open","ping_status":"closed","template":"","meta":{"_acf_changed":false,"_joinchat":[]},"product_brand":[],"product_cat":[277,894],"product_tag":[],"class_list":{"0":"post-89608","1":"product","2":"type-product","3":"status-publish","4":"has-post-thumbnail","6":"product_cat-zona-gamer","7":"product_cat-videojuegos","9":"first","10":"instock","11":"sale","12":"shipping-taxable","13":"purchasable","14":"product-type-simple"},"acf":[],"_links":{"self":[{"href":"https:\/\/defabrica.com.mx\/defabrica\/wp-json\/wp\/v2\/product\/89608","targetHints":{"allow":["GET"]}}],"collection":[{"href":"https:\/\/defabrica.com.mx\/defabrica\/wp-json\/wp\/v2\/product"}],"about":[{"href":"https:\/\/defabrica.com.mx\/defabrica\/wp-json\/wp\/v2\/types\/product"}],"replies":[{"embeddable":true,"href":"https:\/\/defabrica.com.mx\/defabrica\/wp-json\/wp\/v2\/comments?post=89608"}],"wp:featuredmedia":[{"embeddable":true,"href":"https:\/\/defabrica.com.mx\/defabrica\/wp-json\/wp\/v2\/media\/89609"}],"wp:attachment":[{"href":"https:\/\/defabrica.com.mx\/defabrica\/wp-json\/wp\/v2\/media?parent=89608"}],"wp:term":[{"taxonomy":"product_brand","embeddable":true,"href":"https:\/\/defabrica.com.mx\/defabrica\/wp-json\/wp\/v2\/product_brand?post=89608"},{"taxonomy":"product_cat","embeddable":true,"href":"https:\/\/defabrica.com.mx\/defabrica\/wp-json\/wp\/v2\/product_cat?post=89608"},{"taxonomy":"product_tag","embeddable":true,"href":"https:\/\/defabrica.com.mx\/defabrica\/wp-json\/wp\/v2\/product_tag?post=89608"}],"curies":[{"name":"wp","href":"https:\/\/api.w.org\/{rel}","templated":true}]}}