{"id":89554,"date":"2022-07-15T06:34:01","date_gmt":"2022-07-15T11:34:01","guid":{"rendered":"https:\/\/defabrica.com.mx\/defabrica\/?post_type=product&#038;p=89554"},"modified":"2023-01-18T13:54:02","modified_gmt":"2023-01-18T19:54:02","slug":"mlb-the-show-22-edicion-estandar-playstation-4","status":"publish","type":"product","link":"https:\/\/defabrica.com.mx\/defabrica\/producto\/mlb-the-show-22-edicion-estandar-playstation-4\/","title":{"rendered":"MLB The Show 22 Edici\u00f3n est\u00e1ndar &#8211; PlayStation 4"},"content":{"rendered":"<div class=\"embedded-component-container lv product-description\">\n<div>\n<div id=\"shop-product-description-71368775\" class=\"_none\" data-version=\"1.3.46\">\n<div class=\"shop-product-description\">\n<section class=\"align-heading-left\" data-reactroot=\"\">\n<div class=\"long-description-container body-copy \">\n<div class=\"html-fragment\">Cada lanzamiento.\u00a0Cada golpe.\u00a0Cada victoria.\u00a0Deja tu huella y s\u00e9 due\u00f1o del espect\u00e1culo en la mejor experiencia de la MLB.\u00a0Ya sea que sea un aspirante a novato o un veterano del diamante, ahora hay m\u00e1s formas que nunca de crear y construir su legado.\u00a0As\u00ed que suba al plato y tome su lugar entre las leyendas del b\u00e9isbol.\u00a0Esto es m\u00e1s que un simple juego: esto es The Show.\u00a0Esta edici\u00f3n incluye: MLB The Show 22 (PS4) y 5K Stubs.<\/div>\n<\/div>\n<\/section>\n<\/div>\n<\/div>\n<\/div>\n<\/div>\n<div class=\"embedded-component-container lv product-features\">\n<h3><\/h3>\n<h3 class=\"heading-5 v-fw-regular feature-heading\"><strong>Caracter\u00edsticas<\/strong><\/h3>\n<ul>\n<li><strong>\u00a1Crea, personaliza y usa varios jugadores de pelota en m\u00e1s modos para ayudarte en tu progresi\u00f3n!<\/strong><\/li>\n<li><strong>Con la progresi\u00f3n cruzada, contin\u00fae su progreso y obtenga y use contenido en otras plataformas de consola.<\/strong><\/li>\n<li><strong>\u00bfNovato? Los estilos de juego y la configuraci\u00f3n de dificultad ampliada te ayudan a familiarizarte con los conceptos b\u00e1sicos. Las nuevas presentaciones de introducci\u00f3n brindan la experiencia de estadio m\u00e1s inmersiva hasta el momento.<\/strong><\/li>\n<li><strong>Juega de marzo a octubre a tu estilo, con herramientas de modo actualizadas para utilizar uniformes personalizados, logotipos y estadios creados.<\/strong><\/li>\n<li><strong>Vive los enfrentamientos de b\u00e9isbol de tus sue\u00f1os con nuevas Leyendas uni\u00e9ndose al diamante.<\/strong><\/li>\n<\/ul>\n<\/div>\n","protected":false},"excerpt":{"rendered":"<p>Cada lanzamiento.\u00a0Cada golpe.\u00a0Cada victoria.\u00a0Deja tu huella y s\u00e9 due\u00f1o del espect\u00e1culo en la mejor experiencia de la MLB.\u00a0Ya sea que sea un aspirante a novato o un veterano del diamante,<\/p>\n","protected":false},"featured_media":89555,"comment_status":"open","ping_status":"closed","template":"","meta":{"_acf_changed":false,"_joinchat":[]},"product_brand":[],"product_cat":[277,894],"product_tag":[],"class_list":{"0":"post-89554","1":"product","2":"type-product","3":"status-publish","4":"has-post-thumbnail","6":"product_cat-zona-gamer","7":"product_cat-videojuegos","9":"first","10":"instock","11":"sale","12":"shipping-taxable","13":"purchasable","14":"product-type-simple"},"acf":[],"_links":{"self":[{"href":"https:\/\/defabrica.com.mx\/defabrica\/wp-json\/wp\/v2\/product\/89554","targetHints":{"allow":["GET"]}}],"collection":[{"href":"https:\/\/defabrica.com.mx\/defabrica\/wp-json\/wp\/v2\/product"}],"about":[{"href":"https:\/\/defabrica.com.mx\/defabrica\/wp-json\/wp\/v2\/types\/product"}],"replies":[{"embeddable":true,"href":"https:\/\/defabrica.com.mx\/defabrica\/wp-json\/wp\/v2\/comments?post=89554"}],"wp:featuredmedia":[{"embeddable":true,"href":"https:\/\/defabrica.com.mx\/defabrica\/wp-json\/wp\/v2\/media\/89555"}],"wp:attachment":[{"href":"https:\/\/defabrica.com.mx\/defabrica\/wp-json\/wp\/v2\/media?parent=89554"}],"wp:term":[{"taxonomy":"product_brand","embeddable":true,"href":"https:\/\/defabrica.com.mx\/defabrica\/wp-json\/wp\/v2\/product_brand?post=89554"},{"taxonomy":"product_cat","embeddable":true,"href":"https:\/\/defabrica.com.mx\/defabrica\/wp-json\/wp\/v2\/product_cat?post=89554"},{"taxonomy":"product_tag","embeddable":true,"href":"https:\/\/defabrica.com.mx\/defabrica\/wp-json\/wp\/v2\/product_tag?post=89554"}],"curies":[{"name":"wp","href":"https:\/\/api.w.org\/{rel}","templated":true}]}}