{"id":89491,"date":"2022-07-15T00:24:53","date_gmt":"2022-07-15T05:24:53","guid":{"rendered":"https:\/\/defabrica.com.mx\/defabrica\/?post_type=product&#038;p=89491"},"modified":"2023-01-18T13:50:22","modified_gmt":"2023-01-18T19:50:22","slug":"nzxt-raton-ambidiestro-para-juegos-opticos-con-cable-ligero-lift-negro","status":"publish","type":"product","link":"https:\/\/defabrica.com.mx\/defabrica\/producto\/nzxt-raton-ambidiestro-para-juegos-opticos-con-cable-ligero-lift-negro\/","title":{"rendered":"NZXT &#8211; Rat\u00f3n ambidiestro para juegos \u00f3pticos con cable ligero Lift &#8211; Negro"},"content":{"rendered":"<div class=\"embedded-component-container lv product-description\">\n<div>\n<div id=\"shop-product-description-78863411\" class=\"_none\" data-version=\"1.3.45\">\n<div class=\"shop-product-description\">\n<section class=\"align-heading-left\" data-reactroot=\"\">\n<div class=\"long-description-container body-copy \">\n<div class=\"html-fragment\">El NZXT Lift es un mouse ambidiestro que llega lejos.\u00a0Su dise\u00f1o liviano y cable de baja resistencia permiten un movimiento r\u00e1pido, mientras que el sensor \u00f3ptico de alta gama le brinda un rendimiento preciso en el juego.\u00a0Con iluminaci\u00f3n RGB y varios colores de chasis para elegir, Lift est\u00e1 dise\u00f1ado para una experiencia de juego personalizada.<\/div>\n<\/div>\n<\/section>\n<\/div>\n<\/div>\n<\/div>\n<\/div>\n<div class=\"embedded-component-container lv product-features\">\n<h3><\/h3>\n<h3 class=\"heading-5 v-fw-regular feature-heading\"><strong>Caracter\u00edsticas<\/strong><\/h3>\n<ul>\n<li><strong>Dise\u00f1o ligero<\/strong><br \/>\nEl dise\u00f1o liviano permite un movimiento r\u00e1pido y preciso para un mejor rendimiento en el juego. Esto tambi\u00e9n conduce a menos casos de fatiga de la mano, brindando comodidad durante largas sesiones de juego.<\/li>\n<li><strong>Seguimiento de alta velocidad<\/strong><br \/>\nEl sensor PixArt 3389 de gama alta agrega seguimiento de alta velocidad y precisi\u00f3n con una resoluci\u00f3n de 16k para una ventaja competitiva.<\/li>\n<li><strong>Arrastre m\u00ednimo<\/strong><br \/>\nEl cable de paraca\u00eddas proporciona un arrastre m\u00ednimo y un movimiento del mouse sin restricciones para un rendimiento fluido en el juego.<\/li>\n<li><strong>20 millones de clics de por vida<\/strong><br \/>\nLos interruptores mec\u00e1nicos Omron en todos los botones resisten el desgaste y crean una larga durabilidad.<\/li>\n<li><strong>Enci\u00e9ndelo<\/strong><br \/>\nLogre una mayor personalizaci\u00f3n con m\u00e1s de 16,7 millones de colores RGB para elegir en NZXT CAM.<\/li>\n<\/ul>\n<\/div>\n","protected":false},"excerpt":{"rendered":"<p>El NZXT Lift es un mouse ambidiestro que llega lejos.\u00a0Su dise\u00f1o liviano y cable de baja resistencia permiten un movimiento r\u00e1pido, mientras que el sensor \u00f3ptico de alta gama le<\/p>\n","protected":false},"featured_media":89492,"comment_status":"open","ping_status":"closed","template":"","meta":{"_acf_changed":false,"_joinchat":[]},"product_brand":[],"product_cat":[277,280,434],"product_tag":[],"class_list":{"0":"post-89491","1":"product","2":"type-product","3":"status-publish","4":"has-post-thumbnail","6":"product_cat-zona-gamer","7":"product_cat-pc-gaming","8":"product_cat-mouse-y-teclado-gamer","10":"first","11":"instock","12":"sale","13":"shipping-taxable","14":"purchasable","15":"product-type-simple"},"acf":[],"_links":{"self":[{"href":"https:\/\/defabrica.com.mx\/defabrica\/wp-json\/wp\/v2\/product\/89491","targetHints":{"allow":["GET"]}}],"collection":[{"href":"https:\/\/defabrica.com.mx\/defabrica\/wp-json\/wp\/v2\/product"}],"about":[{"href":"https:\/\/defabrica.com.mx\/defabrica\/wp-json\/wp\/v2\/types\/product"}],"replies":[{"embeddable":true,"href":"https:\/\/defabrica.com.mx\/defabrica\/wp-json\/wp\/v2\/comments?post=89491"}],"wp:featuredmedia":[{"embeddable":true,"href":"https:\/\/defabrica.com.mx\/defabrica\/wp-json\/wp\/v2\/media\/89492"}],"wp:attachment":[{"href":"https:\/\/defabrica.com.mx\/defabrica\/wp-json\/wp\/v2\/media?parent=89491"}],"wp:term":[{"taxonomy":"product_brand","embeddable":true,"href":"https:\/\/defabrica.com.mx\/defabrica\/wp-json\/wp\/v2\/product_brand?post=89491"},{"taxonomy":"product_cat","embeddable":true,"href":"https:\/\/defabrica.com.mx\/defabrica\/wp-json\/wp\/v2\/product_cat?post=89491"},{"taxonomy":"product_tag","embeddable":true,"href":"https:\/\/defabrica.com.mx\/defabrica\/wp-json\/wp\/v2\/product_tag?post=89491"}],"curies":[{"name":"wp","href":"https:\/\/api.w.org\/{rel}","templated":true}]}}