{"id":89410,"date":"2022-07-14T21:14:16","date_gmt":"2022-07-15T02:14:16","guid":{"rendered":"https:\/\/defabrica.com.mx\/defabrica\/?post_type=product&#038;p=89410"},"modified":"2023-01-18T13:46:18","modified_gmt":"2023-01-18T19:46:18","slug":"steelseries-apex-3-teclado-para-juegos-con-interruptor-silencioso-de-membrana-con-cable-de-tamano-completo-con-retroiluminacion-rgb-de-10-zonas-negro","status":"publish","type":"product","link":"https:\/\/defabrica.com.mx\/defabrica\/producto\/steelseries-apex-3-teclado-para-juegos-con-interruptor-silencioso-de-membrana-con-cable-de-tamano-completo-con-retroiluminacion-rgb-de-10-zonas-negro\/","title":{"rendered":"SteelSeries &#8211; Apex 3 Teclado para juegos con interruptor silencioso de membrana con cable de tama\u00f1o completo con retroiluminaci\u00f3n RGB de 10 zonas &#8211; Negro"},"content":{"rendered":"<p>El teclado para juegos Apex 3 fue dise\u00f1ado para las necesidades de los jugadores, con resistencia al agua IP32 para protecci\u00f3n contra derrames y accidentes, as\u00ed como funciones premium como interruptores para juegos silenciosos de baja fricci\u00f3n, personalizaci\u00f3n RGB de 10 zonas, un reposamu\u00f1ecas magn\u00e9tico premium, multimedia controles y anti-ghosting.<\/p>\n<h3><\/h3>\n<h3 class=\"heading-5 v-fw-regular feature-heading\"><strong>Caracter\u00edsticas<\/strong><\/h3>\n<ul>\n<li><strong>IP32 resistente al agua<\/strong><br \/>\nEvita da\u00f1os accidentales por derrames de l\u00edquidos.<\/li>\n<li><strong>Iluminaci\u00f3n RGB de 10 zonas<\/strong><br \/>\nMagn\u00edficos esquemas de color y efectos reactivos.<\/li>\n<li><strong>Interruptores de juego silenciosos como susurros<\/strong><br \/>\nUso casi silencioso para 20 millones de pulsaciones de teclas de baja fricci\u00f3n<\/li>\n<li><strong>Reposamu\u00f1ecas magn\u00e9tico premium<\/strong><br \/>\nProporciona soporte completo para la palma y comodidad.<\/li>\n<li><strong>Controles multimedia dedicados<\/strong><br \/>\nAjuste el volumen y la configuraci\u00f3n sobre la marcha<\/li>\n<li><strong>Enrutamiento de cable de tres v\u00edas<\/strong><br \/>\nTres canales integrados por donde puede salir el cable<\/li>\n<li><strong>Anti-Ghosting de grado de juego<\/strong><br \/>\nNo perder\u00e1 entradas cuando se presionen varias teclas<\/li>\n<li><strong>Compatible con PC y Mac<\/strong><br \/>\nPara usar con su computadora actual.<\/li>\n<\/ul>\n","protected":false},"excerpt":{"rendered":"<p>El teclado para juegos Apex 3 fue dise\u00f1ado para las necesidades de los jugadores, con resistencia al agua IP32 para protecci\u00f3n contra derrames y accidentes, as\u00ed como funciones premium como<\/p>\n","protected":false},"featured_media":89411,"comment_status":"open","ping_status":"closed","template":"","meta":{"_acf_changed":false,"_joinchat":[]},"product_brand":[],"product_cat":[277,280,434],"product_tag":[],"class_list":{"0":"post-89410","1":"product","2":"type-product","3":"status-publish","4":"has-post-thumbnail","6":"product_cat-zona-gamer","7":"product_cat-pc-gaming","8":"product_cat-mouse-y-teclado-gamer","10":"first","11":"instock","12":"sale","13":"shipping-taxable","14":"purchasable","15":"product-type-simple"},"acf":[],"_links":{"self":[{"href":"https:\/\/defabrica.com.mx\/defabrica\/wp-json\/wp\/v2\/product\/89410","targetHints":{"allow":["GET"]}}],"collection":[{"href":"https:\/\/defabrica.com.mx\/defabrica\/wp-json\/wp\/v2\/product"}],"about":[{"href":"https:\/\/defabrica.com.mx\/defabrica\/wp-json\/wp\/v2\/types\/product"}],"replies":[{"embeddable":true,"href":"https:\/\/defabrica.com.mx\/defabrica\/wp-json\/wp\/v2\/comments?post=89410"}],"wp:featuredmedia":[{"embeddable":true,"href":"https:\/\/defabrica.com.mx\/defabrica\/wp-json\/wp\/v2\/media\/89411"}],"wp:attachment":[{"href":"https:\/\/defabrica.com.mx\/defabrica\/wp-json\/wp\/v2\/media?parent=89410"}],"wp:term":[{"taxonomy":"product_brand","embeddable":true,"href":"https:\/\/defabrica.com.mx\/defabrica\/wp-json\/wp\/v2\/product_brand?post=89410"},{"taxonomy":"product_cat","embeddable":true,"href":"https:\/\/defabrica.com.mx\/defabrica\/wp-json\/wp\/v2\/product_cat?post=89410"},{"taxonomy":"product_tag","embeddable":true,"href":"https:\/\/defabrica.com.mx\/defabrica\/wp-json\/wp\/v2\/product_tag?post=89410"}],"curies":[{"name":"wp","href":"https:\/\/api.w.org\/{rel}","templated":true}]}}