{"id":89391,"date":"2022-07-14T21:01:57","date_gmt":"2022-07-15T02:01:57","guid":{"rendered":"https:\/\/defabrica.com.mx\/defabrica\/?post_type=product&#038;p=89391"},"modified":"2023-01-18T13:45:18","modified_gmt":"2023-01-18T19:45:18","slug":"steelseries-aerox-3-2022-edition-raton-optico-con-cable-para-juegos-con-diseno-ultraligero-onyx","status":"publish","type":"product","link":"https:\/\/defabrica.com.mx\/defabrica\/producto\/steelseries-aerox-3-2022-edition-raton-optico-con-cable-para-juegos-con-diseno-ultraligero-onyx\/","title":{"rendered":"SteelSeries &#8211; Aerox 3 2022 Edition Rat\u00f3n \u00f3ptico con cable para juegos con dise\u00f1o ultraligero &#8211; Onyx"},"content":{"rendered":"<div class=\"embedded-component-container lv product-description\">\n<div>\n<div id=\"shop-product-description-62413590\" class=\"_none\" data-version=\"1.3.46\">\n<div class=\"shop-product-description\">\n<section class=\"align-heading-left\" data-reactroot=\"\">\n<div class=\"long-description-container body-copy \">\n<div class=\"html-fragment\">El mouse SteelSeries Aerox 3 2022 Edition tiene un dise\u00f1o ultraligero de 59 g para jugar sin esfuerzo con patines deslizantes 100 % PTFE sedosos, AquaBarrier\u2122 resistente al agua y cable de malla s\u00faper USB-C, combinado con otras funciones centradas en el rendimiento como el sensor TrueMove Core y La forma probada en batalla lo hace optimizado para deslizamientos r\u00e1pidos del mouse.<\/div>\n<\/div>\n<\/section>\n<\/div>\n<\/div>\n<\/div>\n<\/div>\n<div class=\"embedded-component-container lv product-features\">\n<h3><\/h3>\n<h3 class=\"heading-5 v-fw-regular feature-heading\"><strong>Caracter\u00edsticas<\/strong><\/h3>\n<ul>\n<li><strong>ultraligero<\/strong><br \/>\nCuando los movimientos r\u00e1pidos y los deslizamientos grandes importan, el dise\u00f1o superligero de Aerox 3 permite tiempos de reacci\u00f3n m\u00e1s r\u00e1pidos y precisos en el juego.<\/li>\n<li><strong>S\u00faper cable de malla<\/strong><br \/>\nLos deslizamientos r\u00e1pidos y los movimientos r\u00e1pidos son esenciales para rendir al m\u00e1ximo en el juego. Nuestro nuevo cable de malla de microfibra suave permite menos arrastre y una sensaci\u00f3n m\u00e1s ligera para cuando es el momento de golpear ese tiro crucial.<\/li>\n<li><strong>Patines deslizantes de PTFE de grado 100 % virgen<\/strong><br \/>\nLa edici\u00f3n 2022 ahora viene con PTFE 100 % puro para brindar los deslizamientos m\u00e1s suaves y un control mejorado para movimientos de mouse superligeros.<\/li>\n<li><strong>Sensor de n\u00facleo TrueMove<\/strong><br \/>\nPresentamos TrueMove Core, un sensor de seguimiento 1 a 1 real personalizado, desarrollado conjuntamente con PixArt especialmente para el rendimiento. Este sensor \u00f3ptico de 8500 CPI, 300 IPS, 35G ofrece la velocidad y precisi\u00f3n necesarias para mejorar su juego.<\/li>\n<li><strong>AquaBarrier\u2122<\/strong><br \/>\nClasificaci\u00f3n IP54 para brindar resistencia al agua y protecci\u00f3n contra el polvo, la suciedad, el aceite, la piel y m\u00e1s. El mouse est\u00e1 dise\u00f1ado para proteger el circuito interior de pr\u00e1cticamente todos los tipos de da\u00f1os ambientales, por lo que nunca tendr\u00e1 que preocuparse por los accidentes.<\/li>\n<\/ul>\n<\/div>\n","protected":false},"excerpt":{"rendered":"<p>El mouse SteelSeries Aerox 3 2022 Edition tiene un dise\u00f1o ultraligero de 59 g para jugar sin esfuerzo con patines deslizantes 100 % PTFE sedosos, AquaBarrier\u2122 resistente al agua y<\/p>\n","protected":false},"featured_media":89392,"comment_status":"open","ping_status":"closed","template":"","meta":{"_acf_changed":false,"_joinchat":[]},"product_brand":[],"product_cat":[277,280,434],"product_tag":[],"class_list":{"0":"post-89391","1":"product","2":"type-product","3":"status-publish","4":"has-post-thumbnail","6":"product_cat-zona-gamer","7":"product_cat-pc-gaming","8":"product_cat-mouse-y-teclado-gamer","10":"first","11":"instock","12":"sale","13":"shipping-taxable","14":"purchasable","15":"product-type-simple"},"acf":[],"_links":{"self":[{"href":"https:\/\/defabrica.com.mx\/defabrica\/wp-json\/wp\/v2\/product\/89391","targetHints":{"allow":["GET"]}}],"collection":[{"href":"https:\/\/defabrica.com.mx\/defabrica\/wp-json\/wp\/v2\/product"}],"about":[{"href":"https:\/\/defabrica.com.mx\/defabrica\/wp-json\/wp\/v2\/types\/product"}],"replies":[{"embeddable":true,"href":"https:\/\/defabrica.com.mx\/defabrica\/wp-json\/wp\/v2\/comments?post=89391"}],"wp:featuredmedia":[{"embeddable":true,"href":"https:\/\/defabrica.com.mx\/defabrica\/wp-json\/wp\/v2\/media\/89392"}],"wp:attachment":[{"href":"https:\/\/defabrica.com.mx\/defabrica\/wp-json\/wp\/v2\/media?parent=89391"}],"wp:term":[{"taxonomy":"product_brand","embeddable":true,"href":"https:\/\/defabrica.com.mx\/defabrica\/wp-json\/wp\/v2\/product_brand?post=89391"},{"taxonomy":"product_cat","embeddable":true,"href":"https:\/\/defabrica.com.mx\/defabrica\/wp-json\/wp\/v2\/product_cat?post=89391"},{"taxonomy":"product_tag","embeddable":true,"href":"https:\/\/defabrica.com.mx\/defabrica\/wp-json\/wp\/v2\/product_tag?post=89391"}],"curies":[{"name":"wp","href":"https:\/\/api.w.org\/{rel}","templated":true}]}}