{"id":89352,"date":"2022-07-14T20:40:53","date_gmt":"2022-07-15T01:40:53","guid":{"rendered":"https:\/\/defabrica.com.mx\/defabrica\/?post_type=product&#038;p=89352"},"modified":"2023-01-18T13:43:00","modified_gmt":"2023-01-18T19:43:00","slug":"steelseries-raton-optico-inalambrico-para-juegos-rival-3-con-iluminacion-rgb-de-prisma-brillante-negro","status":"publish","type":"product","link":"https:\/\/defabrica.com.mx\/defabrica\/producto\/steelseries-raton-optico-inalambrico-para-juegos-rival-3-con-iluminacion-rgb-de-prisma-brillante-negro\/","title":{"rendered":"SteelSeries &#8211; Rat\u00f3n \u00f3ptico inal\u00e1mbrico para juegos Rival 3 con iluminaci\u00f3n RGB de prisma brillante &#8211; Negro"},"content":{"rendered":"<div class=\"embedded-component-container lv product-description\">\n<div>\n<div id=\"shop-product-description-31564\" class=\"_none\" data-version=\"1.3.46\">\n<div class=\"shop-product-description\">\n<section class=\"align-heading-left\" data-reactroot=\"\">\n<div class=\"long-description-container body-copy \">\n<div class=\"html-fragment\">El Rival 3 Wireless utiliza la tecnolog\u00eda inal\u00e1mbrica dual Quantum 2.0 para proporcionar una latencia ultrabaja inal\u00e1mbrica y una duraci\u00f3n de la bater\u00eda de m\u00e1s de 400 horas.\u00a0Con materiales hiperduraderos, un sensor de juego centrado en el rendimiento, interruptores mec\u00e1nicos de 60 millones de clics, memoria integrada y m\u00e1s, el Rival 3 ofrece rendimiento con la m\u00e1xima versatilidad.<\/div>\n<\/div>\n<\/section>\n<\/div>\n<\/div>\n<\/div>\n<\/div>\n<div class=\"embedded-component-container lv product-features\">\n<h3><\/h3>\n<h3 class=\"heading-5 v-fw-regular feature-heading\"><strong>Caracter\u00edsticas<\/strong><\/h3>\n<ul>\n<li><strong>Duraci\u00f3n de la bater\u00eda de un a\u00f1o<\/strong><br \/>\nLa revolucionaria tecnolog\u00eda de eficiencia energ\u00e9tica proporciona una duraci\u00f3n de la bater\u00eda de m\u00e1s de 400 horas l\u00edder en la industria para un uso ininterrumpido durante un a\u00f1o o m\u00e1s. Ahora puedes jugar con confianza durante cada momento crucial del juego sin la preocupaci\u00f3n de tener que cambiar la bater\u00eda.<\/li>\n<li><strong>Inal\u00e1mbrico dual Quantum 2.0<\/strong><br \/>\nLa nueva conectividad inal\u00e1mbrica de bajo consumo proporciona la flexibilidad de la conexi\u00f3n inal\u00e1mbrica ultrarr\u00e1pida para juegos a trav\u00e9s de 2,4 GHz y el pr\u00e1ctico Bluetooth 5.0 para el emparejamiento instant\u00e1neo en PC, Mac, port\u00e1tiles y m\u00e1s.<\/li>\n<li><strong>Latencia ultrabaja<\/strong><br \/>\nNuestra nueva tecnolog\u00eda inal\u00e1mbrica est\u00e1 dise\u00f1ada para una latencia casi nula y transmite las entradas del mouse a una incre\u00edble velocidad de 2 Mbps por aire. La optimizaci\u00f3n autom\u00e1tica de canales garantiza la estabilidad de un mouse con cable, por lo que nunca perder\u00e1 un p\u00edxel de seguimiento.<\/li>\n<li><strong>Sensor \u00f3ptico de juegos TrueMove Air<\/strong><br \/>\nEl sensor personalizado de 18 000 CPI, 400 IPS, 40G se desarroll\u00f3 con PixArt para garantizar el mejor rendimiento de su clase en los modos de 2,4 GHz y Bluetooth, para que pueda realizar disparos de precisi\u00f3n de manera confiable en situaciones de alta intensidad y disfrutar de un rendimiento incre\u00edble cuando est\u00e1 en la Vamos.<\/li>\n<li><strong>6 veces m\u00e1s duradero<\/strong><br \/>\nLos interruptores mec\u00e1nicos de 60 millones de clics est\u00e1n dise\u00f1ados para 6 veces la vida \u00fatil del clic est\u00e1ndar con una sensaci\u00f3n n\u00edtida constante al golpear cada disparo. Los materiales hiperresistentes pueden resistir el desgaste, por lo que nunca tendr\u00e1s que preocuparte por la durabilidad, ya sea que juegues intensamente o vayas a la escuela o al trabajo.<\/li>\n<\/ul>\n<\/div>\n","protected":false},"excerpt":{"rendered":"<p>El Rival 3 Wireless utiliza la tecnolog\u00eda inal\u00e1mbrica dual Quantum 2.0 para proporcionar una latencia ultrabaja inal\u00e1mbrica y una duraci\u00f3n de la bater\u00eda de m\u00e1s de 400 horas.\u00a0Con materiales hiperduraderos,<\/p>\n","protected":false},"featured_media":89353,"comment_status":"open","ping_status":"closed","template":"","meta":{"_acf_changed":false,"_joinchat":[]},"product_brand":[],"product_cat":[277,280,434],"product_tag":[],"class_list":{"0":"post-89352","1":"product","2":"type-product","3":"status-publish","4":"has-post-thumbnail","6":"product_cat-zona-gamer","7":"product_cat-pc-gaming","8":"product_cat-mouse-y-teclado-gamer","10":"first","11":"instock","12":"sale","13":"shipping-taxable","14":"purchasable","15":"product-type-simple"},"acf":[],"_links":{"self":[{"href":"https:\/\/defabrica.com.mx\/defabrica\/wp-json\/wp\/v2\/product\/89352","targetHints":{"allow":["GET"]}}],"collection":[{"href":"https:\/\/defabrica.com.mx\/defabrica\/wp-json\/wp\/v2\/product"}],"about":[{"href":"https:\/\/defabrica.com.mx\/defabrica\/wp-json\/wp\/v2\/types\/product"}],"replies":[{"embeddable":true,"href":"https:\/\/defabrica.com.mx\/defabrica\/wp-json\/wp\/v2\/comments?post=89352"}],"wp:featuredmedia":[{"embeddable":true,"href":"https:\/\/defabrica.com.mx\/defabrica\/wp-json\/wp\/v2\/media\/89353"}],"wp:attachment":[{"href":"https:\/\/defabrica.com.mx\/defabrica\/wp-json\/wp\/v2\/media?parent=89352"}],"wp:term":[{"taxonomy":"product_brand","embeddable":true,"href":"https:\/\/defabrica.com.mx\/defabrica\/wp-json\/wp\/v2\/product_brand?post=89352"},{"taxonomy":"product_cat","embeddable":true,"href":"https:\/\/defabrica.com.mx\/defabrica\/wp-json\/wp\/v2\/product_cat?post=89352"},{"taxonomy":"product_tag","embeddable":true,"href":"https:\/\/defabrica.com.mx\/defabrica\/wp-json\/wp\/v2\/product_tag?post=89352"}],"curies":[{"name":"wp","href":"https:\/\/api.w.org\/{rel}","templated":true}]}}