{"id":89328,"date":"2022-07-14T20:28:27","date_gmt":"2022-07-15T01:28:27","guid":{"rendered":"https:\/\/defabrica.com.mx\/defabrica\/?post_type=product&#038;p=89328"},"modified":"2023-01-18T13:41:35","modified_gmt":"2023-01-18T19:41:35","slug":"steelseries-apex-7-teclado-para-juegos-con-interruptor-lineal-rojo-mecanico-con-cable-de-tamano-completo-con-retroiluminacion-rgb-negro","status":"publish","type":"product","link":"https:\/\/defabrica.com.mx\/defabrica\/producto\/steelseries-apex-7-teclado-para-juegos-con-interruptor-lineal-rojo-mecanico-con-cable-de-tamano-completo-con-retroiluminacion-rgb-negro\/","title":{"rendered":"SteelSeries &#8211; Apex 7 Teclado para juegos con interruptor lineal rojo mec\u00e1nico con cable de tama\u00f1o completo con retroiluminaci\u00f3n RGB &#8211; Negro"},"content":{"rendered":"<p>Cree configuraciones de comandos personalizadas con este teclado mec\u00e1nico para juegos SteelSeries Apex 7.\u00a0Los interruptores rojos lineales ofrecen entradas suaves y r\u00e1pidas y duran hasta 50 millones de pulsaciones, ideales para un uso intensivo.\u00a0Este teclado mec\u00e1nico para juegos SteelSeries Apex 7 tiene una pantalla inteligente OLED incorporada, lo que le permite cambiar la configuraci\u00f3n de entrada e iluminaci\u00f3n sin software.<\/p>\n<h3><\/h3>\n<h3 class=\"heading-5 v-fw-regular feature-heading\"><strong>Caracter\u00edsticas<\/strong><\/h3>\n<ul>\n<li><strong>Interruptores mec\u00e1nicos para juegos rojos<\/strong><br \/>\nInterruptores de juego mec\u00e1nicos duraderos garantizados para 50 millones de pulsaciones de teclas.<\/li>\n<li><strong>Pantalla inteligente OLED<\/strong><br \/>\nLa pantalla inteligente OLED muestra perfiles, informaci\u00f3n del juego, mensajes de discordia y m\u00e1s.<\/li>\n<li><strong>Aleaci\u00f3n de aluminio de grado aeron\u00e1utico<\/strong><br \/>\nAleaci\u00f3n de aluminio de grado aeron\u00e1utico construida para una vida \u00fatil de durabilidad irrompible.<\/li>\n<li><strong>Iluminaci\u00f3n RGB din\u00e1mica por tecla<\/strong><br \/>\nPersonalizaci\u00f3n inigualable con 16,8 millones de colores de iluminaci\u00f3n por tecla.<\/li>\n<li><strong>Reposamu\u00f1ecas magn\u00e9tico premium<\/strong><br \/>\nEl reposamu\u00f1ecas magn\u00e9tico de primera calidad brinda soporte completo para la palma de la mano y una sensaci\u00f3n c\u00f3moda.<\/li>\n<li><strong>interfaz USB<\/strong><br \/>\nPermite una simple conexi\u00f3n por cable a su computadora.<\/li>\n<li><strong>Compatible con PC y Mac<\/strong><br \/>\nPara usar con su computadora actual.<\/li>\n<\/ul>\n","protected":false},"excerpt":{"rendered":"<p>Cree configuraciones de comandos personalizadas con este teclado mec\u00e1nico para juegos SteelSeries Apex 7.\u00a0Los interruptores rojos lineales ofrecen entradas suaves y r\u00e1pidas y duran hasta 50 millones de pulsaciones, ideales<\/p>\n","protected":false},"featured_media":89329,"comment_status":"open","ping_status":"closed","template":"","meta":{"_acf_changed":false,"_joinchat":[]},"product_brand":[],"product_cat":[277,280,434],"product_tag":[],"class_list":{"0":"post-89328","1":"product","2":"type-product","3":"status-publish","4":"has-post-thumbnail","6":"product_cat-zona-gamer","7":"product_cat-pc-gaming","8":"product_cat-mouse-y-teclado-gamer","10":"first","11":"instock","12":"sale","13":"shipping-taxable","14":"purchasable","15":"product-type-simple"},"acf":[],"_links":{"self":[{"href":"https:\/\/defabrica.com.mx\/defabrica\/wp-json\/wp\/v2\/product\/89328","targetHints":{"allow":["GET"]}}],"collection":[{"href":"https:\/\/defabrica.com.mx\/defabrica\/wp-json\/wp\/v2\/product"}],"about":[{"href":"https:\/\/defabrica.com.mx\/defabrica\/wp-json\/wp\/v2\/types\/product"}],"replies":[{"embeddable":true,"href":"https:\/\/defabrica.com.mx\/defabrica\/wp-json\/wp\/v2\/comments?post=89328"}],"wp:featuredmedia":[{"embeddable":true,"href":"https:\/\/defabrica.com.mx\/defabrica\/wp-json\/wp\/v2\/media\/89329"}],"wp:attachment":[{"href":"https:\/\/defabrica.com.mx\/defabrica\/wp-json\/wp\/v2\/media?parent=89328"}],"wp:term":[{"taxonomy":"product_brand","embeddable":true,"href":"https:\/\/defabrica.com.mx\/defabrica\/wp-json\/wp\/v2\/product_brand?post=89328"},{"taxonomy":"product_cat","embeddable":true,"href":"https:\/\/defabrica.com.mx\/defabrica\/wp-json\/wp\/v2\/product_cat?post=89328"},{"taxonomy":"product_tag","embeddable":true,"href":"https:\/\/defabrica.com.mx\/defabrica\/wp-json\/wp\/v2\/product_tag?post=89328"}],"curies":[{"name":"wp","href":"https:\/\/api.w.org\/{rel}","templated":true}]}}