{"id":89298,"date":"2022-07-14T20:09:38","date_gmt":"2022-07-15T01:09:38","guid":{"rendered":"https:\/\/defabrica.com.mx\/defabrica\/?post_type=product&#038;p=89298"},"modified":"2022-07-14T20:09:38","modified_gmt":"2022-07-15T01:09:38","slug":"razer-raton-inalambrico-para-juegos-deathadder-v2-pro-negro","status":"publish","type":"product","link":"https:\/\/defabrica.com.mx\/defabrica\/producto\/razer-raton-inalambrico-para-juegos-deathadder-v2-pro-negro\/","title":{"rendered":"Razer &#8211; Rat\u00f3n inal\u00e1mbrico para juegos DeathAdder V2 Pro &#8211; Negro"},"content":{"rendered":"<div class=\"embedded-component-container lv product-description\">\n<div>\n<div id=\"shop-product-description-30084862\" class=\"_none\" data-version=\"1.3.46\">\n<div class=\"shop-product-description\">\n<section class=\"align-heading-left\" data-reactroot=\"\">\n<div class=\"long-description-container body-copy \">\n<div class=\"html-fragment\"><span>Con m\u00e1s de 10 millones de DeathAdders vendidos, el mouse para juegos m\u00e1s exitoso de todos los tiempos ingresa a su pr\u00f3xima evoluci\u00f3n, marcando el comienzo de una nueva era de ergonom\u00eda inal\u00e1mbrica inigualable.\u00a0Impulsado por Razer HyperSpeed \u200b\u200bWireless ultrarr\u00e1pido para una total libertad de movimiento y una forma mejorada para un mayor manejo y comodidad.<\/span><\/div>\n<\/div>\n<\/section>\n<\/div>\n<\/div>\n<\/div>\n<\/div>\n<div class=\"embedded-component-container lv product-features\">\n<h3><\/h3>\n<h3 class=\"heading-5 v-fw-regular feature-heading\"><strong>Caracter\u00edsticas<\/strong><\/h3>\n<ul>\n<li><strong>Razer HyperSpeed \u200b\u200bWireless para una conexi\u00f3n m\u00e1s r\u00e1pida que los ratones con cable<\/strong><br \/>\nCon una transmisi\u00f3n de alta velocidad, una latencia extremadamente baja y un cambio de frecuencia continuo en los entornos m\u00e1s ruidosos, ni siquiera se dar\u00e1 cuenta de que est\u00e1 jugando con un mouse inal\u00e1mbrico.<\/li>\n<li><strong>Sensor \u00f3ptico Razer Focus+ 20K DPI para una precisi\u00f3n de vanguardia<\/strong><br \/>\nUsando nuevas funciones inteligentes como la sincronizaci\u00f3n de movimiento y el corte asim\u00e9trico, nuestro sensor rastrea perfectamente su movimiento sin giros, lo que permite una respuesta n\u00edtida y una precisi\u00f3n precisa de p\u00edxeles.<\/li>\n<li><strong>Interruptor de mouse \u00f3ptico Razer de segunda generaci\u00f3n para actuaci\u00f3n a la velocidad de la luz<\/strong><br \/>\nCada clic se activa a 0,2 ms sin demora de rebote para brindarle una ejecuci\u00f3n r\u00e1pida y limpia de hasta 70 millones de clics: un dise\u00f1o m\u00e1s r\u00e1pido y duradero que elimina los problemas de doble clic no deseados.<\/li>\n<li><strong>70 horas de duraci\u00f3n de la bater\u00eda (Razer HyperSpeed) para un juego ininterrumpido<\/strong><br \/>\nCon el beneficio de la conectividad dual, disfrute de hasta 100 horas de duraci\u00f3n de la bater\u00eda en modo Bluetooth, o hasta 70 horas de rendimiento ultrarr\u00e1pido cuando cambie a Razer HyperSpeed \u200b\u200bWireless.<\/li>\n<li><strong>Forma ergon\u00f3mica de 88 g para m\u00e1xima comodidad<\/strong><br \/>\nManteni\u00e9ndonos fielmente a su mejor forma ergon\u00f3mica en su clase, la hemos refinado a\u00fan m\u00e1s para una mayor comodidad y manejo, lo que le permite disfrutar de los m\u00e1s altos niveles de rendimiento mientras compite.<\/li>\n<\/ul>\n<\/div>\n","protected":false},"excerpt":{"rendered":"<p>Con m\u00e1s de 10 millones de DeathAdders vendidos, el mouse para juegos m\u00e1s exitoso de todos los tiempos ingresa a su pr\u00f3xima evoluci\u00f3n, marcando el comienzo de una nueva era<\/p>\n","protected":false},"featured_media":89299,"comment_status":"open","ping_status":"closed","template":"","meta":{"_acf_changed":false,"_joinchat":[]},"product_brand":[],"product_cat":[277,280,434],"product_tag":[],"class_list":{"0":"post-89298","1":"product","2":"type-product","3":"status-publish","4":"has-post-thumbnail","6":"product_cat-zona-gamer","7":"product_cat-pc-gaming","8":"product_cat-mouse-y-teclado-gamer","10":"first","11":"instock","12":"sale","13":"shipping-taxable","14":"purchasable","15":"product-type-simple"},"acf":[],"_links":{"self":[{"href":"https:\/\/defabrica.com.mx\/defabrica\/wp-json\/wp\/v2\/product\/89298","targetHints":{"allow":["GET"]}}],"collection":[{"href":"https:\/\/defabrica.com.mx\/defabrica\/wp-json\/wp\/v2\/product"}],"about":[{"href":"https:\/\/defabrica.com.mx\/defabrica\/wp-json\/wp\/v2\/types\/product"}],"replies":[{"embeddable":true,"href":"https:\/\/defabrica.com.mx\/defabrica\/wp-json\/wp\/v2\/comments?post=89298"}],"wp:featuredmedia":[{"embeddable":true,"href":"https:\/\/defabrica.com.mx\/defabrica\/wp-json\/wp\/v2\/media\/89299"}],"wp:attachment":[{"href":"https:\/\/defabrica.com.mx\/defabrica\/wp-json\/wp\/v2\/media?parent=89298"}],"wp:term":[{"taxonomy":"product_brand","embeddable":true,"href":"https:\/\/defabrica.com.mx\/defabrica\/wp-json\/wp\/v2\/product_brand?post=89298"},{"taxonomy":"product_cat","embeddable":true,"href":"https:\/\/defabrica.com.mx\/defabrica\/wp-json\/wp\/v2\/product_cat?post=89298"},{"taxonomy":"product_tag","embeddable":true,"href":"https:\/\/defabrica.com.mx\/defabrica\/wp-json\/wp\/v2\/product_tag?post=89298"}],"curies":[{"name":"wp","href":"https:\/\/api.w.org\/{rel}","templated":true}]}}