{"id":89286,"date":"2022-07-14T20:01:12","date_gmt":"2022-07-15T01:01:12","guid":{"rendered":"https:\/\/defabrica.com.mx\/defabrica\/?post_type=product&#038;p=89286"},"modified":"2023-01-18T13:37:07","modified_gmt":"2023-01-18T19:37:07","slug":"razer-raton-optico-inalambrico-para-juegos-basilisk-ultimate-con-tecnologia-hyperspeed-%e2%80%8b%e2%80%8by-base-de-carga-negro","status":"publish","type":"product","link":"https:\/\/defabrica.com.mx\/defabrica\/producto\/razer-raton-optico-inalambrico-para-juegos-basilisk-ultimate-con-tecnologia-hyperspeed-%e2%80%8b%e2%80%8by-base-de-carga-negro\/","title":{"rendered":"Razer &#8211; Rat\u00f3n \u00f3ptico inal\u00e1mbrico para juegos Basilisk Ultimate con tecnolog\u00eda HyperSpeed \u200b\u200by base de carga &#8211; Negro"},"content":{"rendered":"<p>Mejora tu punter\u00eda con este rat\u00f3n inal\u00e1mbrico para juegos Razer Basilisk.\u00a0La tecnolog\u00eda inal\u00e1mbrica HyperSpeed \u200b\u200bminimiza la latencia y el sensor \u00f3ptico Focus+ le permite apuntar con precisi\u00f3n con una sensibilidad de hasta 20 000 ppp.\u00a0Este mouse inal\u00e1mbrico para juegos Razer Basilisk le permite personalizar su esquema de control asignando macros y funciones de uso frecuente a los 11 botones programables.<\/p>\n<h3><\/h3>\n<h3 class=\"heading-5 v-fw-regular feature-heading\"><strong>Caracter\u00edsticas<\/strong><\/h3>\n<ul>\n<li><strong>Tecnolog\u00eda inal\u00e1mbrica HyperSpeed<\/strong><br \/>\nCon una latencia extremadamente baja y un cambio de frecuencia continuo en los entornos m\u00e1s ruidosos.<\/li>\n<li><strong>Sensor \u00f3ptico Razer Focus+ 20K<\/strong><br \/>\nGarantiza que se rastree incluso el movimiento m\u00e1s fino de su mouse, lo que le brinda un alto nivel de precisi\u00f3n para disparos a la cabeza ganadores del juego y maniobras altamente esquivas.<\/li>\n<li><strong>Bater\u00eda de larga duraci\u00f3n<\/strong><br \/>\nHasta 110 horas de duraci\u00f3n de la bater\u00eda.<\/li>\n<li><strong>Razer croma<\/strong><br \/>\nCuenta con 14 zonas de iluminaci\u00f3n Razer Chroma con 16,8 millones de colores, que iluminan perfectamente tu juego. Cada zona de iluminaci\u00f3n se puede programar individualmente en Chroma Studio.<\/li>\n<li><strong>Interruptor de rat\u00f3n \u00f3ptico Razer<\/strong><br \/>\nDurable para hasta 70 millones de clics.<\/li>\n<li><strong>11 botones programables<\/strong><br \/>\nAsigne macros y funciones secundarias para hasta 11 botones programables, incluida la reconocida paleta multifunci\u00f3n, para ejecutar m\u00faltiples movimientos r\u00e1pidamente.<\/li>\n<li><strong>Resistencia de la rueda de desplazamiento personalizable<\/strong><br \/>\nAjuste la resistencia de la rueda de desplazamiento seg\u00fan sus preferencias a trav\u00e9s de un dial debajo del mouse.<\/li>\n<li><strong>Compatible con la mayor\u00eda de las computadoras Windows y Mac<\/strong><br \/>\nFunciona en una amplia gama de computadoras.<\/li>\n<\/ul>\n","protected":false},"excerpt":{"rendered":"<p>Mejora tu punter\u00eda con este rat\u00f3n inal\u00e1mbrico para juegos Razer Basilisk.\u00a0La tecnolog\u00eda inal\u00e1mbrica HyperSpeed \u200b\u200bminimiza la latencia y el sensor \u00f3ptico Focus+ le permite apuntar con precisi\u00f3n con una sensibilidad<\/p>\n","protected":false},"featured_media":89287,"comment_status":"open","ping_status":"closed","template":"","meta":{"_acf_changed":false,"_joinchat":[]},"product_brand":[],"product_cat":[1515,277,280,434],"product_tag":[],"class_list":{"0":"post-89286","1":"product","2":"type-product","3":"status-publish","4":"has-post-thumbnail","6":"product_cat-ofetas-zonagamer","7":"product_cat-zona-gamer","8":"product_cat-pc-gaming","9":"product_cat-mouse-y-teclado-gamer","11":"first","12":"instock","13":"sale","14":"shipping-taxable","15":"purchasable","16":"product-type-simple"},"acf":[],"_links":{"self":[{"href":"https:\/\/defabrica.com.mx\/defabrica\/wp-json\/wp\/v2\/product\/89286","targetHints":{"allow":["GET"]}}],"collection":[{"href":"https:\/\/defabrica.com.mx\/defabrica\/wp-json\/wp\/v2\/product"}],"about":[{"href":"https:\/\/defabrica.com.mx\/defabrica\/wp-json\/wp\/v2\/types\/product"}],"replies":[{"embeddable":true,"href":"https:\/\/defabrica.com.mx\/defabrica\/wp-json\/wp\/v2\/comments?post=89286"}],"wp:featuredmedia":[{"embeddable":true,"href":"https:\/\/defabrica.com.mx\/defabrica\/wp-json\/wp\/v2\/media\/89287"}],"wp:attachment":[{"href":"https:\/\/defabrica.com.mx\/defabrica\/wp-json\/wp\/v2\/media?parent=89286"}],"wp:term":[{"taxonomy":"product_brand","embeddable":true,"href":"https:\/\/defabrica.com.mx\/defabrica\/wp-json\/wp\/v2\/product_brand?post=89286"},{"taxonomy":"product_cat","embeddable":true,"href":"https:\/\/defabrica.com.mx\/defabrica\/wp-json\/wp\/v2\/product_cat?post=89286"},{"taxonomy":"product_tag","embeddable":true,"href":"https:\/\/defabrica.com.mx\/defabrica\/wp-json\/wp\/v2\/product_tag?post=89286"}],"curies":[{"name":"wp","href":"https:\/\/api.w.org\/{rel}","templated":true}]}}