{"id":89109,"date":"2022-07-14T12:15:18","date_gmt":"2022-07-14T17:15:18","guid":{"rendered":"https:\/\/defabrica.com.mx\/defabrica\/?post_type=product&#038;p=89109"},"modified":"2023-01-18T13:28:00","modified_gmt":"2023-01-18T19:28:00","slug":"razer-huntsman-mini-60-teclado-optico-para-juegos-con-interruptor-clicky-con-cable-con-retroiluminacion-chroma-rgb-negro","status":"publish","type":"product","link":"https:\/\/defabrica.com.mx\/defabrica\/producto\/razer-huntsman-mini-60-teclado-optico-para-juegos-con-interruptor-clicky-con-cable-con-retroiluminacion-chroma-rgb-negro\/","title":{"rendered":"Razer &#8211; Huntsman Mini 60% Teclado \u00f3ptico para juegos con interruptor Clicky con cable con retroiluminaci\u00f3n Chroma RGB &#8211; Negro"},"content":{"rendered":"<div class=\"embedded-component-container lv product-description\">\n<div>\n<div id=\"shop-product-description-38008289\" class=\"_none\" data-version=\"1.3.45\">\n<div class=\"shop-product-description\">\n<section class=\"align-heading-left\" data-reactroot=\"\">\n<div class=\"long-description-container body-copy \">\n<div class=\"html-fragment\">Domina en una escala diferente con el Razer Huntsman Mini TKL, un teclado para juegos al 60 % con interruptores \u00f3pticos Razer Clicky de \u00faltima generaci\u00f3n.\u00a0Altamente port\u00e1til e ideal para configuraciones simplificadas, es hora de experimentar una actuaci\u00f3n ultrarr\u00e1pida en nuestro factor de forma m\u00e1s compacto hasta el momento.<\/div>\n<\/div>\n<\/section>\n<\/div>\n<\/div>\n<\/div>\n<\/div>\n<div class=\"embedded-component-container lv product-features\">\n<h3><\/h3>\n<h3 class=\"heading-5 v-fw-regular feature-heading\"><strong>Caracter\u00edsticas<\/strong><\/h3>\n<ul>\n<li><strong>Interruptores \u00f3pticos Razer para actuaci\u00f3n a la velocidad de la luz<\/strong><br \/>\nOfrece actuaciones m\u00e1s r\u00e1pidas, livianas y suaves que los interruptores mec\u00e1nicos y dura m\u00e1s, ya que requiere menos piezas m\u00f3viles que funcionan con menos fricci\u00f3n. Disponible en tres variantes: Lineal, Clicky y Anal\u00f3gico<\/li>\n<li><strong>Teclas PBT de doble disparo con funciones secundarias impresas en el lateral para una calidad texturizada superior<\/strong><br \/>\nDise\u00f1ados para una mayor durabilidad, nunca se degradar\u00e1n a un acabado brillante ni se desgastar\u00e1n las etiquetas con el uso intenso. Se incluyen funciones secundarias impresas lateralmente para una referencia m\u00e1s f\u00e1cil.<\/li>\n<li><strong>Memoria integrada y preajustes de iluminaci\u00f3n para llevar tus ajustes a cualquier parte<\/strong><br \/>\nAlmacene y active hasta 5 perfiles de teclado sin necesidad de software, mientras lo personaliza a\u00fan m\u00e1s con un conjunto de efectos de iluminaci\u00f3n Razer Chroma RGB ya cargados en el teclado.<\/li>\n<li><strong>Factor de forma del 60 % para una experiencia de juego port\u00e1til y optimizada<\/strong><br \/>\nIdeal para configuraciones minimalistas o m\u00e1s peque\u00f1as donde el espacio en el escritorio es primordial. Su construcci\u00f3n compacta tambi\u00e9n significa que se desplaza bien y es m\u00e1s f\u00e1cil de colocar cuando se juega, lo que le permite jugar con mayor comodidad.<\/li>\n<li><strong>Cable tipo C desmontable para facilitar la instalaci\u00f3n y el almacenamiento<\/strong><br \/>\nDesempaque, conecte y juegue con el m\u00ednimo esfuerzo para todas sus fiestas LAN y torneos. Un pestillo de cable asegura que permanezca conectado de forma segura durante el juego.<\/li>\n<li><strong>Construcci\u00f3n de aluminio para una mayor durabilidad.<\/strong><br \/>\nLa carcasa es lo suficientemente robusta para soportar largas horas de uso intenso y regular y tiene un acabado mate limpio.<\/li>\n<\/ul>\n<\/div>\n","protected":false},"excerpt":{"rendered":"<p>Domina en una escala diferente con el Razer Huntsman Mini TKL, un teclado para juegos al 60 % con interruptores \u00f3pticos Razer Clicky de \u00faltima generaci\u00f3n.\u00a0Altamente port\u00e1til e ideal para<\/p>\n","protected":false},"featured_media":89111,"comment_status":"open","ping_status":"closed","template":"","meta":{"_acf_changed":false,"_joinchat":[]},"product_brand":[],"product_cat":[277,280,434],"product_tag":[],"class_list":{"0":"post-89109","1":"product","2":"type-product","3":"status-publish","4":"has-post-thumbnail","6":"product_cat-zona-gamer","7":"product_cat-pc-gaming","8":"product_cat-mouse-y-teclado-gamer","10":"first","11":"instock","12":"sale","13":"shipping-taxable","14":"purchasable","15":"product-type-simple"},"acf":[],"_links":{"self":[{"href":"https:\/\/defabrica.com.mx\/defabrica\/wp-json\/wp\/v2\/product\/89109","targetHints":{"allow":["GET"]}}],"collection":[{"href":"https:\/\/defabrica.com.mx\/defabrica\/wp-json\/wp\/v2\/product"}],"about":[{"href":"https:\/\/defabrica.com.mx\/defabrica\/wp-json\/wp\/v2\/types\/product"}],"replies":[{"embeddable":true,"href":"https:\/\/defabrica.com.mx\/defabrica\/wp-json\/wp\/v2\/comments?post=89109"}],"wp:featuredmedia":[{"embeddable":true,"href":"https:\/\/defabrica.com.mx\/defabrica\/wp-json\/wp\/v2\/media\/89111"}],"wp:attachment":[{"href":"https:\/\/defabrica.com.mx\/defabrica\/wp-json\/wp\/v2\/media?parent=89109"}],"wp:term":[{"taxonomy":"product_brand","embeddable":true,"href":"https:\/\/defabrica.com.mx\/defabrica\/wp-json\/wp\/v2\/product_brand?post=89109"},{"taxonomy":"product_cat","embeddable":true,"href":"https:\/\/defabrica.com.mx\/defabrica\/wp-json\/wp\/v2\/product_cat?post=89109"},{"taxonomy":"product_tag","embeddable":true,"href":"https:\/\/defabrica.com.mx\/defabrica\/wp-json\/wp\/v2\/product_tag?post=89109"}],"curies":[{"name":"wp","href":"https:\/\/api.w.org\/{rel}","templated":true}]}}