{"id":89035,"date":"2022-07-14T05:39:24","date_gmt":"2022-07-14T10:39:24","guid":{"rendered":"https:\/\/defabrica.com.mx\/defabrica\/?post_type=product&#038;p=89035"},"modified":"2022-07-14T05:39:24","modified_gmt":"2022-07-14T10:39:24","slug":"babylons-fall-playstation-5","status":"publish","type":"product","link":"https:\/\/defabrica.com.mx\/defabrica\/producto\/babylons-fall-playstation-5\/","title":{"rendered":"Babylon&#8217;s Fall &#8211; PlayStation 5"},"content":{"rendered":"<p><span>Experimenta el combate caracter\u00edstico del aclamado desarrollador PlatinumGames en BABYLON&#8217;S FALL con hasta otros 3 jugadores o enfr\u00e9ntate solo a la Torre de Babel, en este nuevo juego de rol de acci\u00f3n cooperativo.\u00a0<\/span><span>Despu\u00e9s de que los babilonios perecieran, solo qued\u00f3 su gran torre \u00abEl Ziggurat\u00bb.\u00a0<\/span><span>Ahora, un nuevo imperio ha llegado para saquear sus ruinas y descubrir sus legendarios tesoros.\u00a0<\/span><span>Une fuerzas con otros Sentinels, s\u00fabditos reacios implantados a la fuerza con Gideon Coffin, reliquias que otorgan a los pocos supervivientes poderes sin igual.<\/span><\/p>\n<h3 class=\"heading-5 v-fw-regular feature-heading\"><strong>Caracter\u00edsticas<\/strong><\/h3>\n<div class=\"list-row\"><\/div>\n<div class=\"list-row\">\n<ul>\n<li><strong>Elige tu estilo de juego entre m\u00faltiples y variados tipos de armas, cada uno con sus propias habilidades y destrezas distintas.<\/strong><\/li>\n<li><strong>Personaliza tu carga para empu\u00f1ar hasta 4 armas en cualquier momento.<\/strong><\/li>\n<li><strong>Explore un rico escenario de fantas\u00eda que se inspira en las pinturas al \u00f3leo medievales.<\/strong><\/li>\n<\/ul>\n<\/div>\n","protected":false},"excerpt":{"rendered":"<p>Experimenta el combate caracter\u00edstico del aclamado desarrollador PlatinumGames en BABYLON&#8217;S FALL con hasta otros 3 jugadores o enfr\u00e9ntate solo a la Torre de Babel, en este nuevo juego de rol<\/p>\n","protected":false},"featured_media":89036,"comment_status":"open","ping_status":"closed","template":"","meta":{"_acf_changed":false,"_joinchat":[]},"product_brand":[],"product_cat":[277,894],"product_tag":[],"class_list":{"0":"post-89035","1":"product","2":"type-product","3":"status-publish","4":"has-post-thumbnail","6":"product_cat-zona-gamer","7":"product_cat-videojuegos","9":"first","10":"instock","11":"sale","12":"shipping-taxable","13":"purchasable","14":"product-type-simple"},"acf":[],"_links":{"self":[{"href":"https:\/\/defabrica.com.mx\/defabrica\/wp-json\/wp\/v2\/product\/89035","targetHints":{"allow":["GET"]}}],"collection":[{"href":"https:\/\/defabrica.com.mx\/defabrica\/wp-json\/wp\/v2\/product"}],"about":[{"href":"https:\/\/defabrica.com.mx\/defabrica\/wp-json\/wp\/v2\/types\/product"}],"replies":[{"embeddable":true,"href":"https:\/\/defabrica.com.mx\/defabrica\/wp-json\/wp\/v2\/comments?post=89035"}],"wp:featuredmedia":[{"embeddable":true,"href":"https:\/\/defabrica.com.mx\/defabrica\/wp-json\/wp\/v2\/media\/89036"}],"wp:attachment":[{"href":"https:\/\/defabrica.com.mx\/defabrica\/wp-json\/wp\/v2\/media?parent=89035"}],"wp:term":[{"taxonomy":"product_brand","embeddable":true,"href":"https:\/\/defabrica.com.mx\/defabrica\/wp-json\/wp\/v2\/product_brand?post=89035"},{"taxonomy":"product_cat","embeddable":true,"href":"https:\/\/defabrica.com.mx\/defabrica\/wp-json\/wp\/v2\/product_cat?post=89035"},{"taxonomy":"product_tag","embeddable":true,"href":"https:\/\/defabrica.com.mx\/defabrica\/wp-json\/wp\/v2\/product_tag?post=89035"}],"curies":[{"name":"wp","href":"https:\/\/api.w.org\/{rel}","templated":true}]}}