{"id":88954,"date":"2022-07-14T03:56:44","date_gmt":"2022-07-14T08:56:44","guid":{"rendered":"https:\/\/defabrica.com.mx\/defabrica\/?post_type=product&#038;p=88954"},"modified":"2023-01-18T13:17:09","modified_gmt":"2023-01-18T19:17:09","slug":"spellforce-3-reforced-xbox-series-x","status":"publish","type":"product","link":"https:\/\/defabrica.com.mx\/defabrica\/producto\/spellforce-3-reforced-xbox-series-x\/","title":{"rendered":"SpellForce 3 Reforced &#8211; Xbox Series X"},"content":{"rendered":"<p>SpellForce III Reforced es una combinaci\u00f3n \u00fanica de una historia \u00e9pica de rol combinada con elementos de estrategia accesibles en tiempo real, dise\u00f1ada para ofrecer una experiencia de consola fascinante tanto a los fan\u00e1ticos como a los reci\u00e9n llegados. Es el a\u00f1o 518. La rebeli\u00f3n de los magos renegados, conocida como el Mage Wars, ha sido anulado por la Corona.\u00a0Sin embargo, fue una victoria p\u00edrrica: regiones enteras han ca\u00eddo en la anarqu\u00eda, los refugiados deambulan por las tierras en busca de refugio y una plaga misteriosa y mortal llamada \u00abBloodburn\u00bb ha surgido y se est\u00e1 extendiendo r\u00e1pidamente.<\/p>\n<h3 class=\"heading-5 v-fw-regular feature-heading\"><strong>Caracter\u00edsticas<\/strong><\/h3>\n<ul>\n<li><strong>Mezcla innovadora: juego \u00fanico que combina RTS y RPG de forma natural<\/strong><\/li>\n<li><strong>Optimizado para consolas: integraci\u00f3n intuitiva de gamepad e interfaz de usuario personalizada para controlar sin problemas una combinaci\u00f3n de estrategia\/RPG con mec\u00e1nicas complejas<\/strong><\/li>\n<li><strong>Crear y personalizar: crea tu propio h\u00e9roe y elige entre distintos \u00e1rboles de habilidades<\/strong><\/li>\n<li><strong>Build to Fight: Forma tu propio ej\u00e9rcito y lucha en \u00e9picas batallas masivas.<\/strong><\/li>\n<li><strong>Argumento \u00e9pico: sum\u00e9rgete en un mundo rico: descubre los secretos detr\u00e1s de la situaci\u00f3n actual en Nortander. Explore Eo, un mundo completamente realizado lleno de personajes interesantes e historias desgarradoras.<\/strong><\/li>\n<\/ul>\n","protected":false},"excerpt":{"rendered":"<p>SpellForce III Reforced es una combinaci\u00f3n \u00fanica de una historia \u00e9pica de rol combinada con elementos de estrategia accesibles en tiempo real, dise\u00f1ada para ofrecer una experiencia de consola fascinante<\/p>\n","protected":false},"featured_media":88956,"comment_status":"open","ping_status":"closed","template":"","meta":{"_acf_changed":false,"_joinchat":[]},"product_brand":[],"product_cat":[1515,277,894],"product_tag":[],"class_list":{"0":"post-88954","1":"product","2":"type-product","3":"status-publish","4":"has-post-thumbnail","6":"product_cat-ofetas-zonagamer","7":"product_cat-zona-gamer","8":"product_cat-videojuegos","10":"first","11":"instock","12":"sale","13":"shipping-taxable","14":"purchasable","15":"product-type-simple"},"acf":[],"_links":{"self":[{"href":"https:\/\/defabrica.com.mx\/defabrica\/wp-json\/wp\/v2\/product\/88954","targetHints":{"allow":["GET"]}}],"collection":[{"href":"https:\/\/defabrica.com.mx\/defabrica\/wp-json\/wp\/v2\/product"}],"about":[{"href":"https:\/\/defabrica.com.mx\/defabrica\/wp-json\/wp\/v2\/types\/product"}],"replies":[{"embeddable":true,"href":"https:\/\/defabrica.com.mx\/defabrica\/wp-json\/wp\/v2\/comments?post=88954"}],"wp:featuredmedia":[{"embeddable":true,"href":"https:\/\/defabrica.com.mx\/defabrica\/wp-json\/wp\/v2\/media\/88956"}],"wp:attachment":[{"href":"https:\/\/defabrica.com.mx\/defabrica\/wp-json\/wp\/v2\/media?parent=88954"}],"wp:term":[{"taxonomy":"product_brand","embeddable":true,"href":"https:\/\/defabrica.com.mx\/defabrica\/wp-json\/wp\/v2\/product_brand?post=88954"},{"taxonomy":"product_cat","embeddable":true,"href":"https:\/\/defabrica.com.mx\/defabrica\/wp-json\/wp\/v2\/product_cat?post=88954"},{"taxonomy":"product_tag","embeddable":true,"href":"https:\/\/defabrica.com.mx\/defabrica\/wp-json\/wp\/v2\/product_tag?post=88954"}],"curies":[{"name":"wp","href":"https:\/\/api.w.org\/{rel}","templated":true}]}}