{"id":88928,"date":"2022-07-14T03:30:08","date_gmt":"2022-07-14T08:30:08","guid":{"rendered":"https:\/\/defabrica.com.mx\/defabrica\/?post_type=product&#038;p=88928"},"modified":"2023-01-18T13:15:47","modified_gmt":"2023-01-18T19:15:47","slug":"wreckfest-nintendo-switch","status":"publish","type":"product","link":"https:\/\/defabrica.com.mx\/defabrica\/producto\/wreckfest-nintendo-switch\/","title":{"rendered":"Wreckfest &#8211; Nintendo Switch"},"content":{"rendered":"<div class=\"embedded-component-container lv product-description\">\n<div>\n<div id=\"shop-product-description-67547733\" class=\"_none\" data-version=\"1.3.45\">\n<div class=\"shop-product-description\">\n<section class=\"align-heading-left\" data-reactroot=\"\">\n<div class=\"long-description-container body-copy \">\n<div class=\"html-fragment\">Wreckfest est\u00e1 repleto de opciones de actualizaci\u00f3n y personalizaci\u00f3n.\u00a0Ya sea que se est\u00e9 preparando para su pr\u00f3ximo derby de demolici\u00f3n con parachoques reforzados, jaulas antivuelco, protectores laterales y mucho m\u00e1s, o preparando su autom\u00f3vil para una carrera explosiva con piezas de rendimiento del motor como filtros de aire, \u00e1rboles de levas, sistemas de combustible, etc., Wreckfest est\u00e1 tomando forma. hasta convertirse en el mejor juego de automovilismo combativo que existe.<\/div>\n<\/div>\n<\/section>\n<\/div>\n<\/div>\n<\/div>\n<\/div>\n<div class=\"embedded-component-container lv product-features\">\n<h3><\/h3>\n<h3 class=\"heading-5 v-fw-regular feature-heading\"><strong>Caracter\u00edsticas<\/strong><\/h3>\n<ul>\n<li><strong>Experiencia de carrera \u00fanica<\/strong><br \/>\nEmocionante acci\u00f3n de carreras sin reglas con momentos definitorios \u00fanicos en la vida que solo se pueden lograr con una simulaci\u00f3n f\u00edsica real.<\/li>\n<li><strong>Coches Impresionantes<\/strong><br \/>\nNuestros autos son viejos, golpeados, remendados&#8230; \u00a1Rezuman estilo y car\u00e1cter! Desde viejos pesos pesados \u200b\u200bestadounidenses hasta \u00e1giles europeos y divertidos asi\u00e1ticos, no encontrar\u00e1s nada como esto en otros juegos.<\/li>\n<li><strong>Personalizaci\u00f3n significativa<\/strong><br \/>\nCambie no solo el aspecto de sus autos, sino tambi\u00e9n mejore su armadura: refu\u00e9rcelos con hierro pesado que lo protege de da\u00f1os, pero tambi\u00e9n agrega peso, lo que afecta el manejo de los autos.<\/li>\n<li><strong>multijugador<\/strong><br \/>\n\u00a1Destruye a tus amigos en l\u00ednea y lleva las carreras al l\u00edmite mientras persigues el dominio de la demolici\u00f3n!<\/li>\n<li><strong>Modo Desaf\u00edo<\/strong><br \/>\n\u00a1Divi\u00e9rtete de lo lindo con cosechadoras, cortadoras de c\u00e9sped, autobuses escolares, veh\u00edculos de tres ruedas y mucho m\u00e1s!<\/li>\n<\/ul>\n<\/div>\n","protected":false},"excerpt":{"rendered":"<p>Wreckfest est\u00e1 repleto de opciones de actualizaci\u00f3n y personalizaci\u00f3n.\u00a0Ya sea que se est\u00e9 preparando para su pr\u00f3ximo derby de demolici\u00f3n con parachoques reforzados, jaulas antivuelco, protectores laterales y mucho m\u00e1s,<\/p>\n","protected":false},"featured_media":88933,"comment_status":"open","ping_status":"closed","template":"","meta":{"_acf_changed":false,"_joinchat":[]},"product_brand":[],"product_cat":[277,894],"product_tag":[],"class_list":{"0":"post-88928","1":"product","2":"type-product","3":"status-publish","4":"has-post-thumbnail","6":"product_cat-zona-gamer","7":"product_cat-videojuegos","9":"first","10":"instock","11":"sale","12":"shipping-taxable","13":"purchasable","14":"product-type-simple"},"acf":[],"_links":{"self":[{"href":"https:\/\/defabrica.com.mx\/defabrica\/wp-json\/wp\/v2\/product\/88928","targetHints":{"allow":["GET"]}}],"collection":[{"href":"https:\/\/defabrica.com.mx\/defabrica\/wp-json\/wp\/v2\/product"}],"about":[{"href":"https:\/\/defabrica.com.mx\/defabrica\/wp-json\/wp\/v2\/types\/product"}],"replies":[{"embeddable":true,"href":"https:\/\/defabrica.com.mx\/defabrica\/wp-json\/wp\/v2\/comments?post=88928"}],"wp:featuredmedia":[{"embeddable":true,"href":"https:\/\/defabrica.com.mx\/defabrica\/wp-json\/wp\/v2\/media\/88933"}],"wp:attachment":[{"href":"https:\/\/defabrica.com.mx\/defabrica\/wp-json\/wp\/v2\/media?parent=88928"}],"wp:term":[{"taxonomy":"product_brand","embeddable":true,"href":"https:\/\/defabrica.com.mx\/defabrica\/wp-json\/wp\/v2\/product_brand?post=88928"},{"taxonomy":"product_cat","embeddable":true,"href":"https:\/\/defabrica.com.mx\/defabrica\/wp-json\/wp\/v2\/product_cat?post=88928"},{"taxonomy":"product_tag","embeddable":true,"href":"https:\/\/defabrica.com.mx\/defabrica\/wp-json\/wp\/v2\/product_tag?post=88928"}],"curies":[{"name":"wp","href":"https:\/\/api.w.org\/{rel}","templated":true}]}}