{"id":88925,"date":"2022-07-14T03:17:08","date_gmt":"2022-07-14T08:17:08","guid":{"rendered":"https:\/\/defabrica.com.mx\/defabrica\/?post_type=product&#038;p=88925"},"modified":"2022-07-14T03:21:49","modified_gmt":"2022-07-14T08:21:49","slug":"assassins-creed-valhalla-edicion-de-oro-steelbook-xbox-one-xbox-series-x","status":"publish","type":"product","link":"https:\/\/defabrica.com.mx\/defabrica\/producto\/assassins-creed-valhalla-edicion-de-oro-steelbook-xbox-one-xbox-series-x\/","title":{"rendered":"Assassin&#8217;s Creed Valhalla Edici\u00f3n de Oro SteelBook &#8211; Xbox One, Xbox Series X"},"content":{"rendered":"<div class=\"embedded-component-container lv product-description\">\n<div>\n<div id=\"shop-product-description-71238197\" class=\"_none\" data-version=\"1.3.45\">\n<div class=\"shop-product-description\">\n<section class=\"align-heading-left\" data-reactroot=\"\">\n<div class=\"long-description-container body-copy \">\n<div class=\"html-fragment\">Para actualizar las copias de discos f\u00edsicos elegibles, se requiere una consola con una unidad de disco. Visite ubi.li\/NextGenUpgrades para obtener m\u00e1s detalles. Incluye el juego, el SteelBook y el pase de temporada. Convi\u00e9rtete en Eivor, un asaltante vikingo legendario en busca de la gloria. Explora la Edad Media de Inglaterra mientras atacas a tus enemigos, haces crecer tu asentamiento y construyes tu poder pol\u00edtico.<\/div>\n<\/div>\n<\/section>\n<\/div>\n<\/div>\n<\/div>\n<\/div>\n<div class=\"embedded-component-container lv product-features\">\n<h3><\/h3>\n<h3 class=\"heading-5 v-fw-regular feature-heading\"><strong>Caracter\u00edsticas<\/strong><\/h3>\n<ul>\n<li><strong>Lidera \u00e9picas incursiones vikingas contra las tropas y fortalezas sajonas.<\/strong><\/li>\n<li><strong>Revive el estilo de lucha visceral de los vikingos mientras empu\u00f1as dos poderosas armas.<\/strong><\/li>\n<li><strong>Ponte a prueba con la colecci\u00f3n de enemigos m\u00e1s variada jam\u00e1s vista en Assassin&#8217;s Creed.<\/strong><\/li>\n<li><strong>Da forma al crecimiento de tu personaje y al asentamiento de tu clan con cada elecci\u00f3n.<\/strong><\/li>\n<li><strong>Explora un mundo abierto de la Edad Oscura, desde las duras costas de Noruega hasta los hermosos reinos de Inglaterra.<\/strong><\/li>\n<\/ul>\n<\/div>\n","protected":false},"excerpt":{"rendered":"<p>Para actualizar las copias de discos f\u00edsicos elegibles, se requiere una consola con una unidad de disco. Visite ubi.li\/NextGenUpgrades para obtener m\u00e1s detalles. Incluye el juego, el SteelBook y el<\/p>\n","protected":false},"featured_media":88926,"comment_status":"open","ping_status":"closed","template":"","meta":{"_acf_changed":false,"_joinchat":[]},"product_brand":[],"product_cat":[277,894],"product_tag":[],"class_list":{"0":"post-88925","1":"product","2":"type-product","3":"status-publish","4":"has-post-thumbnail","6":"product_cat-zona-gamer","7":"product_cat-videojuegos","9":"first","10":"instock","11":"sale","12":"shipping-taxable","13":"purchasable","14":"product-type-simple"},"acf":[],"_links":{"self":[{"href":"https:\/\/defabrica.com.mx\/defabrica\/wp-json\/wp\/v2\/product\/88925","targetHints":{"allow":["GET"]}}],"collection":[{"href":"https:\/\/defabrica.com.mx\/defabrica\/wp-json\/wp\/v2\/product"}],"about":[{"href":"https:\/\/defabrica.com.mx\/defabrica\/wp-json\/wp\/v2\/types\/product"}],"replies":[{"embeddable":true,"href":"https:\/\/defabrica.com.mx\/defabrica\/wp-json\/wp\/v2\/comments?post=88925"}],"wp:featuredmedia":[{"embeddable":true,"href":"https:\/\/defabrica.com.mx\/defabrica\/wp-json\/wp\/v2\/media\/88926"}],"wp:attachment":[{"href":"https:\/\/defabrica.com.mx\/defabrica\/wp-json\/wp\/v2\/media?parent=88925"}],"wp:term":[{"taxonomy":"product_brand","embeddable":true,"href":"https:\/\/defabrica.com.mx\/defabrica\/wp-json\/wp\/v2\/product_brand?post=88925"},{"taxonomy":"product_cat","embeddable":true,"href":"https:\/\/defabrica.com.mx\/defabrica\/wp-json\/wp\/v2\/product_cat?post=88925"},{"taxonomy":"product_tag","embeddable":true,"href":"https:\/\/defabrica.com.mx\/defabrica\/wp-json\/wp\/v2\/product_tag?post=88925"}],"curies":[{"name":"wp","href":"https:\/\/api.w.org\/{rel}","templated":true}]}}