{"id":88892,"date":"2022-07-14T02:04:03","date_gmt":"2022-07-14T07:04:03","guid":{"rendered":"https:\/\/defabrica.com.mx\/defabrica\/?post_type=product&#038;p=88892"},"modified":"2023-01-18T13:11:06","modified_gmt":"2023-01-18T19:11:06","slug":"the-witcher-3-wild-hunt-edicion-completa-nintendo-switch","status":"publish","type":"product","link":"https:\/\/defabrica.com.mx\/defabrica\/producto\/the-witcher-3-wild-hunt-edicion-completa-nintendo-switch\/","title":{"rendered":"The Witcher 3: Wild Hunt Edici\u00f3n completa &#8211; Nintendo Switch"},"content":{"rendered":"<div class=\"embedded-component-container lv product-description\">\n<div>\n<div id=\"shop-product-description-57307007\" class=\"_none\" data-version=\"1.3.45\">\n<div class=\"shop-product-description\">\n<section class=\"align-heading-left\" data-reactroot=\"\">\n<div class=\"long-description-container body-copy \">\n<div class=\"html-fragment\">Eres Geralt de Rivia, un asesino de monstruos mercenario.\u00a0A tu disposici\u00f3n est\u00e1n todas las herramientas del oficio: espadas afiladas, mezclas letales, ballestas sigilosas y poderosa magia de combate.\u00a0Ante ti se encuentra un continente devastado por la guerra e infestado de monstruos que puedes explorar a tu antojo.\u00a0\u00bfTu contrato actual?\u00a0Rastreando al Ni\u00f1o de la Profec\u00eda, un arma viviente que puede alterar la forma del mundo.<\/div>\n<\/div>\n<\/section>\n<\/div>\n<\/div>\n<\/div>\n<\/div>\n<div class=\"embedded-component-container lv product-features\">\n<h3><\/h3>\n<h3 class=\"heading-5 v-fw-regular feature-heading\"><strong>Caracter\u00edsticas<\/strong><\/h3>\n<ul>\n<li><strong>La Edici\u00f3n completa contiene todos los contenidos descargables lanzados para el juego, incluidas dos expansiones masivas de la historia: Hearts of Stone &amp; Blood and Wine.<\/strong><\/li>\n<li><strong>Visita la lujosa y corrupta ciudad de Novigrad, enfr\u00e9ntate al g\u00e9lido fr\u00edo de las islas Skellige azotadas por el viento y desaf\u00eda a las fuerzas oscuras que vagan por la desolada y devastada Tierra de Nadie.<\/strong><\/li>\n<li><strong>Navega por mar abierto, sum\u00e9rgete en busca de artefactos perdidos hace mucho tiempo o galopa con tu montura hacia el combate: el mundo de The Witcher invita a ser explorado.<\/strong><\/li>\n<li><strong>Viene con m\u00e1s de 100 horas de juego principal y de misiones secundarias y m\u00e1s de 50 horas de contenido adicional<\/strong><\/li>\n<li><strong>Atracci\u00f3n intensa e impulsada por la trama de los juegos de rol tradicionales con la libertad de elecci\u00f3n que solo los juegos de mundo abierto pueden ofrecer<\/strong><\/li>\n<li><strong>Toma decisiones y enfr\u00e9ntate a sus consecuencias para desbloquear finales adaptados a tu forma de jugar.<\/strong><\/li>\n<li><strong>Desarrollado para aprovechar todo lo que Nintendo Switch tiene para ofrecer, el juego ofrece una experiencia verdaderamente poderosa sobre la marcha.<\/strong><\/li>\n<li><strong>para un jugador<\/strong><\/li>\n<\/ul>\n<\/div>\n","protected":false},"excerpt":{"rendered":"<p>Eres Geralt de Rivia, un asesino de monstruos mercenario.\u00a0A tu disposici\u00f3n est\u00e1n todas las herramientas del oficio: espadas afiladas, mezclas letales, ballestas sigilosas y poderosa magia de combate.\u00a0Ante ti se<\/p>\n","protected":false},"featured_media":88897,"comment_status":"open","ping_status":"closed","template":"","meta":{"_acf_changed":false,"_joinchat":[]},"product_brand":[],"product_cat":[277,894],"product_tag":[],"class_list":{"0":"post-88892","1":"product","2":"type-product","3":"status-publish","4":"has-post-thumbnail","6":"product_cat-zona-gamer","7":"product_cat-videojuegos","9":"first","10":"instock","11":"sale","12":"shipping-taxable","13":"purchasable","14":"product-type-simple"},"acf":[],"_links":{"self":[{"href":"https:\/\/defabrica.com.mx\/defabrica\/wp-json\/wp\/v2\/product\/88892","targetHints":{"allow":["GET"]}}],"collection":[{"href":"https:\/\/defabrica.com.mx\/defabrica\/wp-json\/wp\/v2\/product"}],"about":[{"href":"https:\/\/defabrica.com.mx\/defabrica\/wp-json\/wp\/v2\/types\/product"}],"replies":[{"embeddable":true,"href":"https:\/\/defabrica.com.mx\/defabrica\/wp-json\/wp\/v2\/comments?post=88892"}],"wp:featuredmedia":[{"embeddable":true,"href":"https:\/\/defabrica.com.mx\/defabrica\/wp-json\/wp\/v2\/media\/88897"}],"wp:attachment":[{"href":"https:\/\/defabrica.com.mx\/defabrica\/wp-json\/wp\/v2\/media?parent=88892"}],"wp:term":[{"taxonomy":"product_brand","embeddable":true,"href":"https:\/\/defabrica.com.mx\/defabrica\/wp-json\/wp\/v2\/product_brand?post=88892"},{"taxonomy":"product_cat","embeddable":true,"href":"https:\/\/defabrica.com.mx\/defabrica\/wp-json\/wp\/v2\/product_cat?post=88892"},{"taxonomy":"product_tag","embeddable":true,"href":"https:\/\/defabrica.com.mx\/defabrica\/wp-json\/wp\/v2\/product_tag?post=88892"}],"curies":[{"name":"wp","href":"https:\/\/api.w.org\/{rel}","templated":true}]}}