{"id":88858,"date":"2022-07-14T00:02:16","date_gmt":"2022-07-14T05:02:16","guid":{"rendered":"https:\/\/defabrica.com.mx\/defabrica\/?post_type=product&#038;p=88858"},"modified":"2023-01-18T13:09:37","modified_gmt":"2023-01-18T19:09:37","slug":"elden-ring-xbox-one-xbox-series-x","status":"publish","type":"product","link":"https:\/\/defabrica.com.mx\/defabrica\/producto\/elden-ring-xbox-one-xbox-series-x\/","title":{"rendered":"Elden Ring &#8211; Xbox One, Xbox Series X"},"content":{"rendered":"<div class=\"embedded-component-container lv product-description\">\n<div>\n<div id=\"shop-product-description-1861642\" class=\"_none\" data-version=\"1.3.45\">\n<div class=\"shop-product-description\">\n<section class=\"align-heading-left\" data-reactroot=\"\">\n<div class=\"long-description-container body-copy \">\n<div class=\"html-fragment\">Explora un vasto mundo de fantas\u00eda para vivir una experiencia RPG completamente nueva en Elden Ring para Xbox One.\u00a0Para sobrevivir, mu\u00e9vete con sigilo para superar los ataques sorpresa de los oponentes que te emboscan en cada esquina.\u00a0Los gr\u00e1ficos detallados y el juego intenso te permiten disfrutar de la experiencia de descubrir el misterio detr\u00e1s de Elden Ring.<\/div>\n<div>\n<h3><\/h3>\n<h3 class=\"heading-5 v-fw-regular feature-heading\"><strong>Caracter\u00edsticas<\/strong><\/h3>\n<ul>\n<li><strong>Sus asombrosos gr\u00e1ficos y su m\u00edtica trama te har\u00e1n vivir una experiencia inolvidable<\/strong><\/li>\n<li><strong>Mundo abierto con profundidad y libertad de exploraci\u00f3n.<\/strong><\/li>\n<li><strong>El peligro acecha en cada esquina<\/strong><\/li>\n<li><strong>Impresionantes elementos de fantas\u00eda oscura que se centran en elementos RPG.<\/strong><\/li>\n<li><strong>Personalizaci\u00f3n de personajes trabajada y una variedad de elementos de combate.<\/strong><\/li>\n<li><strong>Una amplia gama de armas, magia y formas de enfrentarse a los enemigos.<\/strong><\/li>\n<\/ul>\n<\/div>\n<\/div>\n<\/section>\n<\/div>\n<\/div>\n<\/div>\n<\/div>\n","protected":false},"excerpt":{"rendered":"<p>Explora un vasto mundo de fantas\u00eda para vivir una experiencia RPG completamente nueva en Elden Ring para Xbox One.\u00a0Para sobrevivir, mu\u00e9vete con sigilo para superar los ataques sorpresa de los<\/p>\n","protected":false},"featured_media":88859,"comment_status":"open","ping_status":"closed","template":"","meta":{"_acf_changed":false,"_joinchat":[]},"product_brand":[],"product_cat":[277,894],"product_tag":[],"class_list":{"0":"post-88858","1":"product","2":"type-product","3":"status-publish","4":"has-post-thumbnail","6":"product_cat-zona-gamer","7":"product_cat-videojuegos","9":"first","10":"instock","11":"sale","12":"shipping-taxable","13":"purchasable","14":"product-type-simple"},"acf":[],"_links":{"self":[{"href":"https:\/\/defabrica.com.mx\/defabrica\/wp-json\/wp\/v2\/product\/88858","targetHints":{"allow":["GET"]}}],"collection":[{"href":"https:\/\/defabrica.com.mx\/defabrica\/wp-json\/wp\/v2\/product"}],"about":[{"href":"https:\/\/defabrica.com.mx\/defabrica\/wp-json\/wp\/v2\/types\/product"}],"replies":[{"embeddable":true,"href":"https:\/\/defabrica.com.mx\/defabrica\/wp-json\/wp\/v2\/comments?post=88858"}],"wp:featuredmedia":[{"embeddable":true,"href":"https:\/\/defabrica.com.mx\/defabrica\/wp-json\/wp\/v2\/media\/88859"}],"wp:attachment":[{"href":"https:\/\/defabrica.com.mx\/defabrica\/wp-json\/wp\/v2\/media?parent=88858"}],"wp:term":[{"taxonomy":"product_brand","embeddable":true,"href":"https:\/\/defabrica.com.mx\/defabrica\/wp-json\/wp\/v2\/product_brand?post=88858"},{"taxonomy":"product_cat","embeddable":true,"href":"https:\/\/defabrica.com.mx\/defabrica\/wp-json\/wp\/v2\/product_cat?post=88858"},{"taxonomy":"product_tag","embeddable":true,"href":"https:\/\/defabrica.com.mx\/defabrica\/wp-json\/wp\/v2\/product_tag?post=88858"}],"curies":[{"name":"wp","href":"https:\/\/api.w.org\/{rel}","templated":true}]}}