{"id":88335,"date":"2022-07-08T17:52:01","date_gmt":"2022-07-08T22:52:01","guid":{"rendered":"https:\/\/defabrica.com.mx\/defabrica\/?post_type=product&#038;p=88335"},"modified":"2023-01-18T13:01:08","modified_gmt":"2023-01-18T19:01:08","slug":"amazfit-bip-3-pro-negro","status":"publish","type":"product","link":"https:\/\/defabrica.com.mx\/defabrica\/producto\/amazfit-bip-3-pro-negro\/","title":{"rendered":"Amazfit Bip 3 Pro &#8211; Negro"},"content":{"rendered":"<div class=\"embedded-component-container lv product-description\">\n<div>\n<div id=\"shop-product-description-64075973\" class=\"_none\" data-version=\"1.3.45\">\n<div class=\"shop-product-description\">\n<section class=\"align-heading-left\" data-reactroot=\"\">\n<div class=\"long-description-container body-copy \">\n<div class=\"html-fragment\">Amazfit Bip 3 Pro &#8211; Negro<\/div>\n<\/div>\n<\/section>\n<\/div>\n<\/div>\n<\/div>\n<\/div>\n<div class=\"embedded-component-container lv product-features\">\n<h3><\/h3>\n<h3 class=\"heading-5 v-fw-regular feature-heading\"><strong>Caracter\u00edsticas<\/strong><\/h3>\n<ul>\n<li><strong>Grande en poder<\/strong><br \/>\nDesench\u00fafese hasta por dos semanas con un uso t\u00edpico. El reloj inteligente Bip 3 Pro incluye una potente bater\u00eda en su cuerpo s\u00faper delgado y liviano, para que pueda llevar algo m\u00e1s divertido que un cargador en su estuche.<\/li>\n<li><strong>Gran pantalla, gran estilo<\/strong><br \/>\nSum\u00e9rjase en la pantalla HD supergrande y colorida de 1,69&#8243; y vea todos sus mensajes de texto y llamadas entrantes con una calidad impresionante y expansiva. Exprese m\u00e1s de s\u00ed mismo con m\u00e1s de 50 car\u00e1tulas de reloj y car\u00e1tulas de reloj editables y widgets, o personal\u00edcelos con sus propias fotos .<\/li>\n<li><strong>Controle su salud<\/strong><br \/>\nEs el dispositivo definitivo para una vida m\u00e1s sana y activa que puede proporcionar la medici\u00f3n de la saturaci\u00f3n de ox\u00edgeno en la sangre, el control de la frecuencia card\u00edaca durante todo el d\u00eda y las advertencias de frecuencia card\u00edaca anormal, los niveles de estr\u00e9s y el seguimiento del sue\u00f1o, as\u00ed como el registro del per\u00edodo menstrual femenino.<\/li>\n<li><strong>Seguimiento de precisi\u00f3n<\/strong><br \/>\nEl reloj inteligente Amazfit Bip 3 Pro es compatible con 4 sistemas de posicionamiento satelital para ayudarlo a rastrear sus movimientos al aire libre con alta precisi\u00f3n.<\/li>\n<li><strong>M\u00e1s de 60 modos deportivos<\/strong><br \/>\nEl reloj deportivo Bip 3 Pro tiene m\u00e1s de 60 modos deportivos, lo que le permite obtener datos de todos sus deportes favoritos, como caminar, correr y andar en bicicleta, as\u00ed como m\u00e1s entrenamientos de forma libre como entrenamiento de fuerza, yoga y entrenamiento libre.<\/li>\n<li><strong>GPS<\/strong><br \/>\nGPS de alta precisi\u00f3n<\/li>\n<li><strong>M\u00e1s de 60 modos deportivos<\/strong><br \/>\nCuenta con m\u00e1s de 60 modos deportivos y puede controlar la m\u00fasica en su tel\u00e9fono, proporcionar notificaciones sobre las etapas del ejercicio, las condiciones y las zonas de frecuencia card\u00edaca<\/li>\n<\/ul>\n<\/div>\n","protected":false},"excerpt":{"rendered":"<p>Amazfit Bip 3 Pro &#8211; Negro Caracter\u00edsticas Grande en poder Desench\u00fafese hasta por dos semanas con un uso t\u00edpico. El reloj inteligente Bip 3 Pro incluye una potente bater\u00eda en<\/p>\n","protected":false},"featured_media":88337,"comment_status":"open","ping_status":"closed","template":"","meta":{"_acf_changed":false,"_joinchat":[]},"product_brand":[],"product_cat":[305,311,312],"product_tag":[],"class_list":{"0":"post-88335","1":"product","2":"type-product","3":"status-publish","4":"has-post-thumbnail","6":"product_cat-wearables","7":"product_cat-android-smartwatches","8":"product_cat-ver-todo-wearables","10":"first","11":"instock","12":"sale","13":"shipping-taxable","14":"purchasable","15":"product-type-simple"},"acf":[],"_links":{"self":[{"href":"https:\/\/defabrica.com.mx\/defabrica\/wp-json\/wp\/v2\/product\/88335","targetHints":{"allow":["GET"]}}],"collection":[{"href":"https:\/\/defabrica.com.mx\/defabrica\/wp-json\/wp\/v2\/product"}],"about":[{"href":"https:\/\/defabrica.com.mx\/defabrica\/wp-json\/wp\/v2\/types\/product"}],"replies":[{"embeddable":true,"href":"https:\/\/defabrica.com.mx\/defabrica\/wp-json\/wp\/v2\/comments?post=88335"}],"wp:featuredmedia":[{"embeddable":true,"href":"https:\/\/defabrica.com.mx\/defabrica\/wp-json\/wp\/v2\/media\/88337"}],"wp:attachment":[{"href":"https:\/\/defabrica.com.mx\/defabrica\/wp-json\/wp\/v2\/media?parent=88335"}],"wp:term":[{"taxonomy":"product_brand","embeddable":true,"href":"https:\/\/defabrica.com.mx\/defabrica\/wp-json\/wp\/v2\/product_brand?post=88335"},{"taxonomy":"product_cat","embeddable":true,"href":"https:\/\/defabrica.com.mx\/defabrica\/wp-json\/wp\/v2\/product_cat?post=88335"},{"taxonomy":"product_tag","embeddable":true,"href":"https:\/\/defabrica.com.mx\/defabrica\/wp-json\/wp\/v2\/product_tag?post=88335"}],"curies":[{"name":"wp","href":"https:\/\/api.w.org\/{rel}","templated":true}]}}