{"id":88323,"date":"2022-07-08T17:41:38","date_gmt":"2022-07-08T22:41:38","guid":{"rendered":"https:\/\/defabrica.com.mx\/defabrica\/?post_type=product&#038;p=88323"},"modified":"2023-01-18T13:00:27","modified_gmt":"2023-01-18T19:00:27","slug":"amazfit-gtr-3-pro-smartwatch-1-45mm-negro-infinito","status":"publish","type":"product","link":"https:\/\/defabrica.com.mx\/defabrica\/producto\/amazfit-gtr-3-pro-smartwatch-1-45mm-negro-infinito\/","title":{"rendered":"Amazfit &#8211; GTR 3 Pro Smartwatch 1.45mm &#8211; Negro infinito"},"content":{"rendered":"<div class=\"embedded-component-container lv product-description\">\n<div>\n<div id=\"shop-product-description-44612370\" class=\"_none\" data-version=\"1.3.45\">\n<div class=\"shop-product-description\">\n<section class=\"align-heading-left\" data-reactroot=\"\">\n<div class=\"long-description-container body-copy \">\n<div class=\"html-fragment\">Inspirado en los relojes cl\u00e1sicos, el s\u00faper elegante Amazfit GTR 3 Pro tiene un cuerpo redondo, hecho de una aleaci\u00f3n de aluminio de calidad aeron\u00e1utica, liviana pero duradera, que se completa con una elegante corona giratoria.\u00a0Con una claridad visual sin precedentes que alcanza los 331 ppp, la gran pantalla de 1,45 pulgadas del Amazfit GTR 3 Pro te muestra exactamente lo que quieres, cuando lo quieres y es visible incluso bajo la luz del sol.\u00a0La pantalla ultra HD AMOLED cuenta con una relaci\u00f3n pantalla-cuerpo del 70,6 %, que se encuentra entre las m\u00e1s altas para los relojes inteligentes redondos disponibles actualmente.<\/div>\n<\/div>\n<\/section>\n<\/div>\n<\/div>\n<\/div>\n<\/div>\n<div class=\"embedded-component-container lv product-features\">\n<h3><\/h3>\n<h3 class=\"heading-5 v-fw-regular feature-heading\"><strong>Caracter\u00edsticas<\/strong><\/h3>\n<ul>\n<li><strong>Dise\u00f1o cl\u00e1sico de primera calidad.<\/strong><br \/>\nPantalla Ultra HD AMOLED, corona de navegaci\u00f3n cl\u00e1sica y cuerpo de aluminio ligero y delgado<\/li>\n<li><strong>Vive el estilo de vida manos libres<\/strong><br \/>\nAsistente de voz integrado y fuera de l\u00ednea de Alexa, almacenamiento y reproducci\u00f3n de m\u00fasica y llamadas telef\u00f3nicas por bluetooth<\/li>\n<li><strong>Duraci\u00f3n de la bater\u00eda<\/strong><br \/>\n12 d\u00edas<\/li>\n<li><strong>Socio de acondicionamiento f\u00edsico<\/strong><br \/>\nM\u00e1s de 150 modos deportivos integrados, reconocimiento inteligente de 8 deportes y 5 sistemas de navegaci\u00f3n por sat\u00e9lite<\/li>\n<li><strong>Sensor biom\u00e9trico BioTracker PPG 3.0<\/strong><br \/>\nMonitoreo de ox\u00edgeno en sangre, frecuencia card\u00edaca, niveles de estr\u00e9s y sue\u00f1o<\/li>\n<li><strong>Controle la frecuencia card\u00edaca todo el d\u00eda y mientras nada<\/strong><br \/>\nReciba alertas de frecuencias card\u00edacas anormalmente altas o bajas, as\u00ed como el seguimiento de las zonas de frecuencia card\u00edaca para optimizar los entrenamientos<\/li>\n<li><strong>Monitoreo en profundidad de la calidad del sue\u00f1o y la respiraci\u00f3n<\/strong><br \/>\nSupervise el sue\u00f1o, las siestas durante el d\u00eda, realice un seguimiento de la calidad de la respiraci\u00f3n durante el sue\u00f1o y sugiera mejoras en los h\u00e1bitos de sue\u00f1o<\/li>\n<li><strong>Almacenamiento de m\u00fasica<\/strong><br \/>\n2,3 GB<\/li>\n<li><strong>Esferas de reloj vibrantes y pantalla siempre encendida<\/strong><br \/>\nM\u00e1s de 150 car\u00e1tulas con estilo y 15 car\u00e1tulas animadas<\/li>\n<\/ul>\n<\/div>\n","protected":false},"excerpt":{"rendered":"<p>Inspirado en los relojes cl\u00e1sicos, el s\u00faper elegante Amazfit GTR 3 Pro tiene un cuerpo redondo, hecho de una aleaci\u00f3n de aluminio de calidad aeron\u00e1utica, liviana pero duradera, que se<\/p>\n","protected":false},"featured_media":88325,"comment_status":"open","ping_status":"closed","template":"","meta":{"_acf_changed":false,"_joinchat":[]},"product_brand":[],"product_cat":[305,311,312],"product_tag":[],"class_list":{"0":"post-88323","1":"product","2":"type-product","3":"status-publish","4":"has-post-thumbnail","6":"product_cat-wearables","7":"product_cat-android-smartwatches","8":"product_cat-ver-todo-wearables","10":"first","11":"instock","12":"sale","13":"shipping-taxable","14":"purchasable","15":"product-type-simple"},"acf":[],"_links":{"self":[{"href":"https:\/\/defabrica.com.mx\/defabrica\/wp-json\/wp\/v2\/product\/88323","targetHints":{"allow":["GET"]}}],"collection":[{"href":"https:\/\/defabrica.com.mx\/defabrica\/wp-json\/wp\/v2\/product"}],"about":[{"href":"https:\/\/defabrica.com.mx\/defabrica\/wp-json\/wp\/v2\/types\/product"}],"replies":[{"embeddable":true,"href":"https:\/\/defabrica.com.mx\/defabrica\/wp-json\/wp\/v2\/comments?post=88323"}],"wp:featuredmedia":[{"embeddable":true,"href":"https:\/\/defabrica.com.mx\/defabrica\/wp-json\/wp\/v2\/media\/88325"}],"wp:attachment":[{"href":"https:\/\/defabrica.com.mx\/defabrica\/wp-json\/wp\/v2\/media?parent=88323"}],"wp:term":[{"taxonomy":"product_brand","embeddable":true,"href":"https:\/\/defabrica.com.mx\/defabrica\/wp-json\/wp\/v2\/product_brand?post=88323"},{"taxonomy":"product_cat","embeddable":true,"href":"https:\/\/defabrica.com.mx\/defabrica\/wp-json\/wp\/v2\/product_cat?post=88323"},{"taxonomy":"product_tag","embeddable":true,"href":"https:\/\/defabrica.com.mx\/defabrica\/wp-json\/wp\/v2\/product_tag?post=88323"}],"curies":[{"name":"wp","href":"https:\/\/api.w.org\/{rel}","templated":true}]}}