{"id":88310,"date":"2022-07-08T17:29:54","date_gmt":"2022-07-08T22:29:54","guid":{"rendered":"https:\/\/defabrica.com.mx\/defabrica\/?post_type=product&#038;p=88310"},"modified":"2022-07-18T14:20:28","modified_gmt":"2022-07-18T19:20:28","slug":"amazfit-gts-2e-smartwatch-42mm-aleacion-de-aluminio-negro-obsidiana","status":"publish","type":"product","link":"https:\/\/defabrica.com.mx\/defabrica\/producto\/amazfit-gts-2e-smartwatch-42mm-aleacion-de-aluminio-negro-obsidiana\/","title":{"rendered":"Amazfit &#8211; GTS 2e Smartwatch 42mm Aleaci\u00f3n de aluminio &#8211; Negro obsidiana"},"content":{"rendered":"<div class=\"embedded-component-container lv product-description\">\n<div>\n<div id=\"shop-product-description-88275293\" class=\"_none\" data-version=\"1.3.45\">\n<div class=\"shop-product-description\">\n<section class=\"align-heading-left\" data-reactroot=\"\">\n<div class=\"long-description-container body-copy \">\n<div class=\"html-fragment\"><span>\u00a1El Amazfit GTR 2e es el nuevo cl\u00e1sico esencial!\u00a0El concepto de dise\u00f1o sin bordes incluye una gran pantalla AMOLED HD de 1,39 pulgadas cubierta por vidrio curvo, que cambia naturalmente al cuerpo del reloj cuidadosamente pulido, lo que resulta en una mejor est\u00e9tica visual y un campo de visi\u00f3n m\u00e1s amplio.\u00a0Con una variedad de colores y una apariencia elegante y vers\u00e1til, el reloj se adaptar\u00e1 perfectamente a la mayor\u00eda de sus atuendos y ocasiones, y un mecanismo de liberaci\u00f3n r\u00e1pida hace que la correa se cambie f\u00e1cilmente.\u00a0Nuestra tienda de car\u00e1tulas de reloj ofrece m\u00e1s de 50 estilos de car\u00e1tulas de reloj2 para que elijas y cambies entre ellos.\u00a0La pantalla siempre activa le permite ver la hora incluso cuando las otras funciones del reloj est\u00e1n inactivas, manteni\u00e9ndolo al tanto de cada momento importante de su vida.\u00a0\u00a1Este reloj inteligente est\u00e1 aqu\u00ed para ayudarte en tu vida!<\/span><\/div>\n<\/div>\n<\/section>\n<\/div>\n<\/div>\n<\/div>\n<\/div>\n<div class=\"embedded-component-container lv product-features\">\n<h3><\/h3>\n<h3 class=\"heading-5 v-fw-regular feature-heading\"><strong>Caracter\u00edsticas<\/strong><\/h3>\n<ul>\n<li><strong>Funciones diarias<\/strong><br \/>\nEl reloj puede manejar con soltura sus agendas personales y brindarle recordatorios de movimiento cuando ha estado sentado por mucho tiempo.<\/li>\n<li><strong>Compatibilidad<\/strong><br \/>\nCompatible con dispositivos iOS y Android.<\/li>\n<li><strong>Monitor<\/strong><br \/>\nEl concepto de dise\u00f1o sin bordes incluye una gran pantalla AMOLED HD de 1,65 pulgadas. La densidad de p\u00edxeles de 341ppi hace que la pantalla sea clara y realista, con colores vivos que garantizan una legibilidad fluida y mantienen el reloj tan exquisito como cuando lo vio por primera vez.<\/li>\n<li><strong>Dise\u00f1o<\/strong><br \/>\nEl dise\u00f1o sin bordes y las curvas din\u00e1micas del cuerpo de aleaci\u00f3n de aluminio brindan una experiencia de uso c\u00f3moda y liviana, y el reloj tambi\u00e9n incorpora un recubrimiento al vac\u00edo en la superficie de vidrio para brindar una pantalla m\u00e1s resistente a los rayones y al desgaste.<\/li>\n<li><strong>Medici\u00f3n de la saturaci\u00f3n de ox\u00edgeno en la sangre<\/strong><br \/>\nCuando participa en un trabajo mental sostenido, corre una marat\u00f3n o hace ejercicio intenso al aire libre, puede evaluar su nivel de SpO2 en el momento en que comienza a sentirse mal, obteniendo una mejor comprensi\u00f3n de su condici\u00f3n f\u00edsica y manteniendo su salud bajo control.<\/li>\n<li><strong>Monitoreo de frecuencia card\u00edaca las 24 horas<\/strong><br \/>\nEl reloj cuenta con un control preciso de la frecuencia card\u00edaca las 24 horas, que cubre las zonas de frecuencia card\u00edaca para mantenerlo al tanto del efecto del ejercicio y brinda advertencias cuando su frecuencia card\u00edaca en reposo es anormalmente elevada.<\/li>\n<li><strong>Sistema de evaluaci\u00f3n de la salud PAI\u2122<\/strong><br \/>\nUn valor PAI se calcula procesando datos sobre su frecuencia card\u00edaca, tiempo de ejercicio y otra informaci\u00f3n de salud compleja con un algoritmo.<\/li>\n<li><strong>Supervisar los niveles de estr\u00e9s<\/strong><br \/>\nVerifique d\u00f3nde se encuentra su nivel de estr\u00e9s personal, desde relajado, normal, medio o alto, cada vez que se sienta presionado durante el d\u00eda, para que sepa cu\u00e1ndo relajarse y reducirlo.<\/li>\n<li><strong>Monitoreo de la calidad del sue\u00f1o<\/strong><br \/>\nAdmite el monitoreo profundo del sue\u00f1o, que puede determinar con mayor precisi\u00f3n la etapa del sue\u00f1o, monitorear la condici\u00f3n de la respiraci\u00f3n durante el sue\u00f1o y proporcionar an\u00e1lisis de calidad y sugerencias para mejorar en funci\u00f3n de una noche de sue\u00f1o.<\/li>\n<li><strong>Asistente de voz inteligente<\/strong><br \/>\nPuede realizar operaciones de voz en su reloj sin acceso a Internet a trav\u00e9s de la funci\u00f3n de control de voz fuera de l\u00ednea, incluida la activaci\u00f3n de los modos deportivos o la apertura de la funci\u00f3n de monitoreo de frecuencia card\u00edaca.<\/li>\n<li><strong>90 modos deportivos incorporados<\/strong><br \/>\nEl reloj cuenta con 90 modos deportivos incorporados, lo que le permite cubrir las necesidades de la mayor\u00eda de los entusiastas del deporte. Una vez que termines de hacer ejercicio, el sistema tambi\u00e9n genera un informe de an\u00e1lisis, ayud\u00e1ndote a seguir mejorando tu plan de ejercicios.<\/li>\n<li><strong>5 cajeros autom\u00e1ticos a prueba de agua<\/strong><br \/>\nGracias a la impermeabilizaci\u00f3n profesional que ofrece protecci\u00f3n hasta una profundidad de 50 metros, el reloj est\u00e1 a la par de los relojes tradicionales de alta gama y se puede usar sin preocupaciones para el uso diario o para nadar.<\/li>\n<li><strong>Duraci\u00f3n de la bater\u00eda de 14 d\u00edas<\/strong><br \/>\nCon la gesti\u00f3n de la bater\u00eda del sistema profundamente optimizada, el reloj siempre est\u00e1 listo para realizar un seguimiento de su progreso y acompa\u00f1arlo en sus viajes sin la necesidad de preocuparse por llevar un cargador a todas partes.<\/li>\n<li><strong>Compatible con la aplicaci\u00f3n Zepp<\/strong><br \/>\nEl reloj est\u00e1 conectado a la aplicaci\u00f3n Zepp recientemente actualizada, que realiza un an\u00e1lisis exhaustivo de m\u00faltiples fuentes de datos para proporcionar una gesti\u00f3n de datos corporales las 24 horas del d\u00eda, los 7 d\u00edas de la semana, lo que ayuda al usuario a comprobar su estado f\u00edsico en cualquier momento.<\/li>\n<\/ul>\n<\/div>\n","protected":false},"excerpt":{"rendered":"<p>\u00a1El Amazfit GTR 2e es el nuevo cl\u00e1sico esencial!\u00a0El concepto de dise\u00f1o sin bordes incluye una gran pantalla AMOLED HD de 1,39 pulgadas cubierta por vidrio curvo, que cambia naturalmente<\/p>\n","protected":false},"featured_media":88314,"comment_status":"open","ping_status":"closed","template":"","meta":{"_acf_changed":false,"_joinchat":[]},"product_brand":[],"product_cat":[1518,305,311,312],"product_tag":[],"class_list":{"0":"post-88310","1":"product","2":"type-product","3":"status-publish","4":"has-post-thumbnail","6":"product_cat-ofertas-wearables","7":"product_cat-wearables","8":"product_cat-android-smartwatches","9":"product_cat-ver-todo-wearables","11":"first","12":"instock","13":"sale","14":"shipping-taxable","15":"purchasable","16":"product-type-simple"},"acf":[],"_links":{"self":[{"href":"https:\/\/defabrica.com.mx\/defabrica\/wp-json\/wp\/v2\/product\/88310","targetHints":{"allow":["GET"]}}],"collection":[{"href":"https:\/\/defabrica.com.mx\/defabrica\/wp-json\/wp\/v2\/product"}],"about":[{"href":"https:\/\/defabrica.com.mx\/defabrica\/wp-json\/wp\/v2\/types\/product"}],"replies":[{"embeddable":true,"href":"https:\/\/defabrica.com.mx\/defabrica\/wp-json\/wp\/v2\/comments?post=88310"}],"wp:featuredmedia":[{"embeddable":true,"href":"https:\/\/defabrica.com.mx\/defabrica\/wp-json\/wp\/v2\/media\/88314"}],"wp:attachment":[{"href":"https:\/\/defabrica.com.mx\/defabrica\/wp-json\/wp\/v2\/media?parent=88310"}],"wp:term":[{"taxonomy":"product_brand","embeddable":true,"href":"https:\/\/defabrica.com.mx\/defabrica\/wp-json\/wp\/v2\/product_brand?post=88310"},{"taxonomy":"product_cat","embeddable":true,"href":"https:\/\/defabrica.com.mx\/defabrica\/wp-json\/wp\/v2\/product_cat?post=88310"},{"taxonomy":"product_tag","embeddable":true,"href":"https:\/\/defabrica.com.mx\/defabrica\/wp-json\/wp\/v2\/product_tag?post=88310"}],"curies":[{"name":"wp","href":"https:\/\/api.w.org\/{rel}","templated":true}]}}