{"id":88183,"date":"2022-07-08T06:06:21","date_gmt":"2022-07-08T11:06:21","guid":{"rendered":"https:\/\/defabrica.com.mx\/defabrica\/?post_type=product&#038;p=88183"},"modified":"2023-01-17T15:49:11","modified_gmt":"2023-01-17T21:49:11","slug":"garmin-vivoactive-4s-gps-smartwatch-28-mm-polimero-reforzado-con-fibra-oro-claro-con-caja-rosa-polvo-y-correa-de-silicona","status":"publish","type":"product","link":"https:\/\/defabrica.com.mx\/defabrica\/producto\/garmin-vivoactive-4s-gps-smartwatch-28-mm-polimero-reforzado-con-fibra-oro-claro-con-caja-rosa-polvo-y-correa-de-silicona\/","title":{"rendered":"Garmin &#8211; v\u00edvoactive 4S GPS Smartwatch 28 mm Pol\u00edmero reforzado con fibra &#8211; Oro claro con caja rosa polvo y correa de silicona"},"content":{"rendered":"<p>Mire entrenamientos de cardio, yoga y pilates precargados a trav\u00e9s de este reloj inteligente Garmin v\u00edvoactive 4S GPS.\u00a0El rastreador de salud y estado f\u00edsico incorporado le permite controlar de cerca su frecuencia card\u00edaca, los niveles de energ\u00eda corporal y la hidrataci\u00f3n durante todo el d\u00eda.\u00a0Este reloj inteligente Garmin v\u00edvoactive 4S GPS luce un bisel de acero inoxidable dorado claro que ofrece durabilidad duradera y elegancia cl\u00e1sica.<\/p>\n<h3 class=\"heading-5 v-fw-regular feature-heading\"><strong>Caracter\u00edsticas<\/strong><\/h3>\n<ul>\n<li><strong>Funciona con dispositivos Android e iOS selectos<\/strong><br \/>\nObtenga toda la informaci\u00f3n necesaria mientras su tel\u00e9fono est\u00e1 fuera de la vista.<\/li>\n<li><strong>Notificaciones inteligentes<\/strong><br \/>\nMant\u00e9ngase conectado con alertas de llamadas entrantes, mensajes de texto y vista de calendario directamente en su reloj cuando se empareja con un tel\u00e9fono inteligente compatible.<\/li>\n<li><strong>Visi\u00f3n clara, incluso en la oscuridad o bajo la luz directa del sol<\/strong><br \/>\nEste reloj inteligente cuenta con una pantalla transflectiva de memoria en p\u00edxeles (MIP) de 1,1&#8243; visible a la luz del sol con una resoluci\u00f3n de 218 x 218.<\/li>\n<li><strong>Seguimiento de la frecuencia card\u00edaca en la mu\u00f1eca y tecnolog\u00eda Pulse Ox<\/strong><br \/>\nLe permite monitorear su frecuencia card\u00edaca y la saturaci\u00f3n de ox\u00edgeno en la sangre para respaldar el monitoreo avanzado del sue\u00f1o y la aclimataci\u00f3n a la altitud en elevaciones altas.<\/li>\n<li><strong>Monitoreo de energia Body Battery<\/strong><br \/>\nVea los niveles de energ\u00eda de su cuerpo a lo largo del d\u00eda para que pueda encontrar los mejores momentos para la actividad y el descanso.<\/li>\n<li><strong>Navegaci\u00f3n exterior mejorada<\/strong><br \/>\nGarmin es compatible con m\u00faltiples sistemas globales de navegaci\u00f3n por sat\u00e9lite (GPS, GLONASS y Galileo) y sensores integrados para br\u00fajula de tres ejes, giroscopio y alt\u00edmetro barom\u00e9trico para rastrear en entornos dif\u00edciles.<\/li>\n<li><strong>Caja de pol\u00edmero reforzado con fibra con tapa trasera de pol\u00edmero y correa de reloj de silicona<\/strong><br \/>\nAseguran durabilidad y comodidad para actividades deportivas.<\/li>\n<li><strong>Dise\u00f1o resistente al agua<\/strong><br \/>\nDefiende tu reloj inteligente contra la inmersi\u00f3n en hasta 164&#8242; de agua.<\/li>\n<li><strong>Garmin Connect IQ<\/strong><br \/>\nPersonaliza tu reloj inteligente con car\u00e1tulas, campos de datos, widgets y aplicaciones descargables.<\/li>\n<li><strong>Pago Garmin<\/strong><br \/>\nPermite pagos sin contacto simples y seguros.<\/li>\n<\/ul>\n","protected":false},"excerpt":{"rendered":"<p>Mire entrenamientos de cardio, yoga y pilates precargados a trav\u00e9s de este reloj inteligente Garmin v\u00edvoactive 4S GPS.\u00a0El rastreador de salud y estado f\u00edsico incorporado le permite controlar de cerca<\/p>\n","protected":false},"featured_media":88184,"comment_status":"open","ping_status":"closed","template":"","meta":{"_acf_changed":false,"_joinchat":[]},"product_brand":[],"product_cat":[305,311],"product_tag":[],"class_list":{"0":"post-88183","1":"product","2":"type-product","3":"status-publish","4":"has-post-thumbnail","6":"product_cat-wearables","7":"product_cat-android-smartwatches","9":"first","10":"instock","11":"sale","12":"shipping-taxable","13":"purchasable","14":"product-type-simple"},"acf":[],"_links":{"self":[{"href":"https:\/\/defabrica.com.mx\/defabrica\/wp-json\/wp\/v2\/product\/88183","targetHints":{"allow":["GET"]}}],"collection":[{"href":"https:\/\/defabrica.com.mx\/defabrica\/wp-json\/wp\/v2\/product"}],"about":[{"href":"https:\/\/defabrica.com.mx\/defabrica\/wp-json\/wp\/v2\/types\/product"}],"replies":[{"embeddable":true,"href":"https:\/\/defabrica.com.mx\/defabrica\/wp-json\/wp\/v2\/comments?post=88183"}],"wp:featuredmedia":[{"embeddable":true,"href":"https:\/\/defabrica.com.mx\/defabrica\/wp-json\/wp\/v2\/media\/88184"}],"wp:attachment":[{"href":"https:\/\/defabrica.com.mx\/defabrica\/wp-json\/wp\/v2\/media?parent=88183"}],"wp:term":[{"taxonomy":"product_brand","embeddable":true,"href":"https:\/\/defabrica.com.mx\/defabrica\/wp-json\/wp\/v2\/product_brand?post=88183"},{"taxonomy":"product_cat","embeddable":true,"href":"https:\/\/defabrica.com.mx\/defabrica\/wp-json\/wp\/v2\/product_cat?post=88183"},{"taxonomy":"product_tag","embeddable":true,"href":"https:\/\/defabrica.com.mx\/defabrica\/wp-json\/wp\/v2\/product_tag?post=88183"}],"curies":[{"name":"wp","href":"https:\/\/api.w.org\/{rel}","templated":true}]}}