{"id":87996,"date":"2022-07-08T01:18:09","date_gmt":"2022-07-08T06:18:09","guid":{"rendered":"https:\/\/defabrica.com.mx\/defabrica\/?post_type=product&#038;p=87996"},"modified":"2023-01-17T16:00:45","modified_gmt":"2023-01-17T22:00:45","slug":"garmin-venu-gps-smartwatch-30-mm-polimero-reforzado-con-fibra-negro-con-correa-de-silicona","status":"publish","type":"product","link":"https:\/\/defabrica.com.mx\/defabrica\/producto\/garmin-venu-gps-smartwatch-30-mm-polimero-reforzado-con-fibra-negro-con-correa-de-silicona\/","title":{"rendered":"Garmin &#8211; Venu GPS Smartwatch 30 mm Pol\u00edmero reforzado con fibra &#8211; Negro con correa de silicona"},"content":{"rendered":"<p>Realice un seguimiento y acceda a valiosa informaci\u00f3n de salud con las manos libres con este reloj inteligente con GPS Garmin Venu negro.\u00a0La conectividad de auriculares inal\u00e1mbricos y las capacidades de almacenamiento de m\u00fasica permiten escuchar m\u00fasica sin tener que usar el tel\u00e9fono, y Garmin Pay permite realizar pagos r\u00e1pidos sin tener que sacar la cartera.\u00a0Este reloj inteligente con GPS Garmin Venu ofrece monitoreo de salud durante todo el d\u00eda, brinda retroalimentaci\u00f3n continua y los programas precargados admiten una amplia variedad de ejercicios.<\/p>\n<h3><\/h3>\n<h3 class=\"heading-5 v-fw-regular feature-heading\"><strong>Caracter\u00edsticas<\/strong><\/h3>\n<ul>\n<li><strong>Compatible con determinados dispositivos Apple iOS y Android<\/strong><br \/>\nIncluyendo iPhone\u00ae 7, 8, X y XS, as\u00ed como la mayor\u00eda de los dispositivos con el sistema operativo Android.<\/li>\n<li><strong>Funciones de monitoreo de salud durante todo el d\u00eda<\/strong><br \/>\nRecopile informaci\u00f3n sobre los niveles de energ\u00eda de su cuerpo, la saturaci\u00f3n de ox\u00edgeno en la sangre, la ingesta diaria de agua y la calidad del sue\u00f1o.<\/li>\n<li><strong>SMS, calendario, correo electr\u00f3nico y notificaciones sociales<\/strong><br \/>\nMantenerlo actualizado sobre los acontecimientos del d\u00eda a d\u00eda.<\/li>\n<li><strong>Pantalla t\u00e1ctil AMOLED de 1,2&#8243; con resoluci\u00f3n de 390 x 390<\/strong><br \/>\nOfrece una navegaci\u00f3n sencilla e im\u00e1genes claras.<\/li>\n<li><strong>Seguimiento de la frecuencia card\u00edaca en la mu\u00f1eca y tecnolog\u00eda Pulse Ox<\/strong><br \/>\nLe permite monitorear su frecuencia card\u00edaca y la saturaci\u00f3n de ox\u00edgeno en la sangre para respaldar el monitoreo avanzado del sue\u00f1o y la aclimataci\u00f3n a la altitud en elevaciones altas.<\/li>\n<li><strong>Navegaci\u00f3n exterior mejorada<\/strong><br \/>\nAdmite m\u00faltiples sistemas satelitales de navegaci\u00f3n global (GPS, GLONASS y Galileo) y sensores integrados para br\u00fajula de tres ejes, giroscopio y alt\u00edmetro barom\u00e9trico para rastrear en entornos m\u00e1s desafiantes.<\/li>\n<li><strong>Caja de pol\u00edmero reforzado con fibra<\/strong><br \/>\nCuenta con una cubierta trasera de metal y una correa de reloj de silicona, lo que garantiza durabilidad y comodidad para las actividades deportivas.<\/li>\n<li><strong>Garmin Connect IQ\u2122<\/strong><br \/>\nPuede personalizar su reloj inteligente con car\u00e1tulas, campos de datos, widgets y aplicaciones descargables.<\/li>\n<li><strong>Garmin Pay\u2122<\/strong><br \/>\nPermite pagos sin contacto simples y seguros.<\/li>\n<\/ul>\n","protected":false},"excerpt":{"rendered":"<p>Realice un seguimiento y acceda a valiosa informaci\u00f3n de salud con las manos libres con este reloj inteligente con GPS Garmin Venu negro.\u00a0La conectividad de auriculares inal\u00e1mbricos y las capacidades<\/p>\n","protected":false},"featured_media":87997,"comment_status":"open","ping_status":"closed","template":"","meta":{"_acf_changed":false,"_joinchat":[]},"product_brand":[],"product_cat":[1518,305,311,312],"product_tag":[],"class_list":{"0":"post-87996","1":"product","2":"type-product","3":"status-publish","4":"has-post-thumbnail","6":"product_cat-ofertas-wearables","7":"product_cat-wearables","8":"product_cat-android-smartwatches","9":"product_cat-ver-todo-wearables","11":"first","12":"instock","13":"sale","14":"shipping-taxable","15":"purchasable","16":"product-type-simple"},"acf":[],"_links":{"self":[{"href":"https:\/\/defabrica.com.mx\/defabrica\/wp-json\/wp\/v2\/product\/87996","targetHints":{"allow":["GET"]}}],"collection":[{"href":"https:\/\/defabrica.com.mx\/defabrica\/wp-json\/wp\/v2\/product"}],"about":[{"href":"https:\/\/defabrica.com.mx\/defabrica\/wp-json\/wp\/v2\/types\/product"}],"replies":[{"embeddable":true,"href":"https:\/\/defabrica.com.mx\/defabrica\/wp-json\/wp\/v2\/comments?post=87996"}],"wp:featuredmedia":[{"embeddable":true,"href":"https:\/\/defabrica.com.mx\/defabrica\/wp-json\/wp\/v2\/media\/87997"}],"wp:attachment":[{"href":"https:\/\/defabrica.com.mx\/defabrica\/wp-json\/wp\/v2\/media?parent=87996"}],"wp:term":[{"taxonomy":"product_brand","embeddable":true,"href":"https:\/\/defabrica.com.mx\/defabrica\/wp-json\/wp\/v2\/product_brand?post=87996"},{"taxonomy":"product_cat","embeddable":true,"href":"https:\/\/defabrica.com.mx\/defabrica\/wp-json\/wp\/v2\/product_cat?post=87996"},{"taxonomy":"product_tag","embeddable":true,"href":"https:\/\/defabrica.com.mx\/defabrica\/wp-json\/wp\/v2\/product_tag?post=87996"}],"curies":[{"name":"wp","href":"https:\/\/api.w.org\/{rel}","templated":true}]}}