{"id":87799,"date":"2022-07-07T06:47:14","date_gmt":"2022-07-07T11:47:14","guid":{"rendered":"https:\/\/defabrica.com.mx\/defabrica\/?post_type=product&#038;p=87799"},"modified":"2022-07-07T06:47:14","modified_gmt":"2022-07-07T11:47:14","slug":"movado-connect-2-0-smartwatch-40-mm-acero-inoxidable-con-bano-de-iones-correa-de-cuero-rosa-con-bano-de-iones-de-oro-rosa-palido","status":"publish","type":"product","link":"https:\/\/defabrica.com.mx\/defabrica\/producto\/movado-connect-2-0-smartwatch-40-mm-acero-inoxidable-con-bano-de-iones-correa-de-cuero-rosa-con-bano-de-iones-de-oro-rosa-palido\/","title":{"rendered":"Movado &#8211; Connect 2.0 Smartwatch 40 mm Acero inoxidable con ba\u00f1o de iones &#8211; Correa de cuero rosa con ba\u00f1o de iones de oro rosa p\u00e1lido"},"content":{"rendered":"<p><span>Controle su frecuencia card\u00edaca y actividades mientras se mantiene actualizado sobre notificaciones importantes con este reloj inteligente Movado Connect 2.0.\u00a0<\/span><span>La caja de acero inoxidable con ba\u00f1o de iones y Corning Gorilla Glass garantizan un uso duradero, y la pantalla t\u00e1ctil digital ofrece m\u00faltiples opciones de marcaci\u00f3n.\u00a0<\/span><span>Este reloj inteligente Movado Connect 2.0 cuenta con un procesador Qualcomm Snapdragon y 1 GB de RAM para un rendimiento confiable y ofrece hasta 24 horas de duraci\u00f3n de la bater\u00eda.<\/span><\/p>\n<h3 class=\"heading-5 v-fw-regular feature-heading\"><strong>Caracter\u00edsticas<\/strong><\/h3>\n<ul>\n<li><strong>Compatible con determinados dispositivos Apple y Android<\/strong><br \/>\nIncluyendo dispositivos con Android 6.0 (excluyendo la edici\u00f3n Go) o iOS 10.0, o sistemas operativos posteriores.<\/li>\n<li><strong>Llamadas telef\u00f3nicas, citas, correo electr\u00f3nico y notificaciones sociales<\/strong><br \/>\nMantenerlo actualizado sobre los acontecimientos del d\u00eda a d\u00eda.<\/li>\n<li><strong>Actualizaciones de redes sociales<\/strong><br \/>\nLe permite mantenerse conectado a trav\u00e9s de las alertas personalizables de Facebook y Twitter.<\/li>\n<li><strong>Pantalla AMOLED sensible al tacto<\/strong><br \/>\nControla tu reloj inteligente directamente desde la pantalla.<\/li>\n<li><strong>Caja de acero inoxidable chapado en oro rosa p\u00e1lido, correa de piel rosa.<\/strong><br \/>\nAsegure la durabilidad y cree una apariencia elegante.<\/li>\n<li><strong>Dise\u00f1o resistente al agua con clasificaci\u00f3n IPX8<\/strong><br \/>\nBrinda protecci\u00f3n confiable para su reloj inteligente contra la inmersi\u00f3n en hasta 33 &#8216;de agua.<\/li>\n<li><strong>Conexi\u00f3n inal\u00e1mbrica a su dispositivo<\/strong><br \/>\nLa conectividad Bluetooth 4.2 y la tecnolog\u00eda NFC permiten un emparejamiento simple con un solo toque.<\/li>\n<li><strong>aplicaci\u00f3n de reproductor de m\u00fasica<\/strong><br \/>\nLe permite ajustar el volumen y reproducir, pausar y omitir canciones en su dispositivo (se requiere descarga).<\/li>\n<li><strong>Use comandos de voz para llamar, enviar mensajes de texto, programar citas, abrir aplicaciones y m\u00e1s<\/strong><br \/>\nEl Asistente de Google te permite realizar una amplia gama de tareas con las manos libres.<\/li>\n<\/ul>\n","protected":false},"excerpt":{"rendered":"<p>Controle su frecuencia card\u00edaca y actividades mientras se mantiene actualizado sobre notificaciones importantes con este reloj inteligente Movado Connect 2.0.\u00a0La caja de acero inoxidable con ba\u00f1o de iones y Corning<\/p>\n","protected":false},"featured_media":87800,"comment_status":"open","ping_status":"closed","template":"","meta":{"_acf_changed":false,"_joinchat":[]},"product_brand":[],"product_cat":[305,311],"product_tag":[],"class_list":{"0":"post-87799","1":"product","2":"type-product","3":"status-publish","4":"has-post-thumbnail","6":"product_cat-wearables","7":"product_cat-android-smartwatches","9":"first","10":"instock","11":"sale","12":"shipping-taxable","13":"purchasable","14":"product-type-simple"},"acf":[],"_links":{"self":[{"href":"https:\/\/defabrica.com.mx\/defabrica\/wp-json\/wp\/v2\/product\/87799","targetHints":{"allow":["GET"]}}],"collection":[{"href":"https:\/\/defabrica.com.mx\/defabrica\/wp-json\/wp\/v2\/product"}],"about":[{"href":"https:\/\/defabrica.com.mx\/defabrica\/wp-json\/wp\/v2\/types\/product"}],"replies":[{"embeddable":true,"href":"https:\/\/defabrica.com.mx\/defabrica\/wp-json\/wp\/v2\/comments?post=87799"}],"wp:featuredmedia":[{"embeddable":true,"href":"https:\/\/defabrica.com.mx\/defabrica\/wp-json\/wp\/v2\/media\/87800"}],"wp:attachment":[{"href":"https:\/\/defabrica.com.mx\/defabrica\/wp-json\/wp\/v2\/media?parent=87799"}],"wp:term":[{"taxonomy":"product_brand","embeddable":true,"href":"https:\/\/defabrica.com.mx\/defabrica\/wp-json\/wp\/v2\/product_brand?post=87799"},{"taxonomy":"product_cat","embeddable":true,"href":"https:\/\/defabrica.com.mx\/defabrica\/wp-json\/wp\/v2\/product_cat?post=87799"},{"taxonomy":"product_tag","embeddable":true,"href":"https:\/\/defabrica.com.mx\/defabrica\/wp-json\/wp\/v2\/product_tag?post=87799"}],"curies":[{"name":"wp","href":"https:\/\/api.w.org\/{rel}","templated":true}]}}