{"id":87247,"date":"2022-07-06T03:08:39","date_gmt":"2022-07-06T08:08:39","guid":{"rendered":"https:\/\/defabrica.com.mx\/defabrica\/?post_type=product&#038;p=87247"},"modified":"2023-01-17T14:44:33","modified_gmt":"2023-01-17T20:44:33","slug":"qfx-altavoz-tws-inalambrico-bluetooth-recargable-negro","status":"publish","type":"product","link":"https:\/\/defabrica.com.mx\/defabrica\/producto\/qfx-altavoz-tws-inalambrico-bluetooth-recargable-negro\/","title":{"rendered":"QFX &#8211; ALTAVOZ TWS INAL\u00c1MBRICO BLUETOOTH RECARGABLE &#8211; Negro"},"content":{"rendered":"<div class=\"embedded-component-container lv product-description\">\n<div>\n<div id=\"shop-product-description-28799208\" class=\"_none\" data-version=\"1.3.45\">\n<div class=\"shop-product-description\">\n<section class=\"align-heading-left\" data-reactroot=\"\">\n<div class=\"long-description-container body-copy \">\n<div class=\"html-fragment\">LA CALIDAD DE SONIDO ESPECTACULAR, TWS (TRUE WIRELESS SYSTEM) PERMITE QUE DOS ALTAVOCES TWS READY SE CONECTEN, SINCRONIZEN Y REPRODUZCAN AUDIO BLUETOOTH SIMULT\u00c1NEAMENTE PARA OBTENER UN VERDADERO SONIDO EST\u00c9REO CON HASTA 24 HORAS DE REPRODUCCI\u00d3N DE M\u00daSICA CONTINUA.\u00a0EMPAREJAR EL BT-ZX1 ES SENCILLO Y SIN PROBLEMAS.\u00a0CONECTIVIDAD BLUETOOTH TWS: TRANSMITA M\u00daSICA DESDE CUALQUIER DISPOSITIVO.\u00a0BT-ZX1 ES IMPERMEABLE IPX7 Y TIENE UN AMPLIO RANGO DIN\u00c1MICO.<\/div>\n<\/div>\n<\/section>\n<\/div>\n<\/div>\n<\/div>\n<\/div>\n<div class=\"embedded-component-container lv product-features\">\n<h3><\/h3>\n<h3 class=\"heading-5 v-fw-regular feature-heading\"><strong>Caracter\u00edsticas<\/strong><\/h3>\n<ul>\n<li><strong>Caracter\u00edsticas Bluetooth 5.0<\/strong><br \/>\nCon\u00e9ctese sin esfuerzo con dispositivos habilitados para Bluetooth con un toque de sus dedos. Sonido de graves profundos y n\u00edtidos hasta a 40 pies de distancia.<\/li>\n<li><strong>Conectividad Bluetooth TWS<\/strong><br \/>\nTransmite m\u00fasica desde cualquiera de tus dispositivos. Emparejar los altavoces es simple y sin complicaciones. La caracter\u00edstica \u00fanica de TWS Bluetooth le permite conectar dos o m\u00e1s altavoces QFX para que reproduzcan su m\u00fasica simult\u00e1neamente.<\/li>\n<li><strong>Experiencia de sonido envolvente<\/strong><br \/>\nCompre dos de estos parlantes inal\u00e1mbricos para crear el mejor sonido envolvente. \u00a1Disfruta de estos parlantes en la comodidad de tu hogar, junto a la piscina, en el parque o en cualquier otro lugar donde planees tocar! \u00bfSin Bluetooth? \u00a1No hay problema! Utilice el cable auxiliar incluido para conectar sus dispositivos.<\/li>\n<li><strong>Nunca m\u00e1s tendr\u00e1 que preocuparse por comprar bater\u00edas<\/strong><br \/>\nCon esta bater\u00eda recargable, simplemente cargue la bater\u00eda integrada utilizando el cable de carga de alimentaci\u00f3n incluido. Disfruta de 4 a 6 horas de tu m\u00fasica favorita con una sola carga.<\/li>\n<li><strong>Port\u00e1til, f\u00e1cil de transportar.<\/strong><br \/>\nPuedes usar este altavoz donde quieras ir. Ligero y equipado con un asa, puede transportar este altavoz mientras escucha sus canciones favoritas: \u00a1es un comienzo de fiesta!<\/li>\n<\/ul>\n<\/div>\n","protected":false},"excerpt":{"rendered":"<p>LA CALIDAD DE SONIDO ESPECTACULAR, TWS (TRUE WIRELESS SYSTEM) PERMITE QUE DOS ALTAVOCES TWS READY SE CONECTEN, SINCRONIZEN Y REPRODUZCAN AUDIO BLUETOOTH SIMULT\u00c1NEAMENTE PARA OBTENER UN VERDADERO SONIDO EST\u00c9REO CON<\/p>\n","protected":false},"featured_media":87249,"comment_status":"open","ping_status":"closed","template":"","meta":{"_acf_changed":false,"_joinchat":[]},"product_brand":[],"product_cat":[294,295,298],"product_tag":[],"class_list":{"0":"post-87247","1":"product","2":"type-product","3":"status-publish","4":"has-post-thumbnail","6":"product_cat-audio","7":"product_cat-bocinas","8":"product_cat-bocinas-portatiles","10":"first","11":"instock","12":"sale","13":"shipping-taxable","14":"purchasable","15":"product-type-simple"},"acf":[],"_links":{"self":[{"href":"https:\/\/defabrica.com.mx\/defabrica\/wp-json\/wp\/v2\/product\/87247","targetHints":{"allow":["GET"]}}],"collection":[{"href":"https:\/\/defabrica.com.mx\/defabrica\/wp-json\/wp\/v2\/product"}],"about":[{"href":"https:\/\/defabrica.com.mx\/defabrica\/wp-json\/wp\/v2\/types\/product"}],"replies":[{"embeddable":true,"href":"https:\/\/defabrica.com.mx\/defabrica\/wp-json\/wp\/v2\/comments?post=87247"}],"wp:featuredmedia":[{"embeddable":true,"href":"https:\/\/defabrica.com.mx\/defabrica\/wp-json\/wp\/v2\/media\/87249"}],"wp:attachment":[{"href":"https:\/\/defabrica.com.mx\/defabrica\/wp-json\/wp\/v2\/media?parent=87247"}],"wp:term":[{"taxonomy":"product_brand","embeddable":true,"href":"https:\/\/defabrica.com.mx\/defabrica\/wp-json\/wp\/v2\/product_brand?post=87247"},{"taxonomy":"product_cat","embeddable":true,"href":"https:\/\/defabrica.com.mx\/defabrica\/wp-json\/wp\/v2\/product_cat?post=87247"},{"taxonomy":"product_tag","embeddable":true,"href":"https:\/\/defabrica.com.mx\/defabrica\/wp-json\/wp\/v2\/product_tag?post=87247"}],"curies":[{"name":"wp","href":"https:\/\/api.w.org\/{rel}","templated":true}]}}