{"id":87099,"date":"2022-07-06T01:38:44","date_gmt":"2022-07-06T06:38:44","guid":{"rendered":"https:\/\/defabrica.com.mx\/defabrica\/?post_type=product&#038;p=87099"},"modified":"2022-07-06T01:38:44","modified_gmt":"2022-07-06T06:38:44","slug":"sudio-altavoz-femtio-con-emparejamiento-dual-cobre","status":"publish","type":"product","link":"https:\/\/defabrica.com.mx\/defabrica\/producto\/sudio-altavoz-femtio-con-emparejamiento-dual-cobre\/","title":{"rendered":"Sudio &#8211; Altavoz Femtio con emparejamiento dual &#8211; Cobre"},"content":{"rendered":"<div class=\"embedded-component-container lv product-description\">\n<div>\n<div id=\"shop-product-description-17908164\" class=\"_none\" data-version=\"1.3.45\">\n<div class=\"shop-product-description\">\n<section class=\"align-heading-left\" data-reactroot=\"\">\n<div class=\"long-description-container body-copy \">\n<div class=\"html-fragment\"><span>El Sudio Femtio es un altavoz peque\u00f1o pero potente que crea un sonido v\u00edvido que viaja f\u00e1cilmente.\u00a0Y con su tama\u00f1o y clasificaci\u00f3n de protecci\u00f3n de ingreso IPX 6 a prueba de agua, viaja a cualquier parte.\u00a0Conecte f\u00e1cilmente los dos altavoces Sudio Femtio a un dispositivo con su funci\u00f3n de emparejamiento dual para una cobertura de sonido robusta.<\/span><\/div>\n<\/div>\n<\/section>\n<\/div>\n<\/div>\n<\/div>\n<\/div>\n<div class=\"embedded-component-container lv product-features\">\n<h3><\/h3>\n<h3 class=\"heading-5 v-fw-regular feature-heading\"><strong>Caracter\u00edsticas<\/strong><\/h3>\n<ul>\n<li><strong>emparejamiento dual<\/strong><br \/>\nConecte dos altavoces sudio femtio a un dispositivo.<\/li>\n<li><strong>Impermeable<\/strong><br \/>\nClasificaci\u00f3n de protecci\u00f3n de ingreso IPX 6 completamente impermeable.<\/li>\n<li><strong>Tiempo de juego<\/strong><br \/>\n14 horas de tiempo de reproducci\u00f3n.<\/li>\n<li><strong>Gran sonido<\/strong><br \/>\nFemtio utiliza notas graves profundas y tonos fuertes y brillantes para crear un sonido c\u00e1lido y din\u00e1mico con un alcance expansivo.<\/li>\n<li><strong>Llamadas telef\u00f3nicas<\/strong><br \/>\nMicr\u00f3fono para llamadas telef\u00f3nicas<\/li>\n<\/ul>\n<\/div>\n","protected":false},"excerpt":{"rendered":"<p>El Sudio Femtio es un altavoz peque\u00f1o pero potente que crea un sonido v\u00edvido que viaja f\u00e1cilmente.\u00a0Y con su tama\u00f1o y clasificaci\u00f3n de protecci\u00f3n de ingreso IPX 6 a prueba<\/p>\n","protected":false},"featured_media":87100,"comment_status":"open","ping_status":"closed","template":"","meta":{"_acf_changed":false,"_joinchat":[]},"product_brand":[],"product_cat":[294,295,298],"product_tag":[],"class_list":{"0":"post-87099","1":"product","2":"type-product","3":"status-publish","4":"has-post-thumbnail","6":"product_cat-audio","7":"product_cat-bocinas","8":"product_cat-bocinas-portatiles","10":"first","11":"instock","12":"sale","13":"shipping-taxable","14":"purchasable","15":"product-type-simple"},"acf":[],"_links":{"self":[{"href":"https:\/\/defabrica.com.mx\/defabrica\/wp-json\/wp\/v2\/product\/87099","targetHints":{"allow":["GET"]}}],"collection":[{"href":"https:\/\/defabrica.com.mx\/defabrica\/wp-json\/wp\/v2\/product"}],"about":[{"href":"https:\/\/defabrica.com.mx\/defabrica\/wp-json\/wp\/v2\/types\/product"}],"replies":[{"embeddable":true,"href":"https:\/\/defabrica.com.mx\/defabrica\/wp-json\/wp\/v2\/comments?post=87099"}],"wp:featuredmedia":[{"embeddable":true,"href":"https:\/\/defabrica.com.mx\/defabrica\/wp-json\/wp\/v2\/media\/87100"}],"wp:attachment":[{"href":"https:\/\/defabrica.com.mx\/defabrica\/wp-json\/wp\/v2\/media?parent=87099"}],"wp:term":[{"taxonomy":"product_brand","embeddable":true,"href":"https:\/\/defabrica.com.mx\/defabrica\/wp-json\/wp\/v2\/product_brand?post=87099"},{"taxonomy":"product_cat","embeddable":true,"href":"https:\/\/defabrica.com.mx\/defabrica\/wp-json\/wp\/v2\/product_cat?post=87099"},{"taxonomy":"product_tag","embeddable":true,"href":"https:\/\/defabrica.com.mx\/defabrica\/wp-json\/wp\/v2\/product_tag?post=87099"}],"curies":[{"name":"wp","href":"https:\/\/api.w.org\/{rel}","templated":true}]}}