{"id":86882,"date":"2022-07-05T04:15:15","date_gmt":"2022-07-05T09:15:15","guid":{"rendered":"https:\/\/defabrica.com.mx\/defabrica\/?post_type=product&#038;p=86882"},"modified":"2022-07-05T11:50:12","modified_gmt":"2022-07-05T16:50:12","slug":"insignia-10-cuartos-horno-freidora-de-aire-digital-negro","status":"publish","type":"product","link":"https:\/\/defabrica.com.mx\/defabrica\/producto\/insignia-10-cuartos-horno-freidora-de-aire-digital-negro\/","title":{"rendered":"Insignia\u2122 &#8211; 10 cuartos Horno freidora de aire digital &#8211; Negro"},"content":{"rendered":"<p><span>\u00a0<\/span><span>El Insignia NS-AF10DBK2 de 10 cuartos.\u00a0<\/span><span>El horno freidora de aire digital es tu soluci\u00f3n.\u00a0<\/span><span>Al hacer circular aire caliente, esta freidora de aire crea una capa exterior crujiente que retiene la humedad.\u00a0<\/span><span>La tecnolog\u00eda asa, hornea o fr\u00ede sus alimentos sin usar aceite, lo que resulta en una alternativa de cocina sabrosa y saludable.\u00a0<\/span><span>Un men\u00fa inteligente preprogramado elimina las conjeturas al cocinar, brind\u00e1ndole tiempos y temperaturas de cocci\u00f3n para una variedad de alimentos.\u00a0<\/span><span>Adem\u00e1s, una puerta del horno de f\u00e1cil acceso con ventana de visualizaci\u00f3n hace que sea sencillo agregar alimentos y saber cu\u00e1ndo ha terminado de cocinarse.\u00a0<\/span><span>Su construcci\u00f3n libre de BPA mantiene los productos qu\u00edmicos nocivos fuera de la comida.<\/span><\/p>\n<h3 class=\"heading-5 v-fw-regular feature-heading\"><strong>Caracter\u00edsticas<\/strong><\/h3>\n<ul>\n<li><strong>Una alternativa m\u00e1s saludable a la fritura<\/strong><br \/>\nHace circular aire caliente para cocinar los alimentos y formar una corteza exterior crujiente sin aceite.<\/li>\n<li><strong>Asar, hornear o fre\u00edr<\/strong><br \/>\nLa temperatura alcanza hasta 400 \u00b0F (204,4 \u00b0C) para asar, hornear o fre\u00edr sus comidas favoritas.<\/li>\n<li><strong>Capacidad de 10 cuartos (9,5 l)<\/strong><br \/>\nLa gran capacidad lo ayuda a preparar comidas para su familia y amigos.<\/li>\n<li><strong>Controles de pantalla t\u00e1ctil digital<\/strong><br \/>\nProporciona una interfaz f\u00e1cil para usar programas de alimentos preestablecidos o ajustar el tiempo y la temperatura.<\/li>\n<li><strong>Temporizador de apagado autom\u00e1tico<\/strong><br \/>\nEl temporizador incorporado apaga autom\u00e1ticamente la freidora cuando est\u00e1 lista para evitar que se cocine demasiado.<\/li>\n<li><strong>ventana de visualizaci\u00f3n<\/strong><br \/>\nLe permite ver la comida mientras cocina para saber cu\u00e1ndo est\u00e1 lista.<\/li>\n<li><strong>Aptas para el lavavajillas<\/strong><br \/>\nLimpie el asador, las rejillas y la bandeja de goteo en el lavavajillas para que no tenga que fregar a mano.<\/li>\n<li><strong>Dise\u00f1o negro<\/strong><br \/>\nComplementa sus otros aparatos electr\u00f3nicos de cocina, ofreciendo una apariencia limpia y elegante.<\/li>\n<li><strong>sin BPA<\/strong><br \/>\nEvita que los productos qu\u00edmicos nocivos para la salud se filtren en los alimentos.<\/li>\n<\/ul>\n","protected":false},"excerpt":{"rendered":"<p>\u00a0El Insignia NS-AF10DBK2 de 10 cuartos.\u00a0El horno freidora de aire digital es tu soluci\u00f3n.\u00a0Al hacer circular aire caliente, esta freidora de aire crea una capa exterior crujiente que retiene la<\/p>\n","protected":false},"featured_media":86883,"comment_status":"open","ping_status":"closed","template":"","meta":{"_acf_changed":false,"_joinchat":[]},"product_brand":[],"product_cat":[336,337,338,950],"product_tag":[],"class_list":{"0":"post-86882","1":"product","2":"type-product","3":"status-publish","4":"has-post-thumbnail","6":"product_cat-hogar","7":"product_cat-cocina","8":"product_cat-electrodomesticos","9":"product_cat-freidoras","11":"first","12":"instock","13":"sale","14":"shipping-taxable","15":"purchasable","16":"product-type-simple"},"acf":[],"_links":{"self":[{"href":"https:\/\/defabrica.com.mx\/defabrica\/wp-json\/wp\/v2\/product\/86882","targetHints":{"allow":["GET"]}}],"collection":[{"href":"https:\/\/defabrica.com.mx\/defabrica\/wp-json\/wp\/v2\/product"}],"about":[{"href":"https:\/\/defabrica.com.mx\/defabrica\/wp-json\/wp\/v2\/types\/product"}],"replies":[{"embeddable":true,"href":"https:\/\/defabrica.com.mx\/defabrica\/wp-json\/wp\/v2\/comments?post=86882"}],"wp:featuredmedia":[{"embeddable":true,"href":"https:\/\/defabrica.com.mx\/defabrica\/wp-json\/wp\/v2\/media\/86883"}],"wp:attachment":[{"href":"https:\/\/defabrica.com.mx\/defabrica\/wp-json\/wp\/v2\/media?parent=86882"}],"wp:term":[{"taxonomy":"product_brand","embeddable":true,"href":"https:\/\/defabrica.com.mx\/defabrica\/wp-json\/wp\/v2\/product_brand?post=86882"},{"taxonomy":"product_cat","embeddable":true,"href":"https:\/\/defabrica.com.mx\/defabrica\/wp-json\/wp\/v2\/product_cat?post=86882"},{"taxonomy":"product_tag","embeddable":true,"href":"https:\/\/defabrica.com.mx\/defabrica\/wp-json\/wp\/v2\/product_tag?post=86882"}],"curies":[{"name":"wp","href":"https:\/\/api.w.org\/{rel}","templated":true}]}}