{"id":86860,"date":"2022-07-05T03:30:28","date_gmt":"2022-07-05T08:30:28","guid":{"rendered":"https:\/\/defabrica.com.mx\/defabrica\/?post_type=product&#038;p=86860"},"modified":"2022-07-05T11:50:21","modified_gmt":"2022-07-05T16:50:21","slug":"cosori-freidora-de-aire-inteligente-de-5-8-cuartos-con-estante-para-pinchos-negro","status":"publish","type":"product","link":"https:\/\/defabrica.com.mx\/defabrica\/producto\/cosori-freidora-de-aire-inteligente-de-5-8-cuartos-con-estante-para-pinchos-negro\/","title":{"rendered":"Cosori &#8211; Freidora de aire inteligente de 5.8 cuartos con estante para pinchos &#8211; Negro"},"content":{"rendered":"<p><span>Mantener sus comidas interesantes todos los d\u00edas requiere mucho pensamiento y esfuerzo.\u00a0<\/span><span>Afortunadamente para ti, nuestra Smart Air Fryer est\u00e1 aqu\u00ed para ayudarte.\u00a0<\/span><span>Con la aplicaci\u00f3n VeSync puede seleccionar preajustes, programar tiempos de cocci\u00f3n y ajustar la configuraci\u00f3n, todo desde su tel\u00e9fono inteligente.\u00a0<\/span><span>En comparaci\u00f3n con las freidoras tradicionales, nuestra freidora de aire ofrece resultados con hasta un 85 % menos de grasa para que no tenga que sacrificar la salud por la comodidad.\u00a0<\/span><span>El paquete viene con 100 recetas creadas personalmente por nuestros chefs, y puedes acceder a m\u00e1s en la aplicaci\u00f3n.\u00a0<\/span><span>Marque sus favoritos y cargue sus propias creaciones para tener siempre opciones a mano.<\/span><\/p>\n<h3 class=\"heading-5 v-fw-regular feature-heading\"><strong>Caracter\u00edsticas<\/strong><\/h3>\n<ul>\n<li><strong>Control inteligente:<\/strong><br \/>\nSeleccione ajustes preestablecidos, establezca temporizadores y controle el progreso de su comida cuando conecte su Cosori Freidora de aire inteligente\u00a0a la aplicaci\u00f3n VeSync.<\/li>\n<li><strong>Alternativa Saludable:<\/strong><br \/>\nLa circulaci\u00f3n de aire de alta velocidad crea comidas y refrigerios crujientes y deliciosos con hasta un 85 % menos de grasa que los alimentos fritos tradicionales.<\/li>\n<li><strong>Recetas en l\u00ednea:<\/strong><br \/>\nLa freidora de aire viene con m\u00e1s de 100 recetas originales, deliciosas y preprogramadas a las que puede acceder instant\u00e1neamente a trav\u00e9s de la aplicaci\u00f3n gratuita VeSync.<\/li>\n<li><strong>Juego extra de pinchos y estantes:<\/strong><br \/>\nCada freidora de aire viene con una rejilla adicional y un juego de pinchos para ayudar con las brochetas y otras delicias.<\/li>\n<li><strong>Ajustes preestablecidos \u00fatiles:<\/strong><br \/>\nElija entre 11 preajustes de alimentos \u00fanicos, que van desde bistec hasta vegetales y postre. Agregue crujiente adicional con la funci\u00f3n de precalentamiento.<\/li>\n<\/ul>\n<div class=\"feature-body-container\">\n<div class=\"features-list-container\"><\/div>\n<\/div>\n","protected":false},"excerpt":{"rendered":"<p>Mantener sus comidas interesantes todos los d\u00edas requiere mucho pensamiento y esfuerzo.\u00a0Afortunadamente para ti, nuestra Smart Air Fryer est\u00e1 aqu\u00ed para ayudarte.\u00a0Con la aplicaci\u00f3n VeSync puede seleccionar preajustes, programar tiempos<\/p>\n","protected":false},"featured_media":86861,"comment_status":"open","ping_status":"closed","template":"","meta":{"_acf_changed":false,"_joinchat":[]},"product_brand":[],"product_cat":[336,337,338,950],"product_tag":[],"class_list":{"0":"post-86860","1":"product","2":"type-product","3":"status-publish","4":"has-post-thumbnail","6":"product_cat-hogar","7":"product_cat-cocina","8":"product_cat-electrodomesticos","9":"product_cat-freidoras","11":"first","12":"instock","13":"sale","14":"shipping-taxable","15":"purchasable","16":"product-type-simple"},"acf":[],"_links":{"self":[{"href":"https:\/\/defabrica.com.mx\/defabrica\/wp-json\/wp\/v2\/product\/86860","targetHints":{"allow":["GET"]}}],"collection":[{"href":"https:\/\/defabrica.com.mx\/defabrica\/wp-json\/wp\/v2\/product"}],"about":[{"href":"https:\/\/defabrica.com.mx\/defabrica\/wp-json\/wp\/v2\/types\/product"}],"replies":[{"embeddable":true,"href":"https:\/\/defabrica.com.mx\/defabrica\/wp-json\/wp\/v2\/comments?post=86860"}],"wp:featuredmedia":[{"embeddable":true,"href":"https:\/\/defabrica.com.mx\/defabrica\/wp-json\/wp\/v2\/media\/86861"}],"wp:attachment":[{"href":"https:\/\/defabrica.com.mx\/defabrica\/wp-json\/wp\/v2\/media?parent=86860"}],"wp:term":[{"taxonomy":"product_brand","embeddable":true,"href":"https:\/\/defabrica.com.mx\/defabrica\/wp-json\/wp\/v2\/product_brand?post=86860"},{"taxonomy":"product_cat","embeddable":true,"href":"https:\/\/defabrica.com.mx\/defabrica\/wp-json\/wp\/v2\/product_cat?post=86860"},{"taxonomy":"product_tag","embeddable":true,"href":"https:\/\/defabrica.com.mx\/defabrica\/wp-json\/wp\/v2\/product_tag?post=86860"}],"curies":[{"name":"wp","href":"https:\/\/api.w.org\/{rel}","templated":true}]}}