{"id":86579,"date":"2022-07-04T20:43:29","date_gmt":"2022-07-05T01:43:29","guid":{"rendered":"https:\/\/defabrica.com.mx\/defabrica\/?post_type=product&#038;p=86579"},"modified":"2023-01-17T13:47:47","modified_gmt":"2023-01-17T19:47:47","slug":"instant-pot-horno-de-freidora-de-aire-4-en-1-vortex-de-6-cuartos-de-galon-negro","status":"publish","type":"product","link":"https:\/\/defabrica.com.mx\/defabrica\/producto\/instant-pot-horno-de-freidora-de-aire-4-en-1-vortex-de-6-cuartos-de-galon-negro\/","title":{"rendered":"Instant Pot &#8211; Horno de freidora de aire 4 en 1 Vortex de 6 cuartos de gal\u00f3n &#8211; Negro"},"content":{"rendered":"<div class=\"embedded-component-container lv product-description\">\n<div>\n<div id=\"shop-product-description-61997621\" class=\"_none\" data-version=\"1.3.45\">\n<div class=\"shop-product-description\">\n<section class=\"align-heading-left\" data-reactroot=\"\">\n<div class=\"long-description-container body-copy \">\n<div class=\"html-fragment\">Prepare comidas deliciosas con poco o nada de aceite de cocina cuando use esta freidora de aire Vortex.\u00a0El dise\u00f1o vers\u00e1til ofrece opciones para asar, fre\u00edr, hornear y recalentar con solo tocar un bot\u00f3n, mientras que la canasta grande acomoda f\u00e1cilmente grandes lotes de ingredientes sabrosos como aros de cebolla, papas fritas o vegetales crujientes.\u00a0Esta freidora de aire Vortex cuenta con controles simples para una operaci\u00f3n sin esfuerzo, ya sea que est\u00e9 cocinando pescado y papas fritas o asando papas con ajo.\u00a0Adem\u00e1s, este electrodom\u00e9stico de cocina recuerda las configuraciones de comidas favoritas de su familia para garantizar que la hora de la comida sea lo m\u00e1s eficiente posible y se cocine a la perfecci\u00f3n en todo momento.<\/div>\n<\/div>\n<\/section>\n<\/div>\n<\/div>\n<\/div>\n<\/div>\n<div class=\"embedded-component-container lv product-features\">\n<h3><\/h3>\n<h3 class=\"heading-5 v-fw-regular feature-heading\"><strong>Caracter\u00edsticas<\/strong><\/h3>\n<ul>\n<li><strong>6 PROGRAMAS INTELIGENTES INTEGRADOS<\/strong><br \/>\nFre\u00edr al aire, hornear, asar, tostar, asar, deshidratar y rostizar para obtener la comida perfecta en todo momento.<\/li>\n<li><strong>TECNOLOG\u00cdA EVENCRISP<\/strong><br \/>\nConsiga un exterior crujiente y un interior tierno, ya sea que cocine en la cesta giratoria o ase la carne al estilo rostizador, la delicia est\u00e1 garantizada.<\/li>\n<li><strong>SALUDABLE Y DELICIOSO<\/strong><br \/>\nObtenga un sabor frito con poco o nada de aceite para versiones saludables y sabrosas de sus favoritos. Fre\u00edr al aire, hornear y asar varias comidas a la vez.<\/li>\n<li><strong>HASTA COCINAR<\/strong><br \/>\nEl horno tostador con freidora de aire Instant Vortex Plus hace circular aire s\u00faper caliente alrededor de la comida para que se cocine de manera uniforme y retenga la humedad, brind\u00e1ndole la textura crujiente y dorada y el delicioso sabor de la fritura, sin la culpa.<\/li>\n<li><strong>AHORRAR TIEMPO<\/strong><br \/>\nPrepare la cena en la mitad del tiempo de un horno convencional sin el tiempo de precalentamiento tradicional o sin calentar toda la cocina. Adem\u00e1s, puede colocar ambas bandejas de cocci\u00f3n a la vez para preparar varias comidas a la vez.<\/li>\n<li><strong>LIMPIEZA R\u00c1PIDA<\/strong><br \/>\nGrasa m\u00ednima significa desorden m\u00ednimo. La superficie elegante se limpia con un pa\u00f1o. Adem\u00e1s, la bandeja de goteo, las bandejas de cocci\u00f3n, la cesta del asador, el asador y los tenedores son aptos para lavavajillas.<\/li>\n<li><strong>GRAN CAPACIDAD<\/strong><br \/>\nCocine por poco o mucho, este Vortex tiene espacio para 2 libras de papas fritas o un pollo de 4 libras en forma de mariposa.<\/li>\n<\/ul>\n<\/div>\n","protected":false},"excerpt":{"rendered":"<p>Prepare comidas deliciosas con poco o nada de aceite de cocina cuando use esta freidora de aire Vortex.\u00a0El dise\u00f1o vers\u00e1til ofrece opciones para asar, fre\u00edr, hornear y recalentar con solo<\/p>\n","protected":false},"featured_media":86581,"comment_status":"open","ping_status":"closed","template":"","meta":{"_acf_changed":false,"_joinchat":[]},"product_brand":[],"product_cat":[336,337,338,950],"product_tag":[],"class_list":{"0":"post-86579","1":"product","2":"type-product","3":"status-publish","4":"has-post-thumbnail","6":"product_cat-hogar","7":"product_cat-cocina","8":"product_cat-electrodomesticos","9":"product_cat-freidoras","11":"first","12":"instock","13":"sale","14":"shipping-taxable","15":"purchasable","16":"product-type-simple"},"acf":[],"_links":{"self":[{"href":"https:\/\/defabrica.com.mx\/defabrica\/wp-json\/wp\/v2\/product\/86579","targetHints":{"allow":["GET"]}}],"collection":[{"href":"https:\/\/defabrica.com.mx\/defabrica\/wp-json\/wp\/v2\/product"}],"about":[{"href":"https:\/\/defabrica.com.mx\/defabrica\/wp-json\/wp\/v2\/types\/product"}],"replies":[{"embeddable":true,"href":"https:\/\/defabrica.com.mx\/defabrica\/wp-json\/wp\/v2\/comments?post=86579"}],"wp:featuredmedia":[{"embeddable":true,"href":"https:\/\/defabrica.com.mx\/defabrica\/wp-json\/wp\/v2\/media\/86581"}],"wp:attachment":[{"href":"https:\/\/defabrica.com.mx\/defabrica\/wp-json\/wp\/v2\/media?parent=86579"}],"wp:term":[{"taxonomy":"product_brand","embeddable":true,"href":"https:\/\/defabrica.com.mx\/defabrica\/wp-json\/wp\/v2\/product_brand?post=86579"},{"taxonomy":"product_cat","embeddable":true,"href":"https:\/\/defabrica.com.mx\/defabrica\/wp-json\/wp\/v2\/product_cat?post=86579"},{"taxonomy":"product_tag","embeddable":true,"href":"https:\/\/defabrica.com.mx\/defabrica\/wp-json\/wp\/v2\/product_tag?post=86579"}],"curies":[{"name":"wp","href":"https:\/\/api.w.org\/{rel}","templated":true}]}}