{"id":86512,"date":"2022-07-04T20:06:27","date_gmt":"2022-07-05T01:06:27","guid":{"rendered":"https:\/\/defabrica.com.mx\/defabrica\/?post_type=product&#038;p=86512"},"modified":"2023-01-17T13:43:07","modified_gmt":"2023-01-17T19:43:07","slug":"instantaneo-freidora-de-aire-omni-plus-18l-10-en-1-horno-tostador-plateado","status":"publish","type":"product","link":"https:\/\/defabrica.com.mx\/defabrica\/producto\/instantaneo-freidora-de-aire-omni-plus-18l-10-en-1-horno-tostador-plateado\/","title":{"rendered":"Instant\u00e1neo &#8211; Freidora de aire Omni Plus 18L 10 en 1 Horno tostador &#8211; Plateado"},"content":{"rendered":"<div class=\"embedded-component-container lv product-description\">\n<div>\n<div id=\"shop-product-description-57169249\" class=\"_none\" data-version=\"1.3.45\">\n<div class=\"shop-product-description\">\n<section class=\"align-heading-left\" data-reactroot=\"\">\n<div class=\"long-description-container body-copy \">\n<div class=\"html-fragment\">El Instant Omni Plus es un horno tostador de freidora de aire de mostrador de alto rendimiento.\u00a0Es lo suficientemente grande para cocinar hasta cuatro porciones de alimentos y es perfecto para familias en crecimiento.\u00a0Con 10 funciones de cocci\u00f3n, Omni Plus lo ayuda a crear comidas caseras r\u00e1pidas, deliciosas y saludables.\u00a0Tiene una funci\u00f3n de asador, tecnolog\u00eda EvenCrispTM para obtener resultados dorados y crujientes y m\u00e1s.\u00a0El Omni Plus ofrece la calidad, la comodidad y la versatilidad que espera de Instant: Discover Amazing.<\/div>\n<\/div>\n<\/section>\n<\/div>\n<\/div>\n<\/div>\n<\/div>\n<div class=\"embedded-component-container lv product-features\">\n<h3><\/h3>\n<h3 class=\"heading-5 v-fw-regular feature-heading\"><strong>Caracter\u00edsticas<\/strong><\/h3>\n<div class=\"feature-body-container\">\n<div class=\"features-list-container\">\n<div class=\"features-list all-features\">\n<div class=\"list-row\">\n<ul>\n<li><strong>10 funciones de cocci\u00f3n<\/strong><br \/>\nFre\u00edr al aire, asar, hornear, asar, deshidratar, recalentar, asar, tostar, calentar, convecci\u00f3n<\/li>\n<li><strong>Tecnolog\u00eda Evencrisp<\/strong><br \/>\nHace circular el aire caliente de arriba hacia abajo, sobre la comida, para brindar todo el crujido y la ternura de fre\u00edr con un 95 % menos de aceite (en comparaci\u00f3n con la fritura profunda)<\/li>\n<li><strong>Cuarzo dorado infrarrojo<\/strong><br \/>\nCalor radiante dual ultrarr\u00e1pido para precalentar m\u00e1s r\u00e1pido, cocinar uniformemente y mantener la comida jugosa<\/li>\n<li><strong>Pantalla de progreso<\/strong><br \/>\nVea cada etapa de la cocci\u00f3n de principio a fin<\/li>\n<li><strong>Cocci\u00f3n \u00f3ptima<\/strong><br \/>\nLa puerta de vidrio de doble capa mantiene el calor en el interior para un calentamiento efectivo<\/li>\n<li><strong>Genial para familias<\/strong><br \/>\nMayor capacidad que se adapta a una pizza de 12&#8243; o 6 rebanadas de pan<\/li>\n<li><strong>Comienzo m\u00e1s r\u00e1pido<\/strong><br \/>\nPoco o ning\u00fan tiempo de precalentamiento<\/li>\n<li><strong>Temperatura perfecta<\/strong><br \/>\nAjustable de 170 \u00b0 a 450 \u00b0 F o seleccione uno de los siete niveles de tostado personalizables perfectos para pan, bagels y m\u00e1s<\/li>\n<li><strong>Funcional y elegante<\/strong><br \/>\nExterior de acero inoxidable para una combinaci\u00f3n perfecta de funci\u00f3n y estilo<\/li>\n<li><strong>Incluye<\/strong><br \/>\nBandeja para hornear esmaltada, rejilla para horno de acero inoxidable, canasta para fre\u00edr al aire, asador estilo BBQ, tenedores y herramienta para levantar<\/li>\n<\/ul>\n<p>&nbsp;<\/p>\n<\/div>\n<\/div>\n<\/div>\n<\/div>\n<\/div>\n","protected":false},"excerpt":{"rendered":"<p>El Instant Omni Plus es un horno tostador de freidora de aire de mostrador de alto rendimiento.\u00a0Es lo suficientemente grande para cocinar hasta cuatro porciones de alimentos y es perfecto<\/p>\n","protected":false},"featured_media":86515,"comment_status":"open","ping_status":"closed","template":"","meta":{"_acf_changed":false,"_joinchat":[]},"product_brand":[],"product_cat":[336,337,338,950],"product_tag":[],"class_list":{"0":"post-86512","1":"product","2":"type-product","3":"status-publish","4":"has-post-thumbnail","6":"product_cat-hogar","7":"product_cat-cocina","8":"product_cat-electrodomesticos","9":"product_cat-freidoras","11":"first","12":"instock","13":"sale","14":"shipping-taxable","15":"purchasable","16":"product-type-simple"},"acf":[],"_links":{"self":[{"href":"https:\/\/defabrica.com.mx\/defabrica\/wp-json\/wp\/v2\/product\/86512","targetHints":{"allow":["GET"]}}],"collection":[{"href":"https:\/\/defabrica.com.mx\/defabrica\/wp-json\/wp\/v2\/product"}],"about":[{"href":"https:\/\/defabrica.com.mx\/defabrica\/wp-json\/wp\/v2\/types\/product"}],"replies":[{"embeddable":true,"href":"https:\/\/defabrica.com.mx\/defabrica\/wp-json\/wp\/v2\/comments?post=86512"}],"wp:featuredmedia":[{"embeddable":true,"href":"https:\/\/defabrica.com.mx\/defabrica\/wp-json\/wp\/v2\/media\/86515"}],"wp:attachment":[{"href":"https:\/\/defabrica.com.mx\/defabrica\/wp-json\/wp\/v2\/media?parent=86512"}],"wp:term":[{"taxonomy":"product_brand","embeddable":true,"href":"https:\/\/defabrica.com.mx\/defabrica\/wp-json\/wp\/v2\/product_brand?post=86512"},{"taxonomy":"product_cat","embeddable":true,"href":"https:\/\/defabrica.com.mx\/defabrica\/wp-json\/wp\/v2\/product_cat?post=86512"},{"taxonomy":"product_tag","embeddable":true,"href":"https:\/\/defabrica.com.mx\/defabrica\/wp-json\/wp\/v2\/product_tag?post=86512"}],"curies":[{"name":"wp","href":"https:\/\/api.w.org\/{rel}","templated":true}]}}