{"id":86493,"date":"2022-07-04T19:39:00","date_gmt":"2022-07-05T00:39:00","guid":{"rendered":"https:\/\/defabrica.com.mx\/defabrica\/?post_type=product&#038;p=86493"},"modified":"2023-01-17T13:42:26","modified_gmt":"2023-01-17T19:42:26","slug":"instant-pot-8qt-crisp-pro-epc-y-freidora-de-aire-plata","status":"publish","type":"product","link":"https:\/\/defabrica.com.mx\/defabrica\/producto\/instant-pot-8qt-crisp-pro-epc-y-freidora-de-aire-plata\/","title":{"rendered":"Instant Pot 8QT Crisp Pro EPC y freidora de aire &#8211; Plata"},"content":{"rendered":"<div class=\"embedded-component-container lv product-description\">\n<div>\n<div id=\"shop-product-description-59368616\" class=\"_none\" data-version=\"1.3.45\">\n<div class=\"shop-product-description\">\n<section class=\"align-heading-left\" data-reactroot=\"\">\n<div class=\"long-description-container body-copy \">\n<div class=\"html-fragment\">Instant Pot 8QT Crisp Pro EPC y freidora de aire<\/div>\n<\/div>\n<\/section>\n<\/div>\n<\/div>\n<\/div>\n<\/div>\n<div class=\"embedded-component-container lv product-features\">\n<h3><\/h3>\n<h3 class=\"heading-5 v-fw-regular feature-heading\"><strong>Caracter\u00edsticas<\/strong><\/h3>\n<div class=\"feature-body-container\">\n<div class=\"features-list-container\">\n<div class=\"features-list all-features\">\n<div class=\"list-row\">\n<ul>\n<li><strong>Caracter\u00edsticas<\/strong><br \/>\n2 tapas \u00fanicas y 11 preajustes de cocci\u00f3n personalizables significan un potencial infinito para deliciosas comidas en casa, con cocci\u00f3n a presi\u00f3n, salteado, cocci\u00f3n lenta, vapor, sous vide, caliente, fre\u00edr al aire, asar, hornear, asar y deshidratar<\/li>\n<li><strong>La seguridad<\/strong><br \/>\nM\u00e1s de 10 funciones de seguridad comprobadas, como Overheat Protection\u2122, bloqueo de tapa de seguridad y bot\u00f3n de liberaci\u00f3n r\u00e1pida, promueven una cocci\u00f3n sin preocupaciones<\/li>\n<li><strong>tapas<\/strong><br \/>\nLa tapa de la freidora se puede personalizar de 105 \u00b0F a 450 \u00b0F<\/li>\n<li><strong>Especificaciones<\/strong><br \/>\nCarcasa de acero inoxidable gris metalizado; tapa de acero inoxidable con carcasa de pl\u00e1stico negro resistente al calor; elegante pantalla negra. Olla: tama\u00f1o de 8qt, volumen utilizable de 6qt; hecho de acero inoxidable 304 (18\/8) duradero y de primera calidad con n\u00facleo de aluminio para un calentamiento uniforme.<\/li>\n<li><strong>Especificaciones adicionales<\/strong><br \/>\nPotencia: 1500 W. Alimentaci\u00f3n: 120 V~ 60 Hz. Cable de alimentaci\u00f3n: enchufe de 3 clavijas cableado y conectado a tierra. Peso: 26,2 libras \/ 11,88 kg.<\/li>\n<\/ul>\n<\/div>\n<\/div>\n<\/div>\n<\/div>\n<\/div>\n","protected":false},"excerpt":{"rendered":"<p>Instant Pot 8QT Crisp Pro EPC y freidora de aire Caracter\u00edsticas Caracter\u00edsticas 2 tapas \u00fanicas y 11 preajustes de cocci\u00f3n personalizables significan un potencial infinito para deliciosas comidas en casa,<\/p>\n","protected":false},"featured_media":86494,"comment_status":"open","ping_status":"closed","template":"","meta":{"_acf_changed":false,"_joinchat":[]},"product_brand":[],"product_cat":[336,337,338,950],"product_tag":[],"class_list":{"0":"post-86493","1":"product","2":"type-product","3":"status-publish","4":"has-post-thumbnail","6":"product_cat-hogar","7":"product_cat-cocina","8":"product_cat-electrodomesticos","9":"product_cat-freidoras","11":"first","12":"instock","13":"sale","14":"shipping-taxable","15":"purchasable","16":"product-type-simple"},"acf":[],"_links":{"self":[{"href":"https:\/\/defabrica.com.mx\/defabrica\/wp-json\/wp\/v2\/product\/86493","targetHints":{"allow":["GET"]}}],"collection":[{"href":"https:\/\/defabrica.com.mx\/defabrica\/wp-json\/wp\/v2\/product"}],"about":[{"href":"https:\/\/defabrica.com.mx\/defabrica\/wp-json\/wp\/v2\/types\/product"}],"replies":[{"embeddable":true,"href":"https:\/\/defabrica.com.mx\/defabrica\/wp-json\/wp\/v2\/comments?post=86493"}],"wp:featuredmedia":[{"embeddable":true,"href":"https:\/\/defabrica.com.mx\/defabrica\/wp-json\/wp\/v2\/media\/86494"}],"wp:attachment":[{"href":"https:\/\/defabrica.com.mx\/defabrica\/wp-json\/wp\/v2\/media?parent=86493"}],"wp:term":[{"taxonomy":"product_brand","embeddable":true,"href":"https:\/\/defabrica.com.mx\/defabrica\/wp-json\/wp\/v2\/product_brand?post=86493"},{"taxonomy":"product_cat","embeddable":true,"href":"https:\/\/defabrica.com.mx\/defabrica\/wp-json\/wp\/v2\/product_cat?post=86493"},{"taxonomy":"product_tag","embeddable":true,"href":"https:\/\/defabrica.com.mx\/defabrica\/wp-json\/wp\/v2\/product_tag?post=86493"}],"curies":[{"name":"wp","href":"https:\/\/api.w.org\/{rel}","templated":true}]}}