{"id":86259,"date":"2022-07-02T22:47:21","date_gmt":"2022-07-03T03:47:21","guid":{"rendered":"https:\/\/defabrica.com.mx\/defabrica\/?post_type=product&#038;p=86259"},"modified":"2023-01-17T13:25:25","modified_gmt":"2023-01-17T19:25:25","slug":"gopro-camara-de-accion-max-360-grados-negro","status":"publish","type":"product","link":"https:\/\/defabrica.com.mx\/defabrica\/producto\/gopro-camara-de-accion-max-360-grados-negro\/","title":{"rendered":"GoPro &#8211; C\u00e1mara de acci\u00f3n MAX 360 grados &#8211; Negro"},"content":{"rendered":"<div class=\"embedded-component-container lv product-description\">\n<div>\n<div id=\"shop-product-description-68613032\" class=\"_none\" data-version=\"1.3.45\">\n<div class=\"shop-product-description\">\n<section class=\"align-heading-left\" data-reactroot=\"\">\n<div class=\"long-description-container body-copy \">\n<div class=\"html-fragment\">Capture videos y fotos de calidad con esta c\u00e1mara de acci\u00f3n GoPro MAX 360.\u00a0La bater\u00eda recargable de iones de litio de 1600 mAh garantiza un uso ininterrumpido, mientras que la pantalla t\u00e1ctil intuitiva permite un funcionamiento perfecto.\u00a0Esta c\u00e1mara de acci\u00f3n GoPro MAX 360 cuenta con conectividad Wi-Fi para compartir contenido f\u00e1cilmente, y la resistencia al agua de hasta 16 pies permite un uso seguro en condiciones h\u00famedas.<\/div>\n<\/div>\n<\/section>\n<\/div>\n<\/div>\n<\/div>\n<\/div>\n<div class=\"embedded-component-container lv product-features\">\n<h3><\/h3>\n<h3 class=\"heading-5 v-fw-regular feature-heading\"><strong>Caracter\u00edsticas<\/strong><\/h3>\n<ul>\n<li><strong>Compatible con v\u00eddeo 360<\/strong><br \/>\nCapture videos y fotos tradicionales de GoPro, o tome im\u00e1genes de 360\u00b0 de todo lo que lo rodea.<\/li>\n<li><strong>Pantalla t\u00e1ctil intuitiva<\/strong><br \/>\nTres modos de captura principales con configuraciones simplificadas facilitan la navegaci\u00f3n.<\/li>\n<li><strong>Sensor de imagen CMOS<\/strong><br \/>\nPresenta videos e im\u00e1genes fijas detallados y claros.<\/li>\n<li><strong>fotos de 18,0 MP*<\/strong><br \/>\nObtenga fotos vibrantes de 18.0MP incluso en tomas desafiantes que mezclan luces brillantes y sombras.<\/li>\n<li><strong>Estabilizaci\u00f3n hipersuave<\/strong><br \/>\nPermite capturar videos s\u00faper estabilizados usando la captura de 180\u00b0 como el \u00faltimo b\u00fafer.<\/li>\n<li><strong>Nivelaci\u00f3n de horizonte<\/strong><br \/>\nLe brinda esa apariencia cinematogr\u00e1fica suave como la seda, ya sea que se est\u00e9 poniendo de lado, dando vueltas en el aire o persiguiendo a sus hijos.<\/li>\n<li><strong>Premium 360 y audio est\u00e9reo<\/strong><br \/>\nSeis micr\u00f3fonos capturan audio 360 real y ofrecen un sonido est\u00e9reo perfecto.<\/li>\n<li><strong>Control de voz<\/strong><br \/>\nVaya manos libres con 12 comandos de voz, incluso si la c\u00e1mara est\u00e1 apagada.<\/li>\n<li><strong>Distorsi\u00f3n de tiempo MAX<\/strong><br \/>\nAjusta autom\u00e1ticamente la velocidad de los videos de lapso de tiempo seg\u00fan el movimiento, la detecci\u00f3n de escenas y la iluminaci\u00f3n.<\/li>\n<li><strong>transmisi\u00f3n en vivo de 1080p<\/strong><br \/>\nDispara en modo H\u00e9roe y comparte mientras est\u00e1s all\u00ed.<\/li>\n<li><strong>Dise\u00f1o resistente al agua y duradero.<\/strong><br \/>\nConstruido resistente y resistente al agua hasta 16&#8242; (5 m): simplemente coloque las lentes protectoras incluidas y c\u00e1rguelas.<\/li>\n<li><strong>Compatibilidad con el formato de v\u00eddeo HEVC<\/strong><br \/>\nUse la codificaci\u00f3n de video de alta eficiencia (HEVC) para reducir el tama\u00f1o del archivo sin perder calidad de imagen.<\/li>\n<li><strong>GPS y sensores de movimiento<\/strong><br \/>\nCaptura tu ubicaci\u00f3n, altitud y velocidad, para que puedas compartir tus haza\u00f1as agregando pegatinas de rendimiento de GPS a tus videos en la aplicaci\u00f3n GoPro.<\/li>\n<li><strong>Detecci\u00f3n de escena<\/strong><br \/>\nLa c\u00e1mara sabe si est\u00e1s en la nieve, en la playa, bajo el agua y m\u00e1s. Esto ayuda a la aplicaci\u00f3n GoPro a elegir las mejores tomas y convertirlas en videos incre\u00edbles.<\/li>\n<li><strong>PowerPano<\/strong><br \/>\nLe permite tomar incre\u00edbles fotos panor\u00e1micas de 270\u00b0 sin distorsiones sin tener que escanear el horizonte.<\/li>\n<li><strong>Temporizador de fotos<\/strong><br \/>\nHace que sea f\u00e1cil tomar una selfie GoPro o una foto grupal con todo tu equipo en el marco.<\/li>\n<li><strong>ranura para tarjeta microSD<\/strong><br \/>\nLe permite guardar sus medios en una tarjeta. Requiere al menos una tarjeta microSD Clase 10 o UHS-1 de hasta 128 GB. (La tarjeta microSD no est\u00e1 incluida).<\/li>\n<li><strong>Listo para carga r\u00e1pida<\/strong><br \/>\nCon el adaptador de corriente Supercharger (se vende por separado), puede cargar r\u00e1pidamente y volver a salir.<\/li>\n<li><strong>Bater\u00eda extra\u00edble de iones de litio de 1600 mAh<\/strong><br \/>\nProporciona energ\u00eda confiable a su c\u00e1mara.<\/li>\n<li><strong>Conectividad wifi y bluetooth<\/strong><br \/>\nDisfrute del disparo remoto instant\u00e1neo y cambie la configuraci\u00f3n de disparo dondequiera que est\u00e9.<\/li>\n<li><strong>Interfaz USB tipo C<\/strong><br \/>\nOfrece una carga conveniente.<\/li>\n<li><strong>aplicaci\u00f3n gopro<\/strong><br \/>\nUtilice la aplicaci\u00f3n para reencuadrar f\u00e1cilmente material de archivo 360 en videos y fotos tradicionales que puede reproducir, editar o compartir.<\/li>\n<\/ul>\n<\/div>\n","protected":false},"excerpt":{"rendered":"<p>Capture videos y fotos de calidad con esta c\u00e1mara de acci\u00f3n GoPro MAX 360.\u00a0La bater\u00eda recargable de iones de litio de 1600 mAh garantiza un uso ininterrumpido, mientras que la<\/p>\n","protected":false},"featured_media":86260,"comment_status":"open","ping_status":"closed","template":"","meta":{"_acf_changed":false,"_joinchat":[]},"product_brand":[],"product_cat":[442,284,444],"product_tag":[],"class_list":{"0":"post-86259","1":"product","2":"type-product","3":"status-publish","4":"has-post-thumbnail","6":"product_cat-camaras","7":"product_cat-camaras-y-lentes","8":"product_cat-todas-las-camaras-y-lentes","10":"first","11":"instock","12":"sale","13":"shipping-taxable","14":"purchasable","15":"product-type-simple"},"acf":[],"_links":{"self":[{"href":"https:\/\/defabrica.com.mx\/defabrica\/wp-json\/wp\/v2\/product\/86259","targetHints":{"allow":["GET"]}}],"collection":[{"href":"https:\/\/defabrica.com.mx\/defabrica\/wp-json\/wp\/v2\/product"}],"about":[{"href":"https:\/\/defabrica.com.mx\/defabrica\/wp-json\/wp\/v2\/types\/product"}],"replies":[{"embeddable":true,"href":"https:\/\/defabrica.com.mx\/defabrica\/wp-json\/wp\/v2\/comments?post=86259"}],"wp:featuredmedia":[{"embeddable":true,"href":"https:\/\/defabrica.com.mx\/defabrica\/wp-json\/wp\/v2\/media\/86260"}],"wp:attachment":[{"href":"https:\/\/defabrica.com.mx\/defabrica\/wp-json\/wp\/v2\/media?parent=86259"}],"wp:term":[{"taxonomy":"product_brand","embeddable":true,"href":"https:\/\/defabrica.com.mx\/defabrica\/wp-json\/wp\/v2\/product_brand?post=86259"},{"taxonomy":"product_cat","embeddable":true,"href":"https:\/\/defabrica.com.mx\/defabrica\/wp-json\/wp\/v2\/product_cat?post=86259"},{"taxonomy":"product_tag","embeddable":true,"href":"https:\/\/defabrica.com.mx\/defabrica\/wp-json\/wp\/v2\/product_tag?post=86259"}],"curies":[{"name":"wp","href":"https:\/\/api.w.org\/{rel}","templated":true}]}}