{"id":86206,"date":"2022-07-02T22:10:26","date_gmt":"2022-07-03T03:10:26","guid":{"rendered":"https:\/\/defabrica.com.mx\/defabrica\/?post_type=product&#038;p=86206"},"modified":"2022-12-12T12:38:15","modified_gmt":"2022-12-12T18:38:15","slug":"moza-camara-digital-moin-mpc02-4k-video-12-0-megapixel-negro","status":"publish","type":"product","link":"https:\/\/defabrica.com.mx\/defabrica\/producto\/moza-camara-digital-moin-mpc02-4k-video-12-0-megapixel-negro\/","title":{"rendered":"Moza &#8211; C\u00e1mara digital MOIN MPC02 4K Video 12.0 Megapixel &#8211; Negro"},"content":{"rendered":"<div class=\"embedded-component-container lv product-description\">\n<div>\n<div id=\"shop-product-description-280965\" class=\"_none\" data-version=\"1.3.45\">\n<div class=\"shop-product-description\">\n<section class=\"align-heading-left\" data-reactroot=\"\">\n<div class=\"long-description-container body-copy \">\n<div class=\"html-fragment\">Moza MOIN 4K 2.45&#8243; Touch IPS-LCD 3-Axis Gimbal Stabilizer Motorized Anti-shake Handheld Camera, un innovador mini combo de c\u00e1mara card\u00e1n con una pantalla t\u00e1ctil integrada de 2.45&#8243; y lente FOV de 120\u00b0.\u00a0Esta c\u00e1mara MOIN est\u00e1 dise\u00f1ada para inspirar a todos los creadores de contenido a \u00abAprovechar el mundo en la mano\u00bb.<\/div>\n<\/div>\n<\/section>\n<\/div>\n<\/div>\n<\/div>\n<\/div>\n<div class=\"embedded-component-container lv product-features\">\n<h3><\/h3>\n<h3 class=\"heading-5 v-fw-regular feature-heading\"><strong>Caracter\u00edsticas<\/strong><\/h3>\n<ul>\n<li><strong>Pantalla t\u00e1ctil de doble cara de 2,45&#8243;<\/strong><br \/>\nLleve su creatividad al siguiente nivel con la hermosa e innovadora pantalla t\u00e1ctil de 2,45&#8243; que le permite monitorear el campo de visi\u00f3n de la c\u00e1mara y controlar todas las configuraciones de la c\u00e1mara. Simplemente toque la pantalla para acceder a la interfaz gr\u00e1fica de usuario f\u00e1cil de usar.<\/li>\n<li><strong>120\u00b0 FOV &#8211; mundo m\u00e1s grande en movimiento<\/strong><br \/>\nLa c\u00e1mara MOIN tiene una lente FOV de 120\u00b0, excelente para capturar videos de autofotos o establecer tomas de vastos paisajes. La c\u00e1mara MOIN mejorar\u00e1 sus habilidades para hacer videos al permitirle a usted, el creador de contenido, enfocarse en el tema.<\/li>\n<li><strong>V\u00eddeos fluidos 4K\/60 fps y fotos n\u00edtidas, c\u00e1mara antivibraci\u00f3n motorizada de 3 ejes<\/strong><br \/>\nLa c\u00e1mara MOIN tiene un poderoso sensor de 1\/2.3&#8243; que produce im\u00e1genes de alta calidad con poco ruido; toma fotos de 12MP, video 4K a 60fps.<\/li>\n<li><strong>60 segundos de larga exposici\u00f3n, s\u00e9 el amo de la noche<\/strong><br \/>\nLa c\u00e1mara MOIN tiene un modo nocturno que proporciona hasta 60 segundos de tiempo de exposici\u00f3n. Ahora capture tomas creativas incre\u00edbles con poca luz, como las estrellas o el brillo de la luz de la luna.<\/li>\n<li><strong>Sistema est\u00e9reo digital Moza<\/strong><br \/>\nLa c\u00e1mara MOIN ofrece una experiencia de filmaci\u00f3n superior con micr\u00f3fonos est\u00e9reo integrados de alta calidad. Este par de micr\u00f3fonos est\u00e9reo presenta un rendimiento de captaci\u00f3n mejorado, reducci\u00f3n de ruido inteligente y sonido sin color.<\/li>\n<li><strong>Seguimiento de la cara<\/strong><br \/>\nMant\u00e9n la cara en el centro con el seguimiento de la cara. Esta caracter\u00edstica reconoce y sigue autom\u00e1ticamente la cara en el cuadro mientras se mueve.<\/li>\n<li><strong>Disparo continuo r\u00e1pido<\/strong><br \/>\nEn el modo de disparo continuo, se pueden tomar 9 fotograf\u00edas de forma continua con un solo clic. Nunca te pierdas un momento \u00fanico en la vida.<\/li>\n<li><strong>Panorama<\/strong><br \/>\nLa funci\u00f3n de rotaci\u00f3n autom\u00e1tica del card\u00e1n facilita la captura de escenas panor\u00e1micas amplias y maravillosamente suaves.<\/li>\n<li><strong>Lapso de tiempo<\/strong><br \/>\nCree videos interesantes durante un per\u00edodo de tiempo usando lapso de tiempo. Capture momentos dignos de compartir en proceso, como el atardecer o el amanecer, con facilidad.<\/li>\n<li><strong>Camara lenta<\/strong><br \/>\nAumente la belleza con dramatismo cinematogr\u00e1fico y destellos con c\u00e1mara lenta de 8x.<\/li>\n<\/ul>\n<\/div>\n","protected":false},"excerpt":{"rendered":"<p>Moza MOIN 4K 2.45&#8243; Touch IPS-LCD 3-Axis Gimbal Stabilizer Motorized Anti-shake Handheld Camera, un innovador mini combo de c\u00e1mara card\u00e1n con una pantalla t\u00e1ctil integrada de 2.45&#8243; y lente FOV<\/p>\n","protected":false},"featured_media":86207,"comment_status":"open","ping_status":"closed","template":"","meta":{"_acf_changed":false,"_joinchat":[]},"product_brand":[],"product_cat":[1516,442,284,444],"product_tag":[],"class_list":{"0":"post-86206","1":"product","2":"type-product","3":"status-publish","4":"has-post-thumbnail","6":"product_cat-ofertas-camaras","7":"product_cat-camaras","8":"product_cat-camaras-y-lentes","9":"product_cat-todas-las-camaras-y-lentes","11":"first","12":"instock","13":"sale","14":"shipping-taxable","15":"purchasable","16":"product-type-simple"},"acf":[],"_links":{"self":[{"href":"https:\/\/defabrica.com.mx\/defabrica\/wp-json\/wp\/v2\/product\/86206","targetHints":{"allow":["GET"]}}],"collection":[{"href":"https:\/\/defabrica.com.mx\/defabrica\/wp-json\/wp\/v2\/product"}],"about":[{"href":"https:\/\/defabrica.com.mx\/defabrica\/wp-json\/wp\/v2\/types\/product"}],"replies":[{"embeddable":true,"href":"https:\/\/defabrica.com.mx\/defabrica\/wp-json\/wp\/v2\/comments?post=86206"}],"wp:featuredmedia":[{"embeddable":true,"href":"https:\/\/defabrica.com.mx\/defabrica\/wp-json\/wp\/v2\/media\/86207"}],"wp:attachment":[{"href":"https:\/\/defabrica.com.mx\/defabrica\/wp-json\/wp\/v2\/media?parent=86206"}],"wp:term":[{"taxonomy":"product_brand","embeddable":true,"href":"https:\/\/defabrica.com.mx\/defabrica\/wp-json\/wp\/v2\/product_brand?post=86206"},{"taxonomy":"product_cat","embeddable":true,"href":"https:\/\/defabrica.com.mx\/defabrica\/wp-json\/wp\/v2\/product_cat?post=86206"},{"taxonomy":"product_tag","embeddable":true,"href":"https:\/\/defabrica.com.mx\/defabrica\/wp-json\/wp\/v2\/product_tag?post=86206"}],"curies":[{"name":"wp","href":"https:\/\/api.w.org\/{rel}","templated":true}]}}