{"id":86088,"date":"2022-07-02T20:28:30","date_gmt":"2022-07-03T01:28:30","guid":{"rendered":"https:\/\/defabrica.com.mx\/defabrica\/?post_type=product&#038;p=86088"},"modified":"2023-01-17T13:13:53","modified_gmt":"2023-01-17T19:13:53","slug":"canon-rf-100-500mm-f-4-5-7-1-l-is-usm-teleobjetivo-zoom-blanco","status":"publish","type":"product","link":"https:\/\/defabrica.com.mx\/defabrica\/producto\/canon-rf-100-500mm-f-4-5-7-1-l-is-usm-teleobjetivo-zoom-blanco\/","title":{"rendered":"Canon &#8211; RF 100-500mm f\/4.5-7.1 L IS USM Teleobjetivo zoom &#8211; Blanco"},"content":{"rendered":"<div class=\"embedded-component-container lv product-description\">\n<div>\n<div id=\"shop-product-description-35822731\" class=\"_none\" data-version=\"1.3.45\">\n<div class=\"shop-product-description\">\n<section class=\"align-heading-left\" data-reactroot=\"\">\n<div class=\"long-description-container body-copy \">\n<div class=\"html-fragment\">El superteleobjetivo con zoom RF100-500mm F4.5-7.1 L IS USM ofrece una excelente combinaci\u00f3n de rendimiento de vanguardia, construcci\u00f3n compacta y poder de resoluci\u00f3n brillante dise\u00f1ado espec\u00edficamente para el sistema EOS R.\u00a0El rango vers\u00e1til de 100 mm a 500 mm es ideal para fotograf\u00eda de deportes, vida silvestre e incluso aviaci\u00f3n, manteniendo un tama\u00f1o y peso compactos y listos para viajar.\u00a0La lente cuenta con una Super UD y seis lentes UD.\u00a0Los elementos de lentes delanteros y traseros recubiertos de fl\u00faor brindan resistencia a la suciedad, la humedad y los aceites, mientras que la construcci\u00f3n de la serie L con resistencia al polvo y a la intemperie brinda confiabilidad incluso en condiciones dif\u00edciles.\u00a0Con su sistema integrado de estabilizaci\u00f3n de imagen \u00f3ptica de 3 modos y hasta 5 paradas, y los motores de enfoque autom\u00e1tico Dual Nano USM de alta velocidad, el RF100-500 mm F4.5-7.1 L IS USM demostrar\u00e1 su excelente rendimiento \u00f3ptico. , una y otra vez.<\/div>\n<\/div>\n<\/section>\n<\/div>\n<\/div>\n<\/div>\n<\/div>\n<div class=\"embedded-component-container lv product-features\">\n<h3><\/h3>\n<h3 class=\"heading-5 v-fw-regular feature-heading\"><strong>Caracter\u00edsticas<\/strong><\/h3>\n<ul>\n<li><strong>Compatible con la mayor\u00eda de las c\u00e1maras sin espejo Canon EOS<\/strong><br \/>\nPara usar con su c\u00e1mara sin espejo Canon actual.<\/li>\n<li><strong>El teleobjetivo proporciona fotos detalladas a distancia<\/strong><br \/>\nAmpl\u00ede sujetos distantes y a\u00edsle un peque\u00f1o campo de visi\u00f3n para tomas de primer plano v\u00edvidas.<\/li>\n<li><strong>Distancia focal de 100-500 mm<\/strong><br \/>\nEste objetivo zoom vers\u00e1til de largo alcance cubre un amplio rango, lo que le permite capturar la imagen perfecta desde varias distancias.<\/li>\n<li><strong>apertura m\u00e1xima f\/4.5<\/strong><br \/>\nPara una captaci\u00f3n de luz \u00f3ptima, lo que da como resultado im\u00e1genes n\u00edtidas y detalladas.<\/li>\n<li><strong>Estabilizaci\u00f3n de imagen \u00f3ptica con hasta 5 paradas* de correcci\u00f3n de vibraci\u00f3n<\/strong><br \/>\nEl lente RF100-500mm F4.5-7.1 L IS USM est\u00e1 dise\u00f1ado para funcionar en conjunto con las c\u00e1maras de la serie EOS R, con la c\u00e1mara y el lente compartiendo datos para reducir dr\u00e1sticamente el desenfoque causado por el movimiento de la c\u00e1mara, ya sea grabando videos o fotograf\u00edas.<\/li>\n<li><strong>Tres modos de estabilizaci\u00f3n de imagen (est\u00e1ndar, panor\u00e1mica y solo durante la exposici\u00f3n) para una versatilidad creativa<\/strong><br \/>\nTres modos de estabilizaci\u00f3n de imagen (est\u00e1ndar, panor\u00e1mico y solo durante la exposici\u00f3n) brindan funciones correctivas de movimiento de la c\u00e1mara para obtener resultados sobresalientes en una amplia gama de situaciones de disparo.<\/li>\n<li><strong>Distancia m\u00ednima de enfoque de 2,95 pies\/0,9 m**<\/strong><br \/>\nYa sea que est\u00e9 fotografiando p\u00e1jaros, paisajes o un evento deportivo, la combinaci\u00f3n del lente RF100-500mm F4.5-7.1 L IS USM de impresionantes min. distancia de enfoque y un m\u00e1x. el aumento de 0,33x a 500 mm proporciona versatilidad e im\u00e1genes impresionantemente n\u00edtidas.<\/li>\n<li><strong>Acomoda filtros de 77 mm<\/strong><br \/>\nBasado en los est\u00e1ndares CIPA (Camera &amp; Imaging Products Association). Prueba realizada a una distancia focal de 500 mm con la c\u00e1mara EOS R.<\/li>\n<\/ul>\n<\/div>\n","protected":false},"excerpt":{"rendered":"<p>El superteleobjetivo con zoom RF100-500mm F4.5-7.1 L IS USM ofrece una excelente combinaci\u00f3n de rendimiento de vanguardia, construcci\u00f3n compacta y poder de resoluci\u00f3n brillante dise\u00f1ado espec\u00edficamente para el sistema EOS<\/p>\n","protected":false},"featured_media":86090,"comment_status":"open","ping_status":"closed","template":"","meta":{"_acf_changed":false,"_joinchat":[]},"product_brand":[],"product_cat":[442,450,456],"product_tag":[],"class_list":{"0":"post-86088","1":"product","2":"type-product","3":"status-publish","4":"has-post-thumbnail","6":"product_cat-camaras","7":"product_cat-accesorios-camaras","8":"product_cat-todos-los-accesorios-de-camaras","10":"first","11":"instock","12":"sale","13":"shipping-taxable","14":"purchasable","15":"product-type-simple"},"acf":[],"_links":{"self":[{"href":"https:\/\/defabrica.com.mx\/defabrica\/wp-json\/wp\/v2\/product\/86088","targetHints":{"allow":["GET"]}}],"collection":[{"href":"https:\/\/defabrica.com.mx\/defabrica\/wp-json\/wp\/v2\/product"}],"about":[{"href":"https:\/\/defabrica.com.mx\/defabrica\/wp-json\/wp\/v2\/types\/product"}],"replies":[{"embeddable":true,"href":"https:\/\/defabrica.com.mx\/defabrica\/wp-json\/wp\/v2\/comments?post=86088"}],"wp:featuredmedia":[{"embeddable":true,"href":"https:\/\/defabrica.com.mx\/defabrica\/wp-json\/wp\/v2\/media\/86090"}],"wp:attachment":[{"href":"https:\/\/defabrica.com.mx\/defabrica\/wp-json\/wp\/v2\/media?parent=86088"}],"wp:term":[{"taxonomy":"product_brand","embeddable":true,"href":"https:\/\/defabrica.com.mx\/defabrica\/wp-json\/wp\/v2\/product_brand?post=86088"},{"taxonomy":"product_cat","embeddable":true,"href":"https:\/\/defabrica.com.mx\/defabrica\/wp-json\/wp\/v2\/product_cat?post=86088"},{"taxonomy":"product_tag","embeddable":true,"href":"https:\/\/defabrica.com.mx\/defabrica\/wp-json\/wp\/v2\/product_tag?post=86088"}],"curies":[{"name":"wp","href":"https:\/\/api.w.org\/{rel}","templated":true}]}}