{"id":86068,"date":"2022-07-02T20:13:30","date_gmt":"2022-07-03T01:13:30","guid":{"rendered":"https:\/\/defabrica.com.mx\/defabrica\/?post_type=product&#038;p=86068"},"modified":"2023-01-17T13:12:22","modified_gmt":"2023-01-17T19:12:22","slug":"empunadura-de-bateria-canon-eos-6d-mark-ii-negro","status":"publish","type":"product","link":"https:\/\/defabrica.com.mx\/defabrica\/producto\/empunadura-de-bateria-canon-eos-6d-mark-ii-negro\/","title":{"rendered":"Empu\u00f1adura de bater\u00eda Canon EOS 6D Mark II &#8211; Negro"},"content":{"rendered":"<div class=\"embedded-component-container lv product-description\">\n<div>\n<div id=\"shop-product-description-12089224\" class=\"_none\" data-version=\"1.3.45\">\n<div class=\"shop-product-description\">\n<section class=\"align-heading-left\" data-reactroot=\"\">\n<div class=\"long-description-container body-copy \">\n<div class=\"html-fragment\">Agregue capacidad a su sesi\u00f3n de fotos con esta empu\u00f1adura de bater\u00eda de gran capacidad de Canon.\u00a0Est\u00e1 alimentado por dos paquetes de bater\u00edas e incluye controles integrados para mayor comodidad.<\/div>\n<\/div>\n<\/section>\n<\/div>\n<\/div>\n<\/div>\n<\/div>\n<div class=\"embedded-component-container lv product-features\">\n<h3><\/h3>\n<h3 class=\"heading-5 v-fw-regular feature-heading\"><strong>Caracter\u00edsticas<\/strong><\/h3>\n<div class=\"feature-body-container\">\n<div class=\"features-list-container\">\n<div class=\"features-list all-features\">\n<div class=\"list-row\">\n<ul>\n<li><strong>Compatible con c\u00e1mara Canon EOS 6D Mark II<\/strong><br \/>\nPara usar con su c\u00e1mara actual.<\/li>\n<li><strong>Bot\u00f3n del obturador<\/strong><br \/>\nJunto con un bot\u00f3n de selecci\u00f3n de marco AF, permite un control simple de su c\u00e1mara.<\/li>\n<li><strong>N\u00famero de bater\u00edas compatibles<\/strong><br \/>\nPuede funcionar con 2 bater\u00edas LP-E6 o 2 LP-E6N.<\/li>\n<\/ul>\n<\/div>\n<\/div>\n<\/div>\n<\/div>\n<\/div>\n","protected":false},"excerpt":{"rendered":"<p>Agregue capacidad a su sesi\u00f3n de fotos con esta empu\u00f1adura de bater\u00eda de gran capacidad de Canon.\u00a0Est\u00e1 alimentado por dos paquetes de bater\u00edas e incluye controles integrados para mayor comodidad.<\/p>\n","protected":false},"featured_media":86070,"comment_status":"open","ping_status":"closed","template":"","meta":{"_acf_changed":false,"_joinchat":[]},"product_brand":[],"product_cat":[442,450,456],"product_tag":[],"class_list":{"0":"post-86068","1":"product","2":"type-product","3":"status-publish","4":"has-post-thumbnail","6":"product_cat-camaras","7":"product_cat-accesorios-camaras","8":"product_cat-todos-los-accesorios-de-camaras","10":"first","11":"instock","12":"sale","13":"shipping-taxable","14":"purchasable","15":"product-type-simple"},"acf":[],"_links":{"self":[{"href":"https:\/\/defabrica.com.mx\/defabrica\/wp-json\/wp\/v2\/product\/86068","targetHints":{"allow":["GET"]}}],"collection":[{"href":"https:\/\/defabrica.com.mx\/defabrica\/wp-json\/wp\/v2\/product"}],"about":[{"href":"https:\/\/defabrica.com.mx\/defabrica\/wp-json\/wp\/v2\/types\/product"}],"replies":[{"embeddable":true,"href":"https:\/\/defabrica.com.mx\/defabrica\/wp-json\/wp\/v2\/comments?post=86068"}],"wp:featuredmedia":[{"embeddable":true,"href":"https:\/\/defabrica.com.mx\/defabrica\/wp-json\/wp\/v2\/media\/86070"}],"wp:attachment":[{"href":"https:\/\/defabrica.com.mx\/defabrica\/wp-json\/wp\/v2\/media?parent=86068"}],"wp:term":[{"taxonomy":"product_brand","embeddable":true,"href":"https:\/\/defabrica.com.mx\/defabrica\/wp-json\/wp\/v2\/product_brand?post=86068"},{"taxonomy":"product_cat","embeddable":true,"href":"https:\/\/defabrica.com.mx\/defabrica\/wp-json\/wp\/v2\/product_cat?post=86068"},{"taxonomy":"product_tag","embeddable":true,"href":"https:\/\/defabrica.com.mx\/defabrica\/wp-json\/wp\/v2\/product_tag?post=86068"}],"curies":[{"name":"wp","href":"https:\/\/api.w.org\/{rel}","templated":true}]}}

Empuñadura de batería Canon EOS 6D Mark II &#8211; Negro

<div class="embedded-component-container lv product-description">
<div>
<div id="shop-product-description-12089224" class="_none" data-version="1.3.45">
<div class="shop-product-description">
<section class="align-heading-left" data-reactroot="">
<div class="long-description-container body-copy ">
<div class="html-fragment">Agregue capacidad a su sesión de fotos con esta empuñadura de batería de gran capacidad de Canon. Está alimentado por dos paquetes de baterías e incluye controles integrados para mayor comodidad.</div>
</div>
</section>
</div>
</div>
</div>
</div>
<div class="embedded-component-container lv product-features">
<h3></h3>
<h3 class="heading-5 v-fw-regular feature-heading"><strong>Características</strong></h3>
<div class="feature-body-container">
<div class="features-list-container">
<div class="features-list all-features">
<div class="list-row">
<ul>
<li><strong>Compatible con cámara Canon EOS 6D Mark II</strong><br />
Para usar con su cámara actual.</li>
<li><strong>Botón del obturador</strong><br />
Junto con un botón de selección de marco AF, permite un control simple de su cámara.</li>
<li><strong>Número de baterías compatibles</strong><br />
Puede funcionar con 2 baterías LP-E6 o 2 LP-E6N.</li>
</ul>
</div>
</div>
</div>
</div>
</div>

<p>Agregue capacidad a su sesión de fotos con esta empuñadura de batería de gran capacidad de Canon. Está alimentado por dos paquetes de baterías e incluye controles integrados para mayor comodidad.</p>
