{"id":85985,"date":"2022-07-02T18:23:13","date_gmt":"2022-07-02T23:23:13","guid":{"rendered":"https:\/\/defabrica.com.mx\/defabrica\/?post_type=product&#038;p=85985"},"modified":"2023-01-17T12:58:16","modified_gmt":"2023-01-17T18:58:16","slug":"sony-camara-alpha-7r-iv-de-fotograma-completo-sin-espejo-con-lentes-intercambiables-de-61-mp-solo-cuerpo-negro","status":"publish","type":"product","link":"https:\/\/defabrica.com.mx\/defabrica\/producto\/sony-camara-alpha-7r-iv-de-fotograma-completo-sin-espejo-con-lentes-intercambiables-de-61-mp-solo-cuerpo-negro\/","title":{"rendered":"Sony &#8211; C\u00e1mara Alpha 7R IV de fotograma completo sin espejo con lentes intercambiables de 61 MP &#8211; Solo cuerpo &#8211; Negro"},"content":{"rendered":"<div class=\"embedded-component-container lv product-description\">\n<div>\n<div id=\"shop-product-description-76631720\" class=\"_none\" data-version=\"1.3.45\">\n<div class=\"shop-product-description\">\n<section class=\"align-heading-left\" data-reactroot=\"\">\n<div class=\"long-description-container body-copy \">\n<div class=\"html-fragment\">Gracias a un salto evolutivo en la potencia y la eficiencia del procesamiento de im\u00e1genes, la Alpha 7R IV combina un sensor de imagen CMOS Exmor R retroiluminado de 61 MP de alta resoluci\u00f3n con impresionantes velocidades de disparo de hasta 10 fps con seguimiento completo de AF\/AE, as\u00ed como una hermosa resoluci\u00f3n 4K. V\u00eddeo HDR, amplio rango din\u00e1mico de 15 pasos y alta sensibilidad con reducci\u00f3n de ruido espec\u00edfica del \u00e1rea.<\/div>\n<\/div>\n<\/section>\n<\/div>\n<\/div>\n<\/div>\n<\/div>\n<div class=\"embedded-component-container lv product-features\">\n<h3><\/h3>\n<h3 class=\"heading-5 v-fw-regular feature-heading\"><strong>Caracter\u00edsticas<\/strong><\/h3>\n<ul>\n<li><strong>El sensor CMOS Exmor R de 61 megap\u00edxeles ofrece detalles incre\u00edbles y magn\u00edficas ampliaciones<\/strong><br \/>\nCree ampliaciones hasta impresiones del tama\u00f1o de un p\u00f3ster, o recorte agresivamente para enmarcar la toma perfecta con un detalle glorioso.<\/li>\n<li><strong>ISO autom\u00e1tico, ISO 50 &#8211; 102 405<\/strong><br \/>\nDisfrute de im\u00e1genes n\u00edtidas y limpias en un amplio espectro de condiciones de iluminaci\u00f3n, incluso capturando excelentes tomas justo antes del amanecer y al anochecer, cuando la luz disponible suele ser hermosa pero escasa.<\/li>\n<li><strong>Capture tomas de acci\u00f3n r\u00e1pida a hasta 10 fps (fotogramas por segundo)<\/strong><br \/>\nDesde expresiones faciales alegres hasta acci\u00f3n deportiva vertiginosa, obtienes la toma incluso si solo dura una fracci\u00f3n de segundo.<\/li>\n<li><strong>El enfoque autom\u00e1tico de 567 puntos sigue y se fija r\u00e1pidamente en el sujeto<\/strong><br \/>\nZone AF, Eye AF en tiempo real y Tracking AF en tiempo real brindan un impresionante rendimiento de enfoque autom\u00e1tico con resultados precisos.<\/li>\n<li><strong>Captura pel\u00edculas espectaculares en 4K HD<\/strong><br \/>\nConecte f\u00e1cilmente su c\u00e1mara a un HDTV para reproducir pel\u00edculas usando la salida HDMI tipo D. Requiere cable HDMI, se vende por separado.<\/li>\n<li><strong>Wi-Fi incorporado para compartir instant\u00e1neamente sus im\u00e1genes<\/strong><br \/>\nCargue, env\u00ede por correo electr\u00f3nico o env\u00ede fotos por mensaje de texto desde su c\u00e1mara a trav\u00e9s de su tel\u00e9fono inteligente o tableta.* Su dispositivo inteligente tambi\u00e9n puede actuar como un segundo monitor y como control remoto. Dispositivo inteligente no incluido.<\/li>\n<li><strong>El monitor LCD de 3&#8243; ajusta autom\u00e1ticamente el brillo para obtener colores vivos y n\u00edtidos con cualquier luz<\/strong><br \/>\nEl sensor de brillo ambiental facilita el encuadre y la revisi\u00f3n de tomas.<\/li>\n<li><strong>El motor de procesamiento de im\u00e1genes BIONZ X ofrece velocidad y rendimiento<\/strong><br \/>\nLa potencia de procesamiento que necesita para crear im\u00e1genes hermosas y atractivas en una variedad de formatos.<\/li>\n<li><strong>Obtenga una vista previa de la toma antes de tomarla con el visor OLED<\/strong><br \/>\nEl visor brillante y de alto contraste le permite ver los resultados antes de disparar.<\/li>\n<li><strong>Enfoque autom\u00e1tico TTL (a trav\u00e9s de la lente)<\/strong><br \/>\nGarantiza la nitidez de la imagen al iluminar los rostros de las personas en relaci\u00f3n con el brillo de su entorno, ya sea con el flash incorporado o con un flash de zapata externo (no incluido).<\/li>\n<li><strong>Los controles de balance de blancos brindan tonos precisos y naturales, independientemente de las condiciones de iluminaci\u00f3n<\/strong><br \/>\nLos ajustes incluyen preajustes personalizados, autom\u00e1ticos (incandescente, nublado, flash, luz de d\u00eda, sombra, luz fluorescente, bajo el agua, 2500K &#8211; 9900K) y horquillado.<\/li>\n<li><strong>DRO (optimizador de rango din\u00e1mico) arroja m\u00e1s luz sobre el tema<\/strong><br \/>\nDRO mejora los resultados con sujetos retroiluminados, recuperando detalles ocultos en las sombras, para obtener resultados notablemente mejorados.<\/li>\n<li><strong>SteadyShot de 5 ejes reduce el desenfoque<\/strong><br \/>\nEste sistema de estabilizaci\u00f3n de imagen compensa el movimiento de la c\u00e1mara.<\/li>\n<li><strong>La detecci\u00f3n de fase a tiempo completo logra un enfoque autom\u00e1tico r\u00e1pido y preciso<\/strong><br \/>\nLogra el enfoque correcto en todos los modos, incluso en pel\u00edculas HD.<\/li>\n<li><strong>Ranura de memoria multiformato para almacenar o transferir datos<\/strong><br \/>\nAcepta tarjetas SD, SDXC, SDHC, SDHC UHS-I, SDXC UHS-I, SDHC UHS-II y SDXC UHS-II. .<\/li>\n<\/ul>\n<\/div>\n","protected":false},"excerpt":{"rendered":"<p>Gracias a un salto evolutivo en la potencia y la eficiencia del procesamiento de im\u00e1genes, la Alpha 7R IV combina un sensor de imagen CMOS Exmor R retroiluminado de 61<\/p>\n","protected":false},"featured_media":85987,"comment_status":"open","ping_status":"closed","template":"","meta":{"_acf_changed":false,"_joinchat":[]},"product_brand":[],"product_cat":[442,284,444],"product_tag":[],"class_list":{"0":"post-85985","1":"product","2":"type-product","3":"status-publish","4":"has-post-thumbnail","6":"product_cat-camaras","7":"product_cat-camaras-y-lentes","8":"product_cat-todas-las-camaras-y-lentes","10":"first","11":"instock","12":"sale","13":"shipping-taxable","14":"purchasable","15":"product-type-simple"},"acf":[],"_links":{"self":[{"href":"https:\/\/defabrica.com.mx\/defabrica\/wp-json\/wp\/v2\/product\/85985","targetHints":{"allow":["GET"]}}],"collection":[{"href":"https:\/\/defabrica.com.mx\/defabrica\/wp-json\/wp\/v2\/product"}],"about":[{"href":"https:\/\/defabrica.com.mx\/defabrica\/wp-json\/wp\/v2\/types\/product"}],"replies":[{"embeddable":true,"href":"https:\/\/defabrica.com.mx\/defabrica\/wp-json\/wp\/v2\/comments?post=85985"}],"wp:featuredmedia":[{"embeddable":true,"href":"https:\/\/defabrica.com.mx\/defabrica\/wp-json\/wp\/v2\/media\/85987"}],"wp:attachment":[{"href":"https:\/\/defabrica.com.mx\/defabrica\/wp-json\/wp\/v2\/media?parent=85985"}],"wp:term":[{"taxonomy":"product_brand","embeddable":true,"href":"https:\/\/defabrica.com.mx\/defabrica\/wp-json\/wp\/v2\/product_brand?post=85985"},{"taxonomy":"product_cat","embeddable":true,"href":"https:\/\/defabrica.com.mx\/defabrica\/wp-json\/wp\/v2\/product_cat?post=85985"},{"taxonomy":"product_tag","embeddable":true,"href":"https:\/\/defabrica.com.mx\/defabrica\/wp-json\/wp\/v2\/product_tag?post=85985"}],"curies":[{"name":"wp","href":"https:\/\/api.w.org\/{rel}","templated":true}]}}