{"id":85952,"date":"2022-07-02T18:01:28","date_gmt":"2022-07-02T23:01:28","guid":{"rendered":"https:\/\/defabrica.com.mx\/defabrica\/?post_type=product&#038;p=85952"},"modified":"2023-01-17T12:55:04","modified_gmt":"2023-01-17T18:55:04","slug":"sony-alpha-control-de-radio-inalambrico-flash-externo","status":"publish","type":"product","link":"https:\/\/defabrica.com.mx\/defabrica\/producto\/sony-alpha-control-de-radio-inalambrico-flash-externo\/","title":{"rendered":"Sony &#8211; Alpha Control de radio inal\u00e1mbrico Flash externo"},"content":{"rendered":"<div class=\"embedded-component-container lv product-description\">\n<div>\n<div id=\"shop-product-description-79010049\" class=\"_none\" data-version=\"1.3.45\">\n<div class=\"shop-product-description\">\n<section class=\"align-heading-left\" data-reactroot=\"\">\n<div class=\"long-description-container body-copy \">\n<div class=\"html-fragment\">Flash externo Sony Alpha con control remoto inal\u00e1mbrico y alimentaci\u00f3n GN60 para c\u00e1maras sin espejo<\/div>\n<\/div>\n<\/section>\n<\/div>\n<\/div>\n<\/div>\n<\/div>\n<div class=\"embedded-component-container lv product-features\">\n<h3><\/h3>\n<h3 class=\"heading-5 v-fw-regular feature-heading\"><strong>Caracter\u00edsticas<\/strong><\/h3>\n<ul>\n<li><strong>Compatible con las c\u00e1maras de la serie Alpha de Sony<\/strong><br \/>\nPara usar con su modelo existente.<\/li>\n<li><strong>Precisi\u00f3n del balance de blancos autom\u00e1tico<\/strong><br \/>\nTransfiere datos de temperatura de color a la c\u00e1mara utilizada para ajustar con precisi\u00f3n el balance de blancos; los colores se renderizan de forma natural<\/li>\n<li><strong>Detecci\u00f3n de rostros con control de flash<\/strong><br \/>\nEl flash de la c\u00e1mara funciona con la detecci\u00f3n de rostros de una c\u00e1mara compatible para proporcionar la iluminaci\u00f3n ideal para el sujeto principal; el balance de blancos se ajusta autom\u00e1ticamente<\/li>\n<li><strong>Protecci\u00f3n contra sobrecalentamiento<\/strong><br \/>\nLos materiales resistentes al calor brindan un algoritmo optimizado para proporcionar una mayor resistencia al sobrecalentamiento para permitir sesiones de disparo con flash m\u00e1s prolongadas<\/li>\n<li><strong>Retardo de tiempo de disparo de flash<\/strong><br \/>\nLa combinaci\u00f3n del flash de la c\u00e1mara con c\u00e1maras compatibles reduce el tiempo de retraso entre la pulsaci\u00f3n del bot\u00f3n del obturador<\/li>\n<li><strong>Salida de luz optimizada para distancia focal y tama\u00f1o de imagen<\/strong><br \/>\nEl \u00e1ngulo de iluminaci\u00f3n del flash se ajusta autom\u00e1ticamente para que coincida con la longitud focal de la lente utilizada en un rango de 20 a 200 mm (14 mm con panel ancho -200 mm). La distribuci\u00f3n de la luz tambi\u00e9n se ajusta para una iluminaci\u00f3n \u00f3ptima con formato de fotograma completo o APS-C.<\/li>\n<li><strong>Pantalla de navegaci\u00f3n r\u00e1pida<\/strong><br \/>\nPresionar el bot\u00f3n Fn permite que el modo de flash seleccionado y otros par\u00e1metros aparezcan en la pantalla de la c\u00e1mara para una f\u00e1cil configuraci\u00f3n en situaciones de disparo<\/li>\n<li><strong>Comunicaci\u00f3n por radio inal\u00e1mbrica incorporada<\/strong><br \/>\nComunicaci\u00f3n de radio inal\u00e1mbrica estable garantizada a distancias de hasta 98,4 pies (30 m; son compatibles la sincronizaci\u00f3n lenta, la sincronizaci\u00f3n a la cortinilla trasera y el flash m\u00faltiple)<\/li>\n<li><strong>Conexi\u00f3n multi\/micro USB<\/strong><br \/>\nTerminal incorporado que permite la conexi\u00f3n a una computadora para actualizaciones de software<\/li>\n<\/ul>\n<\/div>\n","protected":false},"excerpt":{"rendered":"<p>Flash externo Sony Alpha con control remoto inal\u00e1mbrico y alimentaci\u00f3n GN60 para c\u00e1maras sin espejo Caracter\u00edsticas Compatible con las c\u00e1maras de la serie Alpha de Sony Para usar con su<\/p>\n","protected":false},"featured_media":85955,"comment_status":"open","ping_status":"closed","template":"","meta":{"_acf_changed":false,"_joinchat":[]},"product_brand":[],"product_cat":[442,450,454],"product_tag":[],"class_list":{"0":"post-85952","1":"product","2":"type-product","3":"status-publish","4":"has-post-thumbnail","6":"product_cat-camaras","7":"product_cat-accesorios-camaras","8":"product_cat-flashes-e-iluminacion","10":"first","11":"instock","12":"sale","13":"shipping-taxable","14":"purchasable","15":"product-type-simple"},"acf":[],"_links":{"self":[{"href":"https:\/\/defabrica.com.mx\/defabrica\/wp-json\/wp\/v2\/product\/85952","targetHints":{"allow":["GET"]}}],"collection":[{"href":"https:\/\/defabrica.com.mx\/defabrica\/wp-json\/wp\/v2\/product"}],"about":[{"href":"https:\/\/defabrica.com.mx\/defabrica\/wp-json\/wp\/v2\/types\/product"}],"replies":[{"embeddable":true,"href":"https:\/\/defabrica.com.mx\/defabrica\/wp-json\/wp\/v2\/comments?post=85952"}],"wp:featuredmedia":[{"embeddable":true,"href":"https:\/\/defabrica.com.mx\/defabrica\/wp-json\/wp\/v2\/media\/85955"}],"wp:attachment":[{"href":"https:\/\/defabrica.com.mx\/defabrica\/wp-json\/wp\/v2\/media?parent=85952"}],"wp:term":[{"taxonomy":"product_brand","embeddable":true,"href":"https:\/\/defabrica.com.mx\/defabrica\/wp-json\/wp\/v2\/product_brand?post=85952"},{"taxonomy":"product_cat","embeddable":true,"href":"https:\/\/defabrica.com.mx\/defabrica\/wp-json\/wp\/v2\/product_cat?post=85952"},{"taxonomy":"product_tag","embeddable":true,"href":"https:\/\/defabrica.com.mx\/defabrica\/wp-json\/wp\/v2\/product_tag?post=85952"}],"curies":[{"name":"wp","href":"https:\/\/api.w.org\/{rel}","templated":true}]}}