{"id":85771,"date":"2022-06-30T22:04:30","date_gmt":"2022-07-01T03:04:30","guid":{"rendered":"https:\/\/defabrica.com.mx\/defabrica\/?post_type=product&#038;p=85771"},"modified":"2022-07-05T11:51:14","modified_gmt":"2022-07-05T16:51:14","slug":"aftershokz-audifonos-abiertos-inalambricos-aeropex-de-conduccion-osea-gris-lunar","status":"publish","type":"product","link":"https:\/\/defabrica.com.mx\/defabrica\/producto\/aftershokz-audifonos-abiertos-inalambricos-aeropex-de-conduccion-osea-gris-lunar\/","title":{"rendered":"AfterShokz &#8211; Aud\u00edfonos abiertos inal\u00e1mbricos Aeropex de conducci\u00f3n \u00f3sea &#8211; Gris lunar"},"content":{"rendered":"<p>Escuche su m\u00fasica favorita con estos auriculares abiertos AfterShokz Aeropex.\u00a0La tecnolog\u00eda de conducci\u00f3n \u00f3sea ofrece un audio claro sin obstruir sus o\u00eddos para que pueda escuchar lo que sucede a su alrededor.\u00a0Estos auriculares abiertos AfterShokz Aeropex ofrecen un ajuste c\u00f3modo y tienen una bater\u00eda potente para hasta 8 horas de escucha por carga.<\/p>\n<h3 class=\"heading-5 v-fw-regular feature-heading\"><strong>Caracter\u00edsticas<\/strong><\/h3>\n<ul>\n<li><strong>Bater\u00eda recargable<\/strong><br \/>\nOfrece hasta 8 horas de uso y dura hasta 240 horas en modo de espera.<\/li>\n<li><strong>Dise\u00f1o IP67 resistente al agua y al polvo<\/strong><br \/>\nLos auriculares est\u00e1n dise\u00f1ados para mantener la m\u00fasica en casi cualquier lugar. La clasificaci\u00f3n IP67 significa que es a prueba de suciedad y sumergible en agua hasta un metro durante 30 minutos.<\/li>\n<li><strong>Micr\u00f3fono incorporado<\/strong><br \/>\nPermite chatear con manos libres a trav\u00e9s de un dispositivo compatible.<\/li>\n<li><strong>Interfaz Bluetooth 5.0<\/strong><br \/>\nPermite el emparejamiento inal\u00e1mbrico simple con su dispositivo habilitado para Bluetooth. Admite perfiles de Bluetooth HFP, HSP, A2DP y AVRCP.<\/li>\n<li><strong>Controles de auriculares<\/strong><br \/>\nIncluye silencio, volumen, encendido\/apagado, responder\/finalizar, reproducir\/pausar, pista siguiente\/anterior, rechazar llamada, volver a marcar y ecualizador predeterminado.<\/li>\n<li><strong>Estuche de transporte incluido<\/strong><br \/>\nPara una f\u00e1cil portabilidad.<\/li>\n<li><strong>Respuesta de frecuencia de 20 Hz &#8211; 20 kHz<\/strong><br \/>\nPara una reproducci\u00f3n fiel del sonido.<\/li>\n<li><strong>impedancia de 8,5 ohmios<\/strong><br \/>\nPara conducir eficientemente el poder.<\/li>\n<li><strong>Sensibilidad de 105dB<\/strong><br \/>\nProporciona un audio potente.<\/li>\n<li><strong>Dise\u00f1o est\u00e9reo<\/strong><br \/>\nOfrece tonos n\u00edtidos.<\/li>\n<\/ul>\n","protected":false},"excerpt":{"rendered":"<p>Escuche su m\u00fasica favorita con estos auriculares abiertos AfterShokz Aeropex.\u00a0La tecnolog\u00eda de conducci\u00f3n \u00f3sea ofrece un audio claro sin obstruir sus o\u00eddos para que pueda escuchar lo que sucede a<\/p>\n","protected":false},"featured_media":85774,"comment_status":"open","ping_status":"closed","template":"","meta":{"_acf_changed":false,"_joinchat":[]},"product_brand":[],"product_cat":[294,300,304],"product_tag":[],"class_list":{"0":"post-85771","1":"product","2":"type-product","3":"status-publish","4":"has-post-thumbnail","6":"product_cat-audio","7":"product_cat-audifonos","8":"product_cat-inalambricos","10":"first","11":"instock","12":"sale","13":"shipping-taxable","14":"purchasable","15":"product-type-simple"},"acf":[],"_links":{"self":[{"href":"https:\/\/defabrica.com.mx\/defabrica\/wp-json\/wp\/v2\/product\/85771","targetHints":{"allow":["GET"]}}],"collection":[{"href":"https:\/\/defabrica.com.mx\/defabrica\/wp-json\/wp\/v2\/product"}],"about":[{"href":"https:\/\/defabrica.com.mx\/defabrica\/wp-json\/wp\/v2\/types\/product"}],"replies":[{"embeddable":true,"href":"https:\/\/defabrica.com.mx\/defabrica\/wp-json\/wp\/v2\/comments?post=85771"}],"wp:featuredmedia":[{"embeddable":true,"href":"https:\/\/defabrica.com.mx\/defabrica\/wp-json\/wp\/v2\/media\/85774"}],"wp:attachment":[{"href":"https:\/\/defabrica.com.mx\/defabrica\/wp-json\/wp\/v2\/media?parent=85771"}],"wp:term":[{"taxonomy":"product_brand","embeddable":true,"href":"https:\/\/defabrica.com.mx\/defabrica\/wp-json\/wp\/v2\/product_brand?post=85771"},{"taxonomy":"product_cat","embeddable":true,"href":"https:\/\/defabrica.com.mx\/defabrica\/wp-json\/wp\/v2\/product_cat?post=85771"},{"taxonomy":"product_tag","embeddable":true,"href":"https:\/\/defabrica.com.mx\/defabrica\/wp-json\/wp\/v2\/product_tag?post=85771"}],"curies":[{"name":"wp","href":"https:\/\/api.w.org\/{rel}","templated":true}]}}