{"id":85731,"date":"2022-06-30T21:37:19","date_gmt":"2022-07-01T02:37:19","guid":{"rendered":"https:\/\/defabrica.com.mx\/defabrica\/?post_type=product&#038;p=85731"},"modified":"2022-07-05T11:51:15","modified_gmt":"2022-07-05T16:51:15","slug":"aftershokz-auriculares-abiertos-openmove-lifestyle-gris","status":"publish","type":"product","link":"https:\/\/defabrica.com.mx\/defabrica\/producto\/aftershokz-auriculares-abiertos-openmove-lifestyle-gris\/","title":{"rendered":"AfterShokz &#8211; Auriculares abiertos OpenMove Lifestyle &#8211; Gris"},"content":{"rendered":"<div class=\"embedded-component-container lv product-description\">\n<div id=\"shop-product-description-32062853\" class=\"_none\" data-version=\"1.3.45\">\n<div class=\"shop-product-description\">\n<section class=\"align-heading-left\" data-reactroot=\"\">\n<div class=\"long-description-container body-copy \">\n<div class=\"html-fragment\">\n<div class=\"embedded-component-container lv product-description\">\n<div>\n<div id=\"shop-product-description-29225353\" class=\"_none\" data-version=\"1.3.45\">\n<div class=\"shop-product-description\">\n<section class=\"align-heading-left\" data-reactroot=\"\">\n<div class=\"long-description-container body-copy \">\n<div class=\"html-fragment\"><span>Inspirado en atletas, dise\u00f1ado para todos.\u00a0Los auriculares AfterShokz OpenMove Oido abierto &#8211; Estilo de vida en gris pizarra , se crearon pensando en la versatilidad. OpenMove de AfterShokz le ofrece tecnolog\u00eda de conducci\u00f3n \u00f3sea con un ajuste liviano de titanio que garantiza un uso diario.<\/span><\/div>\n<\/div>\n<\/section>\n<\/div>\n<\/div>\n<\/div>\n<\/div>\n<\/div>\n<\/div>\n<\/section>\n<\/div>\n<\/div>\n<\/div>\n<div>\n<h3><\/h3>\n<h3 class=\"heading-5 v-fw-regular feature-heading\"><strong>Caracter\u00edsticas<\/strong><\/h3>\n<ul>\n<li><strong>Dise\u00f1o de oreja abierta.<\/strong><br \/>\nComodidad de oreja abierta que es liviana para garantizar un uso c\u00f3modo durante todo el d\u00eda.<\/li>\n<li><strong>Controles f\u00e1ciles<\/strong><br \/>\nF\u00e1cil de reproducir, pausar, saltar, activar el asistente de voz y responder llamadas.<\/li>\n<li><strong>Inspirado por los atletas<\/strong><br \/>\nRepele el sudor, el polvo y la humedad.<\/li>\n<li><strong>Seguridad en mente<\/strong><br \/>\nImpulsado por tecnolog\u00eda de conducci\u00f3n \u00f3sea para permitir la conciencia situacional y el sonido de alta calidad.<\/li>\n<li><strong>Bater\u00eda de larga duraci\u00f3n<\/strong><br \/>\nPermite hasta 6 horas de tiempo de escucha.<\/li>\n<\/ul>\n<\/div>\n","protected":false},"excerpt":{"rendered":"<p>Inspirado en atletas, dise\u00f1ado para todos.\u00a0Los auriculares AfterShokz OpenMove Oido abierto &#8211; Estilo de vida en gris pizarra , se crearon pensando en la versatilidad. OpenMove de AfterShokz le ofrece<\/p>\n","protected":false},"featured_media":85765,"comment_status":"open","ping_status":"closed","template":"","meta":{"_acf_changed":false,"_joinchat":[]},"product_brand":[],"product_cat":[294,300,304],"product_tag":[],"class_list":{"0":"post-85731","1":"product","2":"type-product","3":"status-publish","4":"has-post-thumbnail","6":"product_cat-audio","7":"product_cat-audifonos","8":"product_cat-inalambricos","10":"first","11":"instock","12":"sale","13":"shipping-taxable","14":"purchasable","15":"product-type-simple"},"acf":[],"_links":{"self":[{"href":"https:\/\/defabrica.com.mx\/defabrica\/wp-json\/wp\/v2\/product\/85731","targetHints":{"allow":["GET"]}}],"collection":[{"href":"https:\/\/defabrica.com.mx\/defabrica\/wp-json\/wp\/v2\/product"}],"about":[{"href":"https:\/\/defabrica.com.mx\/defabrica\/wp-json\/wp\/v2\/types\/product"}],"replies":[{"embeddable":true,"href":"https:\/\/defabrica.com.mx\/defabrica\/wp-json\/wp\/v2\/comments?post=85731"}],"wp:featuredmedia":[{"embeddable":true,"href":"https:\/\/defabrica.com.mx\/defabrica\/wp-json\/wp\/v2\/media\/85765"}],"wp:attachment":[{"href":"https:\/\/defabrica.com.mx\/defabrica\/wp-json\/wp\/v2\/media?parent=85731"}],"wp:term":[{"taxonomy":"product_brand","embeddable":true,"href":"https:\/\/defabrica.com.mx\/defabrica\/wp-json\/wp\/v2\/product_brand?post=85731"},{"taxonomy":"product_cat","embeddable":true,"href":"https:\/\/defabrica.com.mx\/defabrica\/wp-json\/wp\/v2\/product_cat?post=85731"},{"taxonomy":"product_tag","embeddable":true,"href":"https:\/\/defabrica.com.mx\/defabrica\/wp-json\/wp\/v2\/product_tag?post=85731"}],"curies":[{"name":"wp","href":"https:\/\/api.w.org\/{rel}","templated":true}]}}