{"id":85383,"date":"2022-06-28T22:56:19","date_gmt":"2022-06-29T03:56:19","guid":{"rendered":"https:\/\/defabrica.com.mx\/defabrica\/?post_type=product&#038;p=85383"},"modified":"2022-12-12T11:47:58","modified_gmt":"2022-12-12T17:47:58","slug":"ausounds-auricular-planar-con-cancelacion-de-ruido-au-flex-anc-gris","status":"publish","type":"product","link":"https:\/\/defabrica.com.mx\/defabrica\/producto\/ausounds-auricular-planar-con-cancelacion-de-ruido-au-flex-anc-gris\/","title":{"rendered":"Ausounds &#8211; Auricular planar con cancelaci\u00f3n de ruido AU Flex ANC &#8211; Gris"},"content":{"rendered":"<div class=\"embedded-component-container lv product-description\">\n<div>\n<div id=\"shop-product-description-74477522\" class=\"_none\" data-version=\"1.3.45\">\n<div class=\"shop-product-description\">\n<section class=\"align-heading-left\" data-reactroot=\"\">\n<div class=\"long-description-container body-copy \">\n<div class=\"html-fragment\">El AU-Flex ANC es el primero de los auriculares de alta fidelidad de Ausounds.\u00a0Ofreciendo el rendimiento de un auricular con cable, el escenario sonoro de un auricular supraaural de mil d\u00f3lares, y dise\u00f1ado con metales sostenidos y aluminio liviano, el AU-Flex es un heraldo del futuro de la alta resoluci\u00f3n m\u00f3vil.\u00a0Dise\u00f1ado con un exclusivo controlador magn\u00e9tico planar h\u00edbrido que ofrece un escenario de sonido amplio y preciso que solo se encuentra en la tecnolog\u00eda planar.<\/div>\n<\/div>\n<\/section>\n<\/div>\n<\/div>\n<\/div>\n<\/div>\n<div class=\"embedded-component-container lv product-features\">\n<h3><\/h3>\n<h3 class=\"heading-5 v-fw-regular feature-heading\"><strong>Caracter\u00edsticas<\/strong><\/h3>\n<ul>\n<li><strong>Controlador magn\u00e9tico planar h\u00edbrido de 10 mm + 8 mm<\/strong><br \/>\nNuestra tecnolog\u00eda Hybrid Planar Magnetic de dise\u00f1o \u00fanico comprende un controlador magn\u00e9tico planar para una resoluci\u00f3n superior en las frecuencias medias y altas y un controlador din\u00e1mico alineado en fase para brindar graves profundos y precisos.<\/li>\n<li><strong>22 horas de duraci\u00f3n de la bater\u00eda<\/strong><br \/>\nCon 22 horas de reproducci\u00f3n de m\u00fasica, puede disfrutar de su m\u00fasica todo el d\u00eda, sin preocupaciones. Para el viajero que necesita usar la cancelaci\u00f3n activa de ruido, no se preocupe, el AU-Flex ANC proporciona 10 horas de reproducci\u00f3n de m\u00fasica con ANC activado. .<\/li>\n<li><strong>Cancelaci\u00f3n activa de ruido<\/strong><br \/>\nCon una reducci\u00f3n de ruido de -25db puedes aislarte sin comprometer la reproducci\u00f3n de tu m\u00fasica. Nuestros auriculares est\u00e1ndar con cancelaci\u00f3n de ruido de alimentaci\u00f3n hacia adelante fueron dise\u00f1ados para permitir a los creadores de m\u00fasica viajar y crear en cualquier momento, en cualquier lugar, sin interrupci\u00f3n.<\/li>\n<li><strong>Tasa de transferencia de BT de alta resoluci\u00f3n LDAC 990 kbps<\/strong><br \/>\nFunciona sin ninguna conversi\u00f3n descendente del contenido de audio de alta resoluci\u00f3n y permite que se transmitan aproximadamente tres veces m\u00e1s datos que esas otras tecnolog\u00edas a trav\u00e9s de una red inal\u00e1mbrica Bluetooth con una calidad de sonido sin precedentes.<\/li>\n<li><strong>Micr\u00f3fono dual para llamadas n\u00edtidas<\/strong><br \/>\nLas llamadas de conferencia y las colaboraciones de larga distancia necesitan la mejor calidad de voz. No escatimamos gastos en esta caracter\u00edstica, agregando micr\u00f3fonos duales para garantizar que canceles el ruido ambiental pero escuches a la persona que llama con m\u00e1s claridad que nunca.<\/li>\n<li><strong>Verdadero Bluetooth inal\u00e1mbrico 5.0<\/strong><br \/>\nYa no tienes que conectarte. Simplemente abra su estuche y retire sus auriculares y eso es todo. Con el nuevo Bluetooth 5.0, su AU Stream se conectar\u00e1 autom\u00e1ticamente a su dispositivo siempre que se encuentre a 32 pies de \u00e9l.<\/li>\n<li><strong>Soporte de voz AI<\/strong><br \/>\nLe permite acceder a \u00abSiri\u00bb u \u00abOk Google\u00bb con solo tocar un bot\u00f3n, activando la IA (Inteligencia Artificial) de sus dispositivos.<\/li>\n<\/ul>\n<\/div>\n","protected":false},"excerpt":{"rendered":"<p>El AU-Flex ANC es el primero de los auriculares de alta fidelidad de Ausounds.\u00a0Ofreciendo el rendimiento de un auricular con cable, el escenario sonoro de un auricular supraaural de mil<\/p>\n","protected":false},"featured_media":85385,"comment_status":"open","ping_status":"closed","template":"","meta":{"_acf_changed":false,"_joinchat":[]},"product_brand":[],"product_cat":[294,300,304],"product_tag":[],"class_list":{"0":"post-85383","1":"product","2":"type-product","3":"status-publish","4":"has-post-thumbnail","6":"product_cat-audio","7":"product_cat-audifonos","8":"product_cat-inalambricos","10":"first","11":"instock","12":"sale","13":"shipping-taxable","14":"purchasable","15":"product-type-simple"},"acf":[],"_links":{"self":[{"href":"https:\/\/defabrica.com.mx\/defabrica\/wp-json\/wp\/v2\/product\/85383","targetHints":{"allow":["GET"]}}],"collection":[{"href":"https:\/\/defabrica.com.mx\/defabrica\/wp-json\/wp\/v2\/product"}],"about":[{"href":"https:\/\/defabrica.com.mx\/defabrica\/wp-json\/wp\/v2\/types\/product"}],"replies":[{"embeddable":true,"href":"https:\/\/defabrica.com.mx\/defabrica\/wp-json\/wp\/v2\/comments?post=85383"}],"wp:featuredmedia":[{"embeddable":true,"href":"https:\/\/defabrica.com.mx\/defabrica\/wp-json\/wp\/v2\/media\/85385"}],"wp:attachment":[{"href":"https:\/\/defabrica.com.mx\/defabrica\/wp-json\/wp\/v2\/media?parent=85383"}],"wp:term":[{"taxonomy":"product_brand","embeddable":true,"href":"https:\/\/defabrica.com.mx\/defabrica\/wp-json\/wp\/v2\/product_brand?post=85383"},{"taxonomy":"product_cat","embeddable":true,"href":"https:\/\/defabrica.com.mx\/defabrica\/wp-json\/wp\/v2\/product_cat?post=85383"},{"taxonomy":"product_tag","embeddable":true,"href":"https:\/\/defabrica.com.mx\/defabrica\/wp-json\/wp\/v2\/product_tag?post=85383"}],"curies":[{"name":"wp","href":"https:\/\/api.w.org\/{rel}","templated":true}]}}