{"id":85194,"date":"2022-06-28T19:18:52","date_gmt":"2022-06-29T00:18:52","guid":{"rendered":"https:\/\/defabrica.com.mx\/defabrica\/?post_type=product&#038;p=85194"},"modified":"2023-01-17T12:28:46","modified_gmt":"2023-01-17T18:28:46","slug":"corsair-hs55-surround-auriculares-con-cable-dolby-audio-7-1-para-juegos-para-pc-xbox-series-xs-xbox-one-ps5-ps4-con-microfono-omnidireccional-negro","status":"publish","type":"product","link":"https:\/\/defabrica.com.mx\/defabrica\/producto\/corsair-hs55-surround-auriculares-con-cable-dolby-audio-7-1-para-juegos-para-pc-xbox-series-xs-xbox-one-ps5-ps4-con-microfono-omnidireccional-negro\/","title":{"rendered":"CORSAIR &#8211; HS55 SURROUND Auriculares con cable Dolby Audio 7.1 para juegos para PC, Xbox Series X|S, Xbox One, PS5, PS4 con micr\u00f3fono omnidireccional &#8211; Negro"},"content":{"rendered":"<div class=\"embedded-component-container lv product-description\">\n<div>\n<div id=\"shop-product-description-55260923\" class=\"_none\" data-version=\"1.3.45\">\n<div class=\"shop-product-description\">\n<section class=\"align-heading-left\" data-reactroot=\"\">\n<div class=\"long-description-container body-copy \">\n<div class=\"html-fragment\">Los auriculares para juegos CORSAIR HS55 SURROUND ofrecen comodidad y calidad de sonido esenciales durante todo el d\u00eda con almohadillas de cuero sint\u00e9tico de espuma viscoel\u00e1stica y sonido envolvente Dolby\u00ae Audio 7.1 en PC y Mac, sin sobrecargarlo gracias a su construcci\u00f3n liviana.\u00a0Un micr\u00f3fono omnidireccional capta su voz alto y claro, y los controladores de audio de neodimio de 50 mm ajustados a medida ofrecen una gran calidad de sonido y alcance.\u00a0Un conector de audio de 3,5 mm garantiza una amplia compatibilidad con la mayor\u00eda de los dispositivos, incluidos PC, Mac, PS5 con compatibilidad con Tempest 3D AudioTech, PS4, Nintendo Switch y dispositivos m\u00f3viles.\u00a0El potente software CORSAIR iCUE desbloquea la configuraci\u00f3n del ecualizador de audio, el sonido envolvente 7.1 multicanal y mucho m\u00e1s.\u00a0Completo con control de volumen en la oreja para ajustes de audio convenientes, puede presionar reproducir en gran audio con el HS55 SURROUND.<\/div>\n<\/div>\n<\/section>\n<\/div>\n<\/div>\n<\/div>\n<\/div>\n<div class=\"embedded-component-container lv product-features\">\n<h3><\/h3>\n<h3 class=\"heading-5 v-fw-regular feature-heading\"><strong>Caracter\u00edsticas<\/strong><\/h3>\n<ul>\n<li><strong>Gran audio para juegos<\/strong><br \/>\nLos controladores de audio de neodimio de 50 mm personalizados y de alta calidad brindan un sonido excelente con el rango necesario para escuchar todo en el campo de batalla, adem\u00e1s de soporte para Tempest 3D AudioTech en PS5.<\/li>\n<li><strong>Sonido envolvente Dolby Audio 7.1 en PC y Mac<\/strong><br \/>\nEl adaptador USB incluido permite una experiencia de audio multicanal, coloc\u00e1ndolo justo en el medio de su juego.<\/li>\n<li><strong>Control de volumen en la oreja de f\u00e1cil acceso<\/strong><br \/>\nPermite ajustes sobre la marcha sin distraerte de tu juego.<\/li>\n<li><strong>Compatibilidad multiplataforma<\/strong><br \/>\nJuega en PC, Mac, PS5\/PS4, Nintendo Switch y dispositivos m\u00f3viles a trav\u00e9s de un conector de 3,5 mm.<\/li>\n<li><strong>Certificado por Discord<\/strong><br \/>\nPara una comunicaci\u00f3n n\u00edtida y un sonido excepcional.<\/li>\n<li><strong>Micr\u00f3fono omnidireccional<\/strong><br \/>\nCaptura con precisi\u00f3n todas sus llamadas y comandos, con una conveniente funci\u00f3n de voltear para silenciar.<\/li>\n<li><strong>Horas de juego c\u00f3modo<\/strong><br \/>\nLas orejeras ajustables de cuero sint\u00e9tico con espuma viscoel\u00e1stica y una diadema ajustable brindan una comodidad liviana que pesa poco m\u00e1s de media libra (273 g) durante horas de juego.<\/li>\n<li><strong>Une tu configuraci\u00f3n<\/strong><br \/>\nEl potente software CORSAIR iCUE permite configuraciones de ecualizador de audio personalizadas, sonido envolvente 7.1 y m\u00e1s.<\/li>\n<\/ul>\n<\/div>\n","protected":false},"excerpt":{"rendered":"<p>Los auriculares para juegos CORSAIR HS55 SURROUND ofrecen comodidad y calidad de sonido esenciales durante todo el d\u00eda con almohadillas de cuero sint\u00e9tico de espuma viscoel\u00e1stica y sonido envolvente Dolby\u00ae<\/p>\n","protected":false},"featured_media":85198,"comment_status":"open","ping_status":"closed","template":"","meta":{"_acf_changed":false,"_joinchat":[]},"product_brand":[],"product_cat":[294,300,736],"product_tag":[],"class_list":{"0":"post-85194","1":"product","2":"type-product","3":"status-publish","4":"has-post-thumbnail","6":"product_cat-audio","7":"product_cat-audifonos","8":"product_cat-alambricos","10":"first","11":"instock","12":"sale","13":"shipping-taxable","14":"purchasable","15":"product-type-simple"},"acf":[],"_links":{"self":[{"href":"https:\/\/defabrica.com.mx\/defabrica\/wp-json\/wp\/v2\/product\/85194","targetHints":{"allow":["GET"]}}],"collection":[{"href":"https:\/\/defabrica.com.mx\/defabrica\/wp-json\/wp\/v2\/product"}],"about":[{"href":"https:\/\/defabrica.com.mx\/defabrica\/wp-json\/wp\/v2\/types\/product"}],"replies":[{"embeddable":true,"href":"https:\/\/defabrica.com.mx\/defabrica\/wp-json\/wp\/v2\/comments?post=85194"}],"wp:featuredmedia":[{"embeddable":true,"href":"https:\/\/defabrica.com.mx\/defabrica\/wp-json\/wp\/v2\/media\/85198"}],"wp:attachment":[{"href":"https:\/\/defabrica.com.mx\/defabrica\/wp-json\/wp\/v2\/media?parent=85194"}],"wp:term":[{"taxonomy":"product_brand","embeddable":true,"href":"https:\/\/defabrica.com.mx\/defabrica\/wp-json\/wp\/v2\/product_brand?post=85194"},{"taxonomy":"product_cat","embeddable":true,"href":"https:\/\/defabrica.com.mx\/defabrica\/wp-json\/wp\/v2\/product_cat?post=85194"},{"taxonomy":"product_tag","embeddable":true,"href":"https:\/\/defabrica.com.mx\/defabrica\/wp-json\/wp\/v2\/product_tag?post=85194"}],"curies":[{"name":"wp","href":"https:\/\/api.w.org\/{rel}","templated":true}]}}