{"id":85180,"date":"2022-06-28T19:12:06","date_gmt":"2022-06-29T00:12:06","guid":{"rendered":"https:\/\/defabrica.com.mx\/defabrica\/?post_type=product&#038;p=85180"},"modified":"2023-01-17T12:28:04","modified_gmt":"2023-01-17T18:28:04","slug":"ekids-auriculares-bluetooth-disney-frozen-azul-claro","status":"publish","type":"product","link":"https:\/\/defabrica.com.mx\/defabrica\/producto\/ekids-auriculares-bluetooth-disney-frozen-azul-claro\/","title":{"rendered":"eKids &#8211; Auriculares Bluetooth Disney Frozen &#8211; azul claro"},"content":{"rendered":"<div class=\"embedded-component-container lv product-description\">\n<div>\n<div id=\"shop-product-description-18979738\" class=\"_none\" data-version=\"1.3.45\">\n<div class=\"shop-product-description\">\n<section class=\"align-heading-left\" data-reactroot=\"\">\n<div class=\"long-description-container body-copy \">\n<div class=\"html-fragment\">\u00a1Los auriculares Bluetooth eKids Diseny Frozen suenan tan bien como se ven!\u00a0Con\u00e9ctese a cualquier dispositivo Bluetooth y transmita de forma inal\u00e1mbrica su contenido de audio favorito.\u00a0Estos auriculares Bluetooth con micr\u00f3fono facilitan hablar con amigos y familiares en una videollamada o tambi\u00e9n en una reuni\u00f3n de Zoom.\u00a0Se incluye un cable de audio adicional desmontable de 3,5 mm para que pueda conectarse a cualquier dispositivo con un conector para auriculares<\/div>\n<\/div>\n<\/section>\n<\/div>\n<\/div>\n<\/div>\n<\/div>\n<div class=\"embedded-component-container lv product-features\">\n<h3><\/h3>\n<h3 class=\"heading-5 v-fw-regular feature-heading\"><strong>Caracter\u00edsticas<\/strong><\/h3>\n<ul>\n<li><strong>La bater\u00eda recargable incorporada permite hasta 24 horas de reproducci\u00f3n continua<\/strong><\/li>\n<li><strong>Micr\u00f3fono incorporado para hablar con amigos y familiares<\/strong><\/li>\n<li><strong>Bluetooth transmite audio de forma inal\u00e1mbrica desde un tel\u00e9fono inteligente, tableta o computadora<\/strong><\/li>\n<li><strong>Cable de audio desmontable extra de 3,5 mm si Bluetooth no est\u00e1 disponible<\/strong><\/li>\n<li><strong>Diadema ajustable y almohadillas acolchadas para los o\u00eddos que brindan un ajuste personalizado<\/strong><\/li>\n<\/ul>\n<\/div>\n","protected":false},"excerpt":{"rendered":"<p>\u00a1Los auriculares Bluetooth eKids Diseny Frozen suenan tan bien como se ven!\u00a0Con\u00e9ctese a cualquier dispositivo Bluetooth y transmita de forma inal\u00e1mbrica su contenido de audio favorito.\u00a0Estos auriculares Bluetooth con micr\u00f3fono<\/p>\n","protected":false},"featured_media":85184,"comment_status":"open","ping_status":"closed","template":"","meta":{"_acf_changed":false,"_joinchat":[]},"product_brand":[],"product_cat":[294,300,304],"product_tag":[],"class_list":{"0":"post-85180","1":"product","2":"type-product","3":"status-publish","4":"has-post-thumbnail","6":"product_cat-audio","7":"product_cat-audifonos","8":"product_cat-inalambricos","10":"first","11":"instock","12":"sale","13":"shipping-taxable","14":"purchasable","15":"product-type-simple"},"acf":[],"_links":{"self":[{"href":"https:\/\/defabrica.com.mx\/defabrica\/wp-json\/wp\/v2\/product\/85180","targetHints":{"allow":["GET"]}}],"collection":[{"href":"https:\/\/defabrica.com.mx\/defabrica\/wp-json\/wp\/v2\/product"}],"about":[{"href":"https:\/\/defabrica.com.mx\/defabrica\/wp-json\/wp\/v2\/types\/product"}],"replies":[{"embeddable":true,"href":"https:\/\/defabrica.com.mx\/defabrica\/wp-json\/wp\/v2\/comments?post=85180"}],"wp:featuredmedia":[{"embeddable":true,"href":"https:\/\/defabrica.com.mx\/defabrica\/wp-json\/wp\/v2\/media\/85184"}],"wp:attachment":[{"href":"https:\/\/defabrica.com.mx\/defabrica\/wp-json\/wp\/v2\/media?parent=85180"}],"wp:term":[{"taxonomy":"product_brand","embeddable":true,"href":"https:\/\/defabrica.com.mx\/defabrica\/wp-json\/wp\/v2\/product_brand?post=85180"},{"taxonomy":"product_cat","embeddable":true,"href":"https:\/\/defabrica.com.mx\/defabrica\/wp-json\/wp\/v2\/product_cat?post=85180"},{"taxonomy":"product_tag","embeddable":true,"href":"https:\/\/defabrica.com.mx\/defabrica\/wp-json\/wp\/v2\/product_tag?post=85180"}],"curies":[{"name":"wp","href":"https:\/\/api.w.org\/{rel}","templated":true}]}}