{"id":84902,"date":"2022-06-24T19:30:58","date_gmt":"2022-06-25T00:30:58","guid":{"rendered":"https:\/\/defabrica.com.mx\/defabrica\/?post_type=product&#038;p=84902"},"modified":"2023-01-17T12:20:04","modified_gmt":"2023-01-17T18:20:04","slug":"google-audifonos-internos-inalambricos-verdaderos-pixel-buds-a-series-blanco-claro","status":"publish","type":"product","link":"https:\/\/defabrica.com.mx\/defabrica\/producto\/google-audifonos-internos-inalambricos-verdaderos-pixel-buds-a-series-blanco-claro\/","title":{"rendered":"Google &#8211; Aud\u00edfonos internos inal\u00e1mbricos verdaderos Pixel Buds A-Series &#8211; Blanco claro"},"content":{"rendered":"<div class=\"embedded-component-container lv product-description\">\n<div>\n<div id=\"shop-product-description-60463338\" class=\"_none\" data-version=\"1.3.45\">\n<div class=\"shop-product-description\">\n<section class=\"align-heading-left\" data-reactroot=\"\">\n<div class=\"long-description-container body-copy \">\n<div class=\"html-fragment\">Los Pixel Buds A-Series te brindan un sonido rico y de alta calidad por mucho menos de lo que esperas.\u00a0Sus micr\u00f3fonos de formaci\u00f3n de haces ayudan a que las llamadas sean n\u00edtidas.*** El dise\u00f1o al ras de la oreja es elegante y el arco estabilizador los mantiene en su lugar para que puedas usarlos incluso durante el entrenamiento m\u00e1s sudoroso.**<\/div>\n<\/div>\n<\/section>\n<\/div>\n<\/div>\n<\/div>\n<\/div>\n<div class=\"embedded-component-container lv product-features\">\n<h3><\/h3>\n<h3 class=\"heading-5 v-fw-regular feature-heading\"><strong>Caracter\u00edsticas<\/strong><\/h3>\n<ul>\n<li><strong>Sonido que es m\u00fasica para tus o\u00eddos.<\/strong><br \/>\nCon controladores de altavoz din\u00e1micos de 12 mm dise\u00f1ados a medida, la serie A de Pixel Buds ofrece audio de alta calidad.<\/li>\n<li><strong>Suenan bien en cualquier lugar.<\/strong><br \/>\nAdaptive Sound ajusta el volumen a medida que te mueves entre entornos silenciosos y ruidosos, para que no tengas que hacerlo t\u00fa.<\/li>\n<li><strong>Bluetooth habilitado.<\/strong><br \/>\nNo se necesita cable.<\/li>\n<li><strong>Bater\u00eda de larga duraci\u00f3n.<\/strong><br \/>\nObtenga hasta 5 horas de tiempo de escucha o hasta 2,5 horas de tiempo de conversaci\u00f3n con una sola carga, o escuche hasta 24 horas con el estuche de carga.<\/li>\n<li><strong>Mantente conectado.<\/strong><br \/>\nCon la reducci\u00f3n de ruido, tus llamadas son n\u00edtidas.* As\u00ed que la persona al otro lado de la l\u00ednea puede escucharte, sin importar d\u00f3nde est\u00e9s.<\/li>\n<li><strong>Se llevan bien con otros dispositivos.<\/strong><br \/>\nEmpareje sus Pixel Buds A-Series con su Pixel o cualquier dispositivo Android con solo un toque.\u00a0 Y con\u00e9ctese r\u00e1pida y f\u00e1cilmente a iOS o cualquier otro dispositivo Bluetooth 4.0 o superior.<\/li>\n<li><strong>Verse bien y sentirse bien<\/strong><br \/>\nSon resistentes al sudor y al agua\u00a0 y tienen un arco estabilizador, por lo que se mantienen en su lugar, incluso durante los entrenamientos extenuantes. El dise\u00f1o al ras de la oreja te mantiene elegante mientras haces ejercicio.<\/li>\n<li><strong>Encuentra tus auriculares f\u00e1cilmente.<\/strong><br \/>\nSi los pierde, esc\u00fachelos sonar con Find My Device si est\u00e1n cerca, o vea su \u00faltima ubicaci\u00f3n conocida en un mapa.<\/li>\n<\/ul>\n<\/div>\n","protected":false},"excerpt":{"rendered":"<p>Los Pixel Buds A-Series te brindan un sonido rico y de alta calidad por mucho menos de lo que esperas.\u00a0Sus micr\u00f3fonos de formaci\u00f3n de haces ayudan a que las llamadas<\/p>\n","protected":false},"featured_media":84904,"comment_status":"open","ping_status":"closed","template":"","meta":{"_acf_changed":false,"_joinchat":[]},"product_brand":[],"product_cat":[294,300,304],"product_tag":[],"class_list":{"0":"post-84902","1":"product","2":"type-product","3":"status-publish","4":"has-post-thumbnail","6":"product_cat-audio","7":"product_cat-audifonos","8":"product_cat-inalambricos","10":"first","11":"instock","12":"sale","13":"shipping-taxable","14":"purchasable","15":"product-type-simple"},"acf":[],"_links":{"self":[{"href":"https:\/\/defabrica.com.mx\/defabrica\/wp-json\/wp\/v2\/product\/84902","targetHints":{"allow":["GET"]}}],"collection":[{"href":"https:\/\/defabrica.com.mx\/defabrica\/wp-json\/wp\/v2\/product"}],"about":[{"href":"https:\/\/defabrica.com.mx\/defabrica\/wp-json\/wp\/v2\/types\/product"}],"replies":[{"embeddable":true,"href":"https:\/\/defabrica.com.mx\/defabrica\/wp-json\/wp\/v2\/comments?post=84902"}],"wp:featuredmedia":[{"embeddable":true,"href":"https:\/\/defabrica.com.mx\/defabrica\/wp-json\/wp\/v2\/media\/84904"}],"wp:attachment":[{"href":"https:\/\/defabrica.com.mx\/defabrica\/wp-json\/wp\/v2\/media?parent=84902"}],"wp:term":[{"taxonomy":"product_brand","embeddable":true,"href":"https:\/\/defabrica.com.mx\/defabrica\/wp-json\/wp\/v2\/product_brand?post=84902"},{"taxonomy":"product_cat","embeddable":true,"href":"https:\/\/defabrica.com.mx\/defabrica\/wp-json\/wp\/v2\/product_cat?post=84902"},{"taxonomy":"product_tag","embeddable":true,"href":"https:\/\/defabrica.com.mx\/defabrica\/wp-json\/wp\/v2\/product_tag?post=84902"}],"curies":[{"name":"wp","href":"https:\/\/api.w.org\/{rel}","templated":true}]}}