{"id":84816,"date":"2022-06-24T18:35:17","date_gmt":"2022-06-24T23:35:17","guid":{"rendered":"https:\/\/defabrica.com.mx\/defabrica\/?post_type=product&#038;p=84816"},"modified":"2023-01-17T11:55:40","modified_gmt":"2023-01-17T17:55:40","slug":"jbl-auriculares-intrauditivos-tune-230nc-verdadero-inalambrico-con-cancelacion-de-ruido-negro","status":"publish","type":"product","link":"https:\/\/defabrica.com.mx\/defabrica\/producto\/jbl-auriculares-intrauditivos-tune-230nc-verdadero-inalambrico-con-cancelacion-de-ruido-negro\/","title":{"rendered":"JBL &#8211; Auriculares intrauditivos Tune 230NC Verdadero inal\u00e1mbrico con cancelaci\u00f3n de ruido &#8211; Negro"},"content":{"rendered":"<div class=\"embedded-component-container lv product-description\">\n<div>\n<div id=\"shop-product-description-83853861\" class=\"_none\" data-version=\"1.3.45\">\n<div class=\"shop-product-description\">\n<section class=\"align-heading-left\" data-reactroot=\"\">\n<div class=\"long-description-container body-copy \">\n<div class=\"html-fragment\">Enfr\u00e9ntate a tu d\u00eda una canci\u00f3n a la vez con el JBL Tune 230NC TWS.\u00a0Los verdaderos auriculares inal\u00e1mbricos le brindan 40 horas de sonido JBL Pure Bass excepcional, mientras que el dise\u00f1o ergon\u00f3mico y resistente al agua le brinda comodidad durante todo el d\u00eda en cualquier clima.\u00a0Conecta llamadas de forma sencilla y sin problemas con 4 micr\u00f3fonos que cancelan los ruidos ambientales y ofrecen llamadas perfectas en cualquier lugar.\u00a0Y con la tecnolog\u00eda Active Noise Cancelling y Smart Ambient, eliges si quieres desconectarte del mundo o interactuar con tu entorno.\u00a0El dise\u00f1o de barra de luz cerrada garantiza comodidad durante todo el d\u00eda.\u00a0Lo mejor de todo es que la aplicaci\u00f3n JBL Headphones te permite personalizar toda tu experiencia auditiva.\u00a0Mant\u00e9ngase conectado con su mundo, a su manera.<\/div>\n<\/div>\n<\/section>\n<\/div>\n<\/div>\n<\/div>\n<\/div>\n<div class=\"embedded-component-container lv product-features\">\n<h3><\/h3>\n<h3 class=\"heading-5 v-fw-regular feature-heading\"><strong>Caracter\u00edsticas<\/strong><\/h3>\n<ul>\n<li><strong>Sonido de graves puros JBL<\/strong><br \/>\nLos controladores de 6,0 mm de dise\u00f1o inteligente mejorados por el factor de forma de barra brindan el sonido Pure Bass de JBL para que sienta cada latido pulsante.<\/li>\n<li><strong>Cancelaci\u00f3n activa de ruido<\/strong><br \/>\nEscuche m\u00e1s de lo que quiere, menos de lo que no. La tecnolog\u00eda Active Noise Cancelling con 2 micr\u00f3fonos le permite minimizar las distracciones de audio.<\/li>\n<li><strong>Ambiente inteligente<\/strong><br \/>\nComo parte de nuestra tecnolog\u00eda de cancelaci\u00f3n de ruido, con Ambient Aware puedes sintonizar tu entorno en cualquier momento para que te sientas m\u00e1s seguro cuando est\u00e1s en el mundo, mientras que TalkThru te permite detenerte para conversar r\u00e1pidamente sin tener que quitarte los auriculares.<\/li>\n<li><strong>4 micr\u00f3fonos para llamadas de voz perfectas<\/strong><br \/>\nDisfruta de llamadas manos libres sin complicaciones en est\u00e9reo. Los Tune 230NC TWS est\u00e1n equipados con 4 micr\u00f3fonos, por lo que siempre se le escuchar\u00e1 con perfecta claridad. Nunca dude en tomar o hacer una llamada de nuevo.<\/li>\n<li><strong>Hasta 40 horas de duraci\u00f3n de la bater\u00eda<\/strong><br \/>\nNunca pierdas el ritmo con 40 (10+30) horas de duraci\u00f3n de la bater\u00eda u 8 horas, m\u00e1s 24 horas en el caso de que la cancelaci\u00f3n de ruido est\u00e9 activada. \u00bfNecesitas un impulso? Carga r\u00e1pida durante solo diez minutos para obtener 2 horas de reproducci\u00f3n.<\/li>\n<li><strong>Resistente al agua y al sudor<\/strong><br \/>\nNo se deje intimidar por el mal tiempo. Gracias a la resistencia al agua IPX4 y al sudor, no hay entrenamiento ni aguacero que el Tune 230NC TWS no pueda soportar.<\/li>\n<li><strong>Ajuste y comodidad durante todo el d\u00eda.<\/strong><br \/>\nNunca te quedes sin tu m\u00fasica. El dise\u00f1o Stick Closed garantiza comodidad sin presi\u00f3n, eliminando las distracciones ambientales con un dise\u00f1o tan liviano que puede olvidar que los est\u00e1 usando.<\/li>\n<li><strong>Aplicaci\u00f3n de auriculares JBL<\/strong><br \/>\nLa aplicaci\u00f3n JBL Headphones te permite disfrutar de tu m\u00fasica a tu manera. Puede personalizar su experiencia auditiva, descubrir su mejor ajuste, encontrar sus auriculares e incluso crear una burbuja de silencio para lograr la m\u00e1xima calma.<\/li>\n<\/ul>\n<\/div>\n","protected":false},"excerpt":{"rendered":"<p>Enfr\u00e9ntate a tu d\u00eda una canci\u00f3n a la vez con el JBL Tune 230NC TWS.\u00a0Los verdaderos auriculares inal\u00e1mbricos le brindan 40 horas de sonido JBL Pure Bass excepcional, mientras que<\/p>\n","protected":false},"featured_media":84818,"comment_status":"open","ping_status":"closed","template":"","meta":{"_acf_changed":false,"_joinchat":[]},"product_brand":[],"product_cat":[294,300,304],"product_tag":[],"class_list":{"0":"post-84816","1":"product","2":"type-product","3":"status-publish","4":"has-post-thumbnail","6":"product_cat-audio","7":"product_cat-audifonos","8":"product_cat-inalambricos","10":"first","11":"instock","12":"sale","13":"shipping-taxable","14":"purchasable","15":"product-type-simple"},"acf":[],"_links":{"self":[{"href":"https:\/\/defabrica.com.mx\/defabrica\/wp-json\/wp\/v2\/product\/84816","targetHints":{"allow":["GET"]}}],"collection":[{"href":"https:\/\/defabrica.com.mx\/defabrica\/wp-json\/wp\/v2\/product"}],"about":[{"href":"https:\/\/defabrica.com.mx\/defabrica\/wp-json\/wp\/v2\/types\/product"}],"replies":[{"embeddable":true,"href":"https:\/\/defabrica.com.mx\/defabrica\/wp-json\/wp\/v2\/comments?post=84816"}],"wp:featuredmedia":[{"embeddable":true,"href":"https:\/\/defabrica.com.mx\/defabrica\/wp-json\/wp\/v2\/media\/84818"}],"wp:attachment":[{"href":"https:\/\/defabrica.com.mx\/defabrica\/wp-json\/wp\/v2\/media?parent=84816"}],"wp:term":[{"taxonomy":"product_brand","embeddable":true,"href":"https:\/\/defabrica.com.mx\/defabrica\/wp-json\/wp\/v2\/product_brand?post=84816"},{"taxonomy":"product_cat","embeddable":true,"href":"https:\/\/defabrica.com.mx\/defabrica\/wp-json\/wp\/v2\/product_cat?post=84816"},{"taxonomy":"product_tag","embeddable":true,"href":"https:\/\/defabrica.com.mx\/defabrica\/wp-json\/wp\/v2\/product_tag?post=84816"}],"curies":[{"name":"wp","href":"https:\/\/api.w.org\/{rel}","templated":true}]}}