{"id":84605,"date":"2022-06-23T16:40:39","date_gmt":"2022-06-23T21:40:39","guid":{"rendered":"https:\/\/defabrica.com.mx\/defabrica\/?post_type=product&#038;p=84605"},"modified":"2023-01-17T11:46:25","modified_gmt":"2023-01-17T17:46:25","slug":"jlab-auriculares-ergonomicos-inalambricos-jbuds-pro-signature-negro","status":"publish","type":"product","link":"https:\/\/defabrica.com.mx\/defabrica\/producto\/jlab-auriculares-ergonomicos-inalambricos-jbuds-pro-signature-negro\/","title":{"rendered":"JLab &#8211; Auriculares ergon\u00f3micos inal\u00e1mbricos JBuds Pro Signature &#8211; Negro"},"content":{"rendered":"<p>Escuche m\u00fasica todo el d\u00eda con estos auriculares JLab JBuds Pro.\u00a0La colocaci\u00f3n ajustable de la punta proporcionada por los tres tama\u00f1os de punta de gel ofrece un uso c\u00f3modo, mientras que las dos Cush Fins ofrecen un ajuste de sellado de sonido m\u00e1s profundo.\u00a0Los controladores de titanio de 10 mm de estos auriculares JLab JBuds Pro producen audio de alta calidad para una experiencia auditiva din\u00e1mica.<\/p>\n<h3><\/h3>\n<h3 class=\"heading-5 v-fw-regular feature-heading\"><strong>Caracter\u00edsticas<\/strong><\/h3>\n<div class=\"feature-body-container\">\n<div class=\"features-list-container\">\n<div class=\"features-list all-features\">\n<div class=\"list-row\">\n<div class=\"embedded-component-container lv product-features\">\n<div>\n<div id=\"shop-product-features-45363938\" class=\"_none\" data-version=\"4.1.16\">\n<div class=\"shop-product-features\">\n<div class=\"lv align-heading-left\" data-reactroot=\"\">\n<div class=\"feature-body-container\">\n<div class=\"features-list-container\">\n<div class=\"features-list all-features\">\n<div class=\"list-row\"><\/div>\n<\/div>\n<\/div>\n<\/div>\n<\/div>\n<\/div>\n<\/div>\n<\/div>\n<\/div>\n<div class=\"embedded-component-container lv gift-with-purchase\">\n<div>\n<div id=\"pricing-gift-with-purchase-76702148\" class=\"_none\" data-version=\"1.2225.7\">\n<div class=\"pricing-gift-with-purchase\">\n<div data-reactroot=\"\">\n<div class=\"pricing-price\">\n<div class=\"pricing-price lv\">\n<div class=\"gifts-with-purchase-content \">\n<ul>\n<li><strong>Sonido EQ3 personalizado<\/strong><br \/>\nElija el sonido que coincida con su preferencia personal con tres opciones: modos Signature, Balanced y Bass Boost, sin una aplicaci\u00f3n.<\/li>\n<li><strong>dise\u00f1o en la oreja<\/strong><br \/>\nSe adapta de forma segura a los o\u00eddos y brinda comodidad durante todo el d\u00eda para un audio completo e ininterrumpido.<\/li>\n<li><strong>Interfaz bluetooth 4.1<\/strong><br \/>\nPermite el emparejamiento inal\u00e1mbrico simple con su dispositivo habilitado para Bluetooth desde una distancia de hasta 30 pies.<\/li>\n<li><strong>Tecnolog\u00eda Cush Fin<\/strong><br \/>\nPara opciones de ajuste extra.<\/li>\n<li><strong>Bater\u00eda recargable<\/strong><br \/>\nOfrece hasta 6 horas de reproducci\u00f3n con una sola carga.<\/li>\n<li><strong>Clasificaci\u00f3n de resistencia al agua IP55<\/strong><br \/>\nBrinda protecci\u00f3n contra el agua y el sudor, por lo que puede usar f\u00e1cilmente los auriculares mientras hace ejercicio.<\/li>\n<li><strong>Micr\u00f3fono en l\u00ednea y controles universales<\/strong><br \/>\nLe permite disfrutar de llamadas con manos libres y cambiar su m\u00fasica.<\/li>\n<li><strong>controladores de 10 mm<\/strong><br \/>\nOfrezca tonos claros y n\u00edtidos y graves potentes.<\/li>\n<li><strong>Control de voz<\/strong><br \/>\nFunciona con Siri y el Asistente de Google.<\/li>\n<\/ul>\n<\/div>\n<\/div>\n<\/div>\n<\/div>\n<\/div>\n<\/div>\n<\/div>\n<\/div>\n<\/div>\n<\/div>\n<\/div>\n<\/div>\n","protected":false},"excerpt":{"rendered":"<p>Escuche m\u00fasica todo el d\u00eda con estos auriculares JLab JBuds Pro.\u00a0La colocaci\u00f3n ajustable de la punta proporcionada por los tres tama\u00f1os de punta de gel ofrece un uso c\u00f3modo, mientras<\/p>\n","protected":false},"featured_media":84608,"comment_status":"open","ping_status":"closed","template":"","meta":{"_acf_changed":false,"_joinchat":[]},"product_brand":[],"product_cat":[294,300,304],"product_tag":[],"class_list":{"0":"post-84605","1":"product","2":"type-product","3":"status-publish","4":"has-post-thumbnail","6":"product_cat-audio","7":"product_cat-audifonos","8":"product_cat-inalambricos","10":"first","11":"instock","12":"sale","13":"shipping-taxable","14":"purchasable","15":"product-type-simple"},"acf":[],"_links":{"self":[{"href":"https:\/\/defabrica.com.mx\/defabrica\/wp-json\/wp\/v2\/product\/84605","targetHints":{"allow":["GET"]}}],"collection":[{"href":"https:\/\/defabrica.com.mx\/defabrica\/wp-json\/wp\/v2\/product"}],"about":[{"href":"https:\/\/defabrica.com.mx\/defabrica\/wp-json\/wp\/v2\/types\/product"}],"replies":[{"embeddable":true,"href":"https:\/\/defabrica.com.mx\/defabrica\/wp-json\/wp\/v2\/comments?post=84605"}],"wp:featuredmedia":[{"embeddable":true,"href":"https:\/\/defabrica.com.mx\/defabrica\/wp-json\/wp\/v2\/media\/84608"}],"wp:attachment":[{"href":"https:\/\/defabrica.com.mx\/defabrica\/wp-json\/wp\/v2\/media?parent=84605"}],"wp:term":[{"taxonomy":"product_brand","embeddable":true,"href":"https:\/\/defabrica.com.mx\/defabrica\/wp-json\/wp\/v2\/product_brand?post=84605"},{"taxonomy":"product_cat","embeddable":true,"href":"https:\/\/defabrica.com.mx\/defabrica\/wp-json\/wp\/v2\/product_cat?post=84605"},{"taxonomy":"product_tag","embeddable":true,"href":"https:\/\/defabrica.com.mx\/defabrica\/wp-json\/wp\/v2\/product_tag?post=84605"}],"curies":[{"name":"wp","href":"https:\/\/api.w.org\/{rel}","templated":true}]}}