{"id":84450,"date":"2022-06-22T16:23:44","date_gmt":"2022-06-22T21:23:44","guid":{"rendered":"https:\/\/defabrica.com.mx\/defabrica\/?post_type=product&#038;p=84450"},"modified":"2023-01-17T11:39:55","modified_gmt":"2023-01-17T17:39:55","slug":"jvc-audifonos-internos-marshmallow-verdadero-inalambrico-negro-2","status":"publish","type":"product","link":"https:\/\/defabrica.com.mx\/defabrica\/producto\/jvc-audifonos-internos-marshmallow-verdadero-inalambrico-negro-2\/","title":{"rendered":"JVC &#8211; Aud\u00edfonos internos Marshmallow Verdadero inal\u00e1mbrico-Negro"},"content":{"rendered":"<div class=\"embedded-component-container lv product-description\">\n<div>\n<div id=\"shop-product-description-47690818\" class=\"_none\" data-version=\"1.3.44\">\n<div class=\"shop-product-description\">\n<section class=\"align-heading-left\" data-reactroot=\"\">\n<div class=\"long-description-container body-copy \">\n<div class=\"html-fragment\">Los auriculares JVC Marshmallow True Wireless ofrecen dos tama\u00f1os de auricular de espuma viscoel\u00e1stica suave para una comodidad superior.\u00a0Experimente unos aut\u00e9nticos auriculares inal\u00e1mbricos sin cables que conecten los auriculares.\u00a0Cada auricular ofrece un control remoto de un bot\u00f3n para controlar la m\u00fasica y las llamadas telef\u00f3nicas con solo tocar un bot\u00f3n.\u00a0La funci\u00f3n Touch &amp; Talk hace que sea r\u00e1pido y f\u00e1cil reducir el volumen de reproducci\u00f3n y captar sonidos externos, lo que permite conversar con otras personas sin quitarse los auriculares.\u00a0Sigue escuchando durante horas con mucho tiempo de sobra.\u00a0Obtiene 8 horas de duraci\u00f3n de la bater\u00eda con una sola carga, luego recarga en el estuche de transporte incluido otras 2,5 veces, un total de 28 horas.\u00a0Tambi\u00e9n est\u00e1 disponible una carga r\u00e1pida de 10 minutos que proporciona una reproducci\u00f3n de 1 hora.\u00a0Estos auriculares tienen clasificaci\u00f3n IPX5 para que pueda disfrutar de deportes u otras actividades bajo la lluvia sin dudarlo.\u00a0La conveniencia del encendido autom\u00e1tico le permite conectarse a su dispositivo simplemente quitando los auriculares del estuche de carga, para una operaci\u00f3n r\u00e1pida y f\u00e1cil.\u00a0Bluetooth 5.1 proporciona una conexi\u00f3n estable.\u00a0Individualmente, puede usar los auriculares derecho o izquierdo por s\u00ed solos cuando lo desee.<\/div>\n<\/div>\n<\/section>\n<\/div>\n<\/div>\n<\/div>\n<\/div>\n<div class=\"embedded-component-container lv product-features\">\n<h3><\/h3>\n<h3 class=\"heading-5 v-fw-regular feature-heading\"><strong>Caracter\u00edsticas<\/strong><\/h3>\n<ul>\n<li><strong>bluetooth y sonido<\/strong><br \/>\nVerdadera libertad inal\u00e1mbrica con conexi\u00f3n Bluetooth 5.0 (clase 1). Sonido de audio de alta calidad con SBC y aptX.<\/li>\n<li><strong>Auriculares de espuma viscoel\u00e1stica<\/strong><br \/>\nAjuste seguro y c\u00f3modo con suaves almohadillas de espuma viscoel\u00e1stica. Los auriculares tienen clasificaci\u00f3n IPX5.<\/li>\n<li><strong>Bater\u00eda de larga duraci\u00f3n<\/strong><br \/>\nHasta 8 horas de uso continuo con 20 horas adicionales con el estuche de carga incluido. La carga r\u00e1pida de 10 minutos proporciona hasta 1 hora de reproducci\u00f3n.<\/li>\n<li><strong>Conexi\u00f3n de encendido y apagado autom\u00e1tico<\/strong><br \/>\nCon\u00e9ctese autom\u00e1ticamente a su dispositivo Bluetooth una vez que se empareje inicialmente. Los auriculares se encienden autom\u00e1ticamente cuando se sacan del estuche. Emparejamiento independiente disponible para uso individual L\/R. Funci\u00f3n Touch &amp; Talk disponible.<\/li>\n<li><strong>Compatible con micr\u00f3fono manos libres y asistente de voz<\/strong><br \/>\nLos auriculares JVC Marshmallow True Wireless son compatibles con todos los dispositivos de asistente de voz.<\/li>\n<\/ul>\n<\/div>\n","protected":false},"excerpt":{"rendered":"<p>Los auriculares JVC Marshmallow True Wireless ofrecen dos tama\u00f1os de auricular de espuma viscoel\u00e1stica suave para una comodidad superior.\u00a0Experimente unos aut\u00e9nticos auriculares inal\u00e1mbricos sin cables que conecten los auriculares.\u00a0Cada auricular<\/p>\n","protected":false},"featured_media":84452,"comment_status":"open","ping_status":"closed","template":"","meta":{"_acf_changed":false,"_joinchat":[]},"product_brand":[],"product_cat":[294,300,304],"product_tag":[],"class_list":{"0":"post-84450","1":"product","2":"type-product","3":"status-publish","4":"has-post-thumbnail","6":"product_cat-audio","7":"product_cat-audifonos","8":"product_cat-inalambricos","10":"first","11":"instock","12":"sale","13":"shipping-taxable","14":"purchasable","15":"product-type-simple"},"acf":[],"_links":{"self":[{"href":"https:\/\/defabrica.com.mx\/defabrica\/wp-json\/wp\/v2\/product\/84450","targetHints":{"allow":["GET"]}}],"collection":[{"href":"https:\/\/defabrica.com.mx\/defabrica\/wp-json\/wp\/v2\/product"}],"about":[{"href":"https:\/\/defabrica.com.mx\/defabrica\/wp-json\/wp\/v2\/types\/product"}],"replies":[{"embeddable":true,"href":"https:\/\/defabrica.com.mx\/defabrica\/wp-json\/wp\/v2\/comments?post=84450"}],"wp:featuredmedia":[{"embeddable":true,"href":"https:\/\/defabrica.com.mx\/defabrica\/wp-json\/wp\/v2\/media\/84452"}],"wp:attachment":[{"href":"https:\/\/defabrica.com.mx\/defabrica\/wp-json\/wp\/v2\/media?parent=84450"}],"wp:term":[{"taxonomy":"product_brand","embeddable":true,"href":"https:\/\/defabrica.com.mx\/defabrica\/wp-json\/wp\/v2\/product_brand?post=84450"},{"taxonomy":"product_cat","embeddable":true,"href":"https:\/\/defabrica.com.mx\/defabrica\/wp-json\/wp\/v2\/product_cat?post=84450"},{"taxonomy":"product_tag","embeddable":true,"href":"https:\/\/defabrica.com.mx\/defabrica\/wp-json\/wp\/v2\/product_tag?post=84450"}],"curies":[{"name":"wp","href":"https:\/\/api.w.org\/{rel}","templated":true}]}}