{"id":84430,"date":"2022-06-22T16:05:07","date_gmt":"2022-06-22T21:05:07","guid":{"rendered":"https:\/\/defabrica.com.mx\/defabrica\/?post_type=product&#038;p=84430"},"modified":"2023-01-17T11:38:24","modified_gmt":"2023-01-17T17:38:24","slug":"jvc-audifonos-internos-marshmallow-verdadero-inalambrico-negro","status":"publish","type":"product","link":"https:\/\/defabrica.com.mx\/defabrica\/producto\/jvc-audifonos-internos-marshmallow-verdadero-inalambrico-negro\/","title":{"rendered":"JVC &#8211; Aud\u00edfonos internos Marshmallow+ Verdadero inal\u00e1mbrico &#8211; Negro"},"content":{"rendered":"<div class=\"embedded-component-container lv product-description\">\n<div>\n<div id=\"shop-product-description-22897199\" class=\"_none\" data-version=\"1.3.44\">\n<div class=\"shop-product-description\">\n<section class=\"align-heading-left\" data-reactroot=\"\">\n<div class=\"long-description-container body-copy \">\n<div class=\"html-fragment\">Los auriculares JVC Marshmallow + True Wireless son ideales para juegos inal\u00e1mbricos.\u00a0Ofrecen la versi\u00f3n 5.0 de Bluetooth con Codec, SBC y AAC.\u00a0El conjunto de chips de baja latencia es ideal para todos los juegos de PC, Android e iOS.\u00a0Con un controlador de 6 mm, los auriculares ofrecen una reproducci\u00f3n de sonido n\u00edtida y precisa.\u00a0Los micr\u00f3fonos duales y la cancelaci\u00f3n de ruido ambiental admiten una transmisi\u00f3n de voz clara para llamadas telef\u00f3nicas y mientras juegas con otros.\u00a0El tiempo total de reproducci\u00f3n es de cinco horas con una sola carga con 25 horas adicionales desde el estuche de transporte recargable incluido.\u00a0Duraci\u00f3n total de la bater\u00eda con estuche de carga 30 horas.\u00a0Encuentre su ajuste ideal en el o\u00eddo con m\u00faltiples tama\u00f1os de almohadillas de espuma Marshmallow y auriculares de silicona S\/M\/L.\u00a0Los auriculares tienen una clasificaci\u00f3n de impermeabilidad IPX5 y controles de sensor t\u00e1ctil.\u00a0La compatibilidad con el asistente de voz permite a los usuarios conectarse sin problemas.<\/div>\n<\/div>\n<\/section>\n<\/div>\n<\/div>\n<\/div>\n<\/div>\n<div class=\"embedded-component-container lv product-features\">\n<h3><\/h3>\n<h3 class=\"heading-5 v-fw-regular feature-heading\"><strong>Caracter\u00edsticas<\/strong><\/h3>\n<ul>\n<li><strong>Duraci\u00f3n de la bater\u00eda<\/strong><br \/>\nDisfruta de hasta 5 horas de juego continuo con hasta 25 horas de tiempo adicional con el estuche de transporte recargable incluido. Duraci\u00f3n total de la bater\u00eda hasta 30 horas.<\/li>\n<li><strong>Controles del sensor t\u00e1ctil<\/strong><br \/>\nControle su dispositivo habilitado para Bluetooth con los controles del sensor t\u00e1ctil que le permiten cambiar de pista, responder\/finalizar llamadas y ajustar el volumen.<\/li>\n<li><strong>Modo de baja latencia<\/strong><br \/>\nLos auriculares Marshmallow+ True Wireless de JVC ofrecen un modo de baja latencia que es ideal para jugar.<\/li>\n<li><strong>Micr\u00f3fonos duales<\/strong><br \/>\nJVC Marshmallow+ ofrece micr\u00f3fonos duales para conversaciones claras.<\/li>\n<li><strong>Sensor de detecci\u00f3n autom\u00e1tica de o\u00eddos<\/strong><br \/>\nCon\u00e9ctese sin problemas a su m\u00fasica una vez que los auriculares Marshmallow+ est\u00e9n colocados en sus o\u00eddos. Los auriculares detectan autom\u00e1ticamente cuando est\u00e1n en uso y pasar\u00e1n al modo de espera despu\u00e9s de 15 segundos si no est\u00e1n en uso.<\/li>\n<\/ul>\n<\/div>\n","protected":false},"excerpt":{"rendered":"<p>Los auriculares JVC Marshmallow + True Wireless son ideales para juegos inal\u00e1mbricos.\u00a0Ofrecen la versi\u00f3n 5.0 de Bluetooth con Codec, SBC y AAC.\u00a0El conjunto de chips de baja latencia es ideal<\/p>\n","protected":false},"featured_media":84432,"comment_status":"open","ping_status":"closed","template":"","meta":{"_acf_changed":false,"_joinchat":[]},"product_brand":[],"product_cat":[294,300,304],"product_tag":[],"class_list":{"0":"post-84430","1":"product","2":"type-product","3":"status-publish","4":"has-post-thumbnail","6":"product_cat-audio","7":"product_cat-audifonos","8":"product_cat-inalambricos","10":"first","11":"instock","12":"sale","13":"shipping-taxable","14":"purchasable","15":"product-type-simple"},"acf":[],"_links":{"self":[{"href":"https:\/\/defabrica.com.mx\/defabrica\/wp-json\/wp\/v2\/product\/84430","targetHints":{"allow":["GET"]}}],"collection":[{"href":"https:\/\/defabrica.com.mx\/defabrica\/wp-json\/wp\/v2\/product"}],"about":[{"href":"https:\/\/defabrica.com.mx\/defabrica\/wp-json\/wp\/v2\/types\/product"}],"replies":[{"embeddable":true,"href":"https:\/\/defabrica.com.mx\/defabrica\/wp-json\/wp\/v2\/comments?post=84430"}],"wp:featuredmedia":[{"embeddable":true,"href":"https:\/\/defabrica.com.mx\/defabrica\/wp-json\/wp\/v2\/media\/84432"}],"wp:attachment":[{"href":"https:\/\/defabrica.com.mx\/defabrica\/wp-json\/wp\/v2\/media?parent=84430"}],"wp:term":[{"taxonomy":"product_brand","embeddable":true,"href":"https:\/\/defabrica.com.mx\/defabrica\/wp-json\/wp\/v2\/product_brand?post=84430"},{"taxonomy":"product_cat","embeddable":true,"href":"https:\/\/defabrica.com.mx\/defabrica\/wp-json\/wp\/v2\/product_cat?post=84430"},{"taxonomy":"product_tag","embeddable":true,"href":"https:\/\/defabrica.com.mx\/defabrica\/wp-json\/wp\/v2\/product_tag?post=84430"}],"curies":[{"name":"wp","href":"https:\/\/api.w.org\/{rel}","templated":true}]}}