{"id":84348,"date":"2022-06-22T14:29:43","date_gmt":"2022-06-22T19:29:43","guid":{"rendered":"https:\/\/defabrica.com.mx\/defabrica\/?post_type=product&#038;p=84348"},"modified":"2022-12-11T13:46:19","modified_gmt":"2022-12-11T19:46:19","slug":"lg-tone-ultra-a-hbs-830-auriculares-internos-inalambricos-negro","status":"publish","type":"product","link":"https:\/\/defabrica.com.mx\/defabrica\/producto\/lg-tone-ultra-a-hbs-830-auriculares-internos-inalambricos-negro\/","title":{"rendered":"LG &#8211; TONE Ultra a HBS-830 Auriculares internos inal\u00e1mbricos &#8211; Negro"},"content":{"rendered":"<p>Disfruta del sonido equilibrado de este auricular inal\u00e1mbrico LG TONE Ultra negro.\u00a0La bater\u00eda recargable de iones de litio de 210 mAh ofrece hasta 15 horas de uso continuo con una sola carga, mientras que los micr\u00f3fonos duales MEMS capturan el sonido con claridad, lo que le permite responder llamadas f\u00e1cilmente.\u00a0Este auricular inal\u00e1mbrico LG TONE Ultra tiene un dise\u00f1o compacto y tecnolog\u00eda de administraci\u00f3n de cables retr\u00e1ctil para ayudar a evitar que se tuerzan cuando no se usan.<\/p>\n<h3><\/h3>\n<h3 class=\"heading-5 v-fw-regular feature-heading\"><strong>Caracter\u00edsticas<\/strong><\/h3>\n<ul>\n<li><strong>Bater\u00eda recargable<\/strong><br \/>\nOfrece hasta 15 horas de uso y dura hasta 360 horas en modo de espera.<\/li>\n<li><strong>Micr\u00f3fono incorporado<\/strong><br \/>\nPermite chatear con manos libres a trav\u00e9s de un dispositivo compatible.<\/li>\n<li><strong>Interfaz Bluetooth 5.0<\/strong><br \/>\nPermite el emparejamiento inal\u00e1mbrico simple con su dispositivo habilitado para Bluetooth. Admite perfiles de Bluetooth HFP, HSP, A2DP y AVRCP.<\/li>\n<li><strong>dise\u00f1o en la oreja<\/strong><br \/>\nSe ajusta de forma segura y dirige la m\u00fasica a tus o\u00eddos para un audio completo e ininterrumpido.<\/li>\n<li><strong>Dise\u00f1o de transductor din\u00e1mico<\/strong><br \/>\nPara audio de calidad de referencia.<\/li>\n<\/ul>\n","protected":false},"excerpt":{"rendered":"<p>Disfruta del sonido equilibrado de este auricular inal\u00e1mbrico LG TONE Ultra negro.\u00a0La bater\u00eda recargable de iones de litio de 210 mAh ofrece hasta 15 horas de uso continuo con una<\/p>\n","protected":false},"featured_media":84353,"comment_status":"open","ping_status":"closed","template":"","meta":{"_acf_changed":false,"_joinchat":[]},"product_brand":[],"product_cat":[294,300,304],"product_tag":[],"class_list":{"0":"post-84348","1":"product","2":"type-product","3":"status-publish","4":"has-post-thumbnail","6":"product_cat-audio","7":"product_cat-audifonos","8":"product_cat-inalambricos","10":"first","11":"instock","12":"sale","13":"shipping-taxable","14":"purchasable","15":"product-type-simple"},"acf":[],"_links":{"self":[{"href":"https:\/\/defabrica.com.mx\/defabrica\/wp-json\/wp\/v2\/product\/84348","targetHints":{"allow":["GET"]}}],"collection":[{"href":"https:\/\/defabrica.com.mx\/defabrica\/wp-json\/wp\/v2\/product"}],"about":[{"href":"https:\/\/defabrica.com.mx\/defabrica\/wp-json\/wp\/v2\/types\/product"}],"replies":[{"embeddable":true,"href":"https:\/\/defabrica.com.mx\/defabrica\/wp-json\/wp\/v2\/comments?post=84348"}],"wp:featuredmedia":[{"embeddable":true,"href":"https:\/\/defabrica.com.mx\/defabrica\/wp-json\/wp\/v2\/media\/84353"}],"wp:attachment":[{"href":"https:\/\/defabrica.com.mx\/defabrica\/wp-json\/wp\/v2\/media?parent=84348"}],"wp:term":[{"taxonomy":"product_brand","embeddable":true,"href":"https:\/\/defabrica.com.mx\/defabrica\/wp-json\/wp\/v2\/product_brand?post=84348"},{"taxonomy":"product_cat","embeddable":true,"href":"https:\/\/defabrica.com.mx\/defabrica\/wp-json\/wp\/v2\/product_cat?post=84348"},{"taxonomy":"product_tag","embeddable":true,"href":"https:\/\/defabrica.com.mx\/defabrica\/wp-json\/wp\/v2\/product_tag?post=84348"}],"curies":[{"name":"wp","href":"https:\/\/api.w.org\/{rel}","templated":true}]}}