{"id":84291,"date":"2022-06-21T21:45:35","date_gmt":"2022-06-22T02:45:35","guid":{"rendered":"https:\/\/defabrica.com.mx\/defabrica\/?post_type=product&#038;p=84291"},"modified":"2022-12-11T13:42:24","modified_gmt":"2022-12-11T19:42:24","slug":"native-union-funda-de-cuero-para-airpods-pro-negro","status":"publish","type":"product","link":"https:\/\/defabrica.com.mx\/defabrica\/producto\/native-union-funda-de-cuero-para-airpods-pro-negro\/","title":{"rendered":"Native Union &#8211; Funda de cuero para Airpods Pro &#8211; Negro"},"content":{"rendered":"<div class=\"embedded-component-container lv product-description\">\n<div>\n<div id=\"shop-product-description-27890289\" class=\"_none\" data-version=\"1.3.44\">\n<div class=\"shop-product-description\">\n<section class=\"align-heading-left\" data-reactroot=\"\">\n<div class=\"long-description-container body-copy \">\n<div class=\"html-fragment\">Transporte atemporal.\u00a0Un estuche premium cuidadosamente elaborado con calidad y dise\u00f1o que durar\u00e1.\u00a0Disfrute del acceso a las funciones diarias mientras el cuero italiano genuino madura y se vuelve a\u00fan mejor con el tiempo.<\/div>\n<\/div>\n<\/section>\n<\/div>\n<\/div>\n<\/div>\n<\/div>\n<div class=\"embedded-component-container lv product-features\">\n<h3><\/h3>\n<h3 class=\"heading-5 v-fw-regular feature-heading\"><strong>Caracter\u00edsticas<\/strong><\/h3>\n<ul>\n<li><strong>UNA PATINA \u00daNICA<\/strong><br \/>\nUn estuche atemporal elaborado con cuero italiano genuino que madura y envejece maravillosamente con el tiempo.<\/li>\n<li><strong>ACCESO COMPLETO<\/strong><br \/>\nNunca comprometa la funci\u00f3n. Disfruta de un acceso sin complicaciones a AirPods o AirPods Pro, puerto de carga y controles.<\/li>\n<li><strong>UN AJUSTE PERFECTO<\/strong><br \/>\nUn ajuste perfecto para sus fundas AirPods o AirPods Pro, tanto para carga compatible inal\u00e1mbrica como no inal\u00e1mbrica.<\/li>\n<li><strong>VAYA INAL\u00c1MBRICO<\/strong><br \/>\nHaz la vida m\u00e1s c\u00f3moda: todas nuestras fundas AirPods o AirPods Pro son compatibles con cargadores inal\u00e1mbricos.<\/li>\n<li><strong>HECHO A MANO CON CUIDADO<\/strong><br \/>\nDesde formar su forma, coser cada lado y finalmente pintar los bordes, nuestros estuches est\u00e1n hechos a mano con cuidado, por lo que no hay dos estuches completamente iguales.<\/li>\n<\/ul>\n<\/div>\n","protected":false},"excerpt":{"rendered":"<p>Transporte atemporal.\u00a0Un estuche premium cuidadosamente elaborado con calidad y dise\u00f1o que durar\u00e1.\u00a0Disfrute del acceso a las funciones diarias mientras el cuero italiano genuino madura y se vuelve a\u00fan mejor con<\/p>\n","protected":false},"featured_media":84293,"comment_status":"open","ping_status":"closed","template":"","meta":{"_acf_changed":false,"_joinchat":[]},"product_brand":[],"product_cat":[294,300,304],"product_tag":[],"class_list":{"0":"post-84291","1":"product","2":"type-product","3":"status-publish","4":"has-post-thumbnail","6":"product_cat-audio","7":"product_cat-audifonos","8":"product_cat-inalambricos","10":"first","11":"instock","12":"sale","13":"shipping-taxable","14":"purchasable","15":"product-type-simple"},"acf":[],"_links":{"self":[{"href":"https:\/\/defabrica.com.mx\/defabrica\/wp-json\/wp\/v2\/product\/84291","targetHints":{"allow":["GET"]}}],"collection":[{"href":"https:\/\/defabrica.com.mx\/defabrica\/wp-json\/wp\/v2\/product"}],"about":[{"href":"https:\/\/defabrica.com.mx\/defabrica\/wp-json\/wp\/v2\/types\/product"}],"replies":[{"embeddable":true,"href":"https:\/\/defabrica.com.mx\/defabrica\/wp-json\/wp\/v2\/comments?post=84291"}],"wp:featuredmedia":[{"embeddable":true,"href":"https:\/\/defabrica.com.mx\/defabrica\/wp-json\/wp\/v2\/media\/84293"}],"wp:attachment":[{"href":"https:\/\/defabrica.com.mx\/defabrica\/wp-json\/wp\/v2\/media?parent=84291"}],"wp:term":[{"taxonomy":"product_brand","embeddable":true,"href":"https:\/\/defabrica.com.mx\/defabrica\/wp-json\/wp\/v2\/product_brand?post=84291"},{"taxonomy":"product_cat","embeddable":true,"href":"https:\/\/defabrica.com.mx\/defabrica\/wp-json\/wp\/v2\/product_cat?post=84291"},{"taxonomy":"product_tag","embeddable":true,"href":"https:\/\/defabrica.com.mx\/defabrica\/wp-json\/wp\/v2\/product_tag?post=84291"}],"curies":[{"name":"wp","href":"https:\/\/api.w.org\/{rel}","templated":true}]}}